NOAA-Style Climate Reports


Report for 2012 November
                  MONTHLY CLIMATOLOGICAL SUMMARY FOR 11/2012
                                        HEAT  COOL        
     MEAN                               DEG   DEG       WIND SPEED       DOM MEAN  MEAN
DAY  TEMP  HIGH   TIME     LOW   TIME   DAYS  DAYS RAIN AVG  HI  TIME    DIR BAROM HUM
---------------------------------------------------------------------------------------
1    34.9  43.7  11:31am  27.5  12:26am   28    0  0.00   4  30   3:31pm  NW 29.81   62
2    34.0  43.2   3:41pm  26.2   8:36pm   31    0  0.00   2  25   4:20am  NW 30.05   57
3    31.9  39.0   3:54pm  23.7  10:57pm   33    0  0.00   1  16   2:08pm WNW 30.21   62
4    31.6  41.7   2:13pm  24.1   7:33pm   33    0  0.00   1  16  10:09am  NW 30.22   65
5    29.5  35.4   2:20pm  17.4  11:49pm   36    0  0.00   1  17   2:03pm WSW 30.19   64
6    30.2  36.7   1:15pm  16.9  12:17am   35    0  0.00   1  18  10:26am WSW 29.92   82
7    37.6  42.1  12:35pm  34.0  12:00am   27    0  0.00   0  14  12:06pm WSW 30.04   90
8    37.1  48.6   2:54pm  29.1   1:49am   28    0  0.00   2  26  10:57am WSW 30.05   80
9    40.4  46.0  12:57pm  33.1  12:00am   25    0  0.00   1  13   5:10pm   E 30.08   81
10   41.8  46.9   6:03pm  36.9   1:14am   23    0  0.28   1  19  10:58am   E 29.91   92
11   51.5  60.1  10:44am  37.4  11:59pm   14    0  0.83   4  27  12:45pm WSW 29.68   96
12   26.4  37.4  12:00am  22.5  10:32pm   39    0  0.00  11  37   1:01pm WSW 29.92   64
13   26.3  39.2   2:41pm  17.4   6:39am   39    0  0.00   4  22  12:00am WSW 30.30   63
14   34.5  44.8   1:31pm  25.2  12:00am   30    0  0.00   3  23  11:04am WSW 30.32   64
15   35.2  50.2   2:31pm  27.9  11:35pm   30    0  0.00   2  24   2:16pm WSW 30.23   69
16   29.9  44.1   2:29pm  22.5  11:18pm   34    0  0.00   1  15  11:43am ESE 30.43   67
17   31.8  41.7   2:11pm  23.0  12:00am   33    0  0.00   1  16   8:44am WSW 30.40   82
18   36.4  51.1   2:45pm  22.5   5:10am   26    0  0.00   1  17  12:21pm  SW 30.30   79
19   39.5  50.7  12:57pm  28.4   5:13am   26    0  0.00   1  22  11:15am WSW 30.14   78
20   42.0  57.6   2:33pm  30.2  10:20pm   23    0  0.00   0  12  11:44am ESE 30.06   76
21   37.6  52.7   3:10pm  29.7   7:03am   27    0  0.00   1  18   3:11pm WSW 30.00   86
22   49.8  63.0   2:38pm  35.4   2:08am   15    0  0.00   6  43  11:17pm WSW 29.66   70
23   29.8  42.3  12:00am  24.6  11:02pm   35    0  0.00  12  46  12:10pm WNW 29.83   57
24   24.8  31.3   2:59pm  22.1   6:24am   40    0  0.00   4  32   2:20am WSW 30.04   54
25   25.6  31.8  12:11pm  18.9   4:27am   39    0  0.00   4  30   2:54pm WSW 29.82   68
26   18.9  25.3   2:45pm   2.8  11:47pm   46    0  0.00   4  28  11:11am WSW 30.17   58
27   18.3  31.3   1:45pm   2.5  12:56am   47    0  0.00   5  28  12:19pm WSW 30.15   55
28   24.0  32.0   2:46pm  12.7   1:32am   41    0  0.00   5  24   5:53am WSW 30.16   58
29   26.5  33.3  12:12pm  15.8   7:48am   38    0  0.00   1  13  12:00am WSW 30.15   70
30   26.8  30.0  10:56pm  23.4   3:25am   38    0  0.00   0  13  12:59am   E 30.21   78
---------------------------------------------------------------------------------------
TOT  32.8  63.0 11/22/12   2.5 11/27/12  959    0  1.10   3  46 11/23/12 WSW 30.08   71

HEAT BASE: 65.0
COOL BASE: 65.0