NOAA-Style Climate Reports


Report for 2012 October
                  MONTHLY CLIMATOLOGICAL SUMMARY FOR 10/2012
                                        HEAT  COOL        
     MEAN                               DEG   DEG       WIND SPEED       DOM MEAN  MEAN
DAY  TEMP  HIGH   TIME     LOW   TIME   DAYS  DAYS RAIN AVG  HI  TIME    DIR BAROM HUM
---------------------------------------------------------------------------------------
1    51.7  72.0   3:15pm  33.8   6:47am   14    1  0.00   1  23  10:48am WSW 29.85   65
2    53.6  71.2   3:48pm  41.0  11:54pm   12    0  0.00   1  17  12:19pm ESE 29.90   68
3    50.7  71.8   3:25pm  36.1   4:41am   15    1  0.00   0  15   2:56pm ESE 29.95   75
4    51.5  70.9   1:07pm  37.2   5:45am   14    1  0.00   6  40   5:28pm WSW 29.88   65
5    43.0  52.0   1:13pm  37.8   4:21am   22    0  0.00   9  33  10:31am WSW 29.91   49
6    39.0  46.8   2:25pm  34.2   7:25am   26    0  0.00   4  33   2:25pm   W 30.02   61
7    38.7  52.7   3:28pm  27.7  10:26pm   26    0  0.00   3  33  10:48am WSW 30.04   50
8    44.4  57.4   1:15pm  26.8   1:13am   21    0  0.00   5  39   1:27pm WSW 29.85   47
9    46.4  53.6  12:00am  32.7  11:22pm   19    0  0.20   3  33  12:00am WSW 29.71   68
10   34.8  44.2   4:30pm  26.4  10:05pm   30    0  0.00   4  31   3:45pm   W 29.90   68
11   38.7  50.0   2:12pm  28.4  12:00am   26    0  0.00   4  39   1:58pm WNW 30.00   60
12   36.9  52.0   3:27pm  24.6   7:15am   28    0  0.00   2  25  11:47am WSW 30.32   57
13   42.8  47.8   4:10pm  32.0  12:40am   22    0  0.59   0  17   6:44am WSW 29.89   86
14   45.3  47.7   3:28pm  41.7  11:56pm   41    0  1.30   2  32  11:37pm  NW 29.62   99
15   42.2  56.1   4:02pm  31.1  11:14pm   23    0  0.00   3  30   7:52am WNW 29.82   75
16   46.2  60.6   2:25pm  31.3   1:10am   19    0  0.00   2  22   1:17pm WSW 29.69   79
17   51.6  68.2   2:00pm  38.3   7:04am   14    0  0.16   1  18   2:40pm   E 29.37   82
18   49.4  55.0  12:00am  43.0  11:43pm   16    0  0.43   2  23   5:56am WSW 29.26   96
19   44.4  50.5  11:25pm  41.2   4:41am   21    0  0.20   0  13  12:01pm WNW 29.53   99
20   47.6  59.4   4:05pm  35.4  11:56pm   17    0  0.00   0  17   3:11pm WSW 29.71   88
21   44.7  62.4   4:09pm  29.5   6:41am   20    0  0.00   1  19  12:16pm WSW 29.92   75
22   50.3  57.7  12:41pm  40.1   7:26am   15    0  0.00   0  14  12:20pm   E 29.97   81
23   53.2  57.2   8:04pm  47.3   5:58am   12    0  0.08   1  14  11:16am   E 29.91   91
24   58.5  60.8   4:35pm  56.1   6:55am    7    0  0.00   0  12  12:26am   E 29.83  100
25   57.2  67.3   1:03pm  37.6  11:48pm    8    0  0.87   6  32  10:48pm WSW 29.62   95
26   35.6  44.6   3:28pm  28.8   6:56am   28    0  0.00   6  33  10:30am WSW 30.15   68
27   30.4  45.7   3:39pm  21.6   7:52am   33    0  0.00   2  27   1:40pm WNW 30.27   63
28   30.4  48.4   4:08pm  19.2   7:42am   34    0  0.00   1  14   2:41pm   E 30.31   60
29   33.7  49.5   3:36pm  21.2   7:26am   31    0  0.00   1  15  12:09pm   E 30.28   61
30   36.8  43.3  12:51pm  33.8  11:53pm   28    0  0.00   6  32   2:31pm NNE 29.97   56
31   35.5  44.6   1:47pm  28.0  11:57pm   28    0  0.00   4  32   1:29pm  NW 29.80   61
---------------------------------------------------------------------------------------
TOT  44.1  72.0  10/1/12  19.2 10/28/12  669    4  3.82   3  40  10/4/12 WSW 29.88   73

HEAT BASE: 65.0
COOL BASE: 65.0