NOAA-Style Climate Reports


Report for 2012 September
                  MONTHLY CLIMATOLOGICAL SUMMARY FOR 9/2012
                                        HEAT  COOL        
     MEAN                               DEG   DEG       WIND SPEED       DOM MEAN  MEAN
DAY  TEMP  HIGH   TIME     LOW   TIME   DAYS  DAYS RAIN AVG  HI  TIME    DIR BAROM HUM
---------------------------------------------------------------------------------------
1    64.7  82.6   3:15pm  46.8   5:55am    6    6  0.00   1  21  12:25pm ESE 30.13   58
2    65.4  84.2   3:57pm  49.3   6:16am    5    6  0.00   1  15  10:58am   E 30.02   62
3    66.6  86.0   1:46pm  54.7   6:16am    3    4  2.28   2  40   3:49pm WSW 29.91   78
4    68.4  78.3   5:12pm  62.1   4:40am    1    4  0.00   0  12  10:06pm ESE 29.86   94
5    67.5  77.4   1:31pm  56.5  10:20pm    1    4  0.00   1  27   2:25pm WNW 29.78   80
6    64.7  80.2   4:51pm  51.3   6:44am    5    4  0.00   3  25  11:55am   W 29.87   65
7    57.9  66.2   3:15pm  50.7  11:48pm    7    0  0.43   1  16   3:40pm WSW 29.86   88
8    55.9  67.6   2:26pm  48.7   4:43am    9    0  0.00   4  34   1:06pm   W 29.80   78
9    57.2  72.7   5:02pm  45.3  11:58pm    9    1  0.00   2  24  12:14pm WNW 30.01   70
10   57.6  76.6   3:42pm  39.0   6:20am   10    3  0.00   3  24  12:38pm WSW 30.06   65
11   66.0  83.5   4:08pm  48.2   4:01am    5    6  0.00   3  39  11:41am WSW 29.92   62
12   66.1  78.1  12:58pm  52.3  11:01pm    2    3  0.08   2  24   4:45am WSW 30.02   56
13   54.6  66.9   5:59pm  41.7  11:49pm   10    0  0.04   2  22   3:00pm   W 30.22   71
14   54.2  71.4   3:25pm  39.4   2:01am   12    1  0.00   2  28   2:37pm WNW 30.25   62
15   54.4  74.7   4:02pm  36.1   6:08am   12    2  0.00   1  17   2:40pm WSW 30.18   68
16   62.9  79.9   2:59pm  49.1  12:28am    6    4  0.00   3  34   3:01pm WSW 29.91   59
17   54.3  61.2  12:36am  45.0  11:58pm   11    0  0.51   1  17  10:50pm WNW 29.82   82
18   44.7  55.6   3:42pm  32.4  11:59pm   20    0  0.00   3  30   2:58pm WNW 29.88   76
19   44.6  62.6   3:56pm  29.7   3:58am   19    0  0.20   1  28   7:54pm WSW 29.80   76
20   49.0  59.7   1:42pm  40.3  10:59pm   15    0  0.00   3  37   1:57pm WSW 29.74   80
21   46.6  61.3   4:01pm  34.0  11:43pm   18    0  0.12   4  29   1:47pm WSW 29.76   74
22   43.0  57.7   2:45pm  31.1   4:46am   21    0  0.00   4  40   3:08pm WNW 29.90   66
23   42.1  56.3   4:04pm  32.4   5:33am   22    0  0.00   4  33  11:59am WNW 30.12   66
24   50.7  71.2   4:15pm  31.3   1:57am   15    1  0.00   4  42   5:12pm WSW 29.84   56
25   52.4  67.5   3:45pm  37.0   6:43am   12    0  0.00   1  20  10:38am ESE 29.84   58
26   48.7  64.4   3:36pm  34.7   6:55am   16    0  0.00   1  23  10:48am WNW 30.06   61
27   46.3  66.0   3:53pm  30.2   6:48am   19    0  0.00   1  17   1:57pm WSW 30.22   64
28   50.2  72.5   3:16pm  29.8   6:29am   16    1  0.00   1  18  12:24pm WNW 30.12   60
29   55.0  73.6   3:20pm  40.8  11:58pm   11    1  0.00   1  17  12:12pm ESE 30.04   57
30   49.1  68.9   4:05pm  35.8   6:37am   16    0  0.00   1  17  11:08am ESE 29.99   66
---------------------------------------------------------------------------------------
TOT  55.4  86.0   9/3/12  29.7  9/19/12  335   51  3.66   2  42  9/24/12   W 29.96   69

HEAT BASE: 65.0
COOL BASE: 65.0