NOAA-Style Climate Reports

Select a Year or Month report
2018: Jan Feb Mar Apr May Jun Jul Aug Sep Oct Nov Dec
2017: Jan Feb Mar Apr May Jun Jul Aug Sep Oct Nov Dec
2016: Jan Feb Mar Apr May Jun Jul Aug Sep Oct Nov Dec
2015: Jan Feb Mar Apr May Jun Jul Aug Sep Oct Nov Dec
2014: Jan Feb Mar Apr May Jun Jul Aug Sep Oct Nov Dec
2013: Jan Feb Mar Apr May Jun Jul Aug Sep Oct Nov Dec
2012: Jan Feb Mar Apr May Jun Jul Aug Sep Oct Nov Dec
2011: Jan Feb Mar Apr May Jun Jul Aug Sep Oct Nov Dec
2010: Jan Feb Mar Apr May Jun Jul Aug Sep Oct Nov Dec
2009: Jan Feb Mar Apr May Jun Jul Aug Sep Oct Nov Dec
2008: Jan Feb Mar Apr May Jun Jul Aug Sep Oct Nov Dec
2007: Jan Feb Mar Apr May Jun Jul Aug Sep Oct Nov Dec
2006: Jan Feb Mar Apr May Jun Jul Aug Sep Oct Nov Dec
2005: Jan Feb Mar Apr May Jun Jul Aug Sep Oct Nov Dec
2004: Jan Feb Mar Apr May Jun Jul Aug Sep Oct Nov Dec
2003: Jan Feb Mar Apr May Jun Jul Aug Sep Oct Nov Dec

Report for 2012 August

Daily NOAA report



                            MONTHLY CLIMATOLOGICAL SUMMARY for AUG. 2012

NAME: Athelstane Weather   CITY: Athelstane STATE: Wisconsin
ELEV: 812 LAT: 045:23:00 LONG: 0088:07:00

                            TEMPERATURE ( °F), RAIN (in.), WIND SPEED (mph)

                                               HEAT     COOL           AVG
      MEAN                                     DEG      DEG            WIND                       DOM
DAY   TEMP    HIGH   TIME     LOW    TIME      DAYS     DAYS    RAIN   SPEED    HIGH    TIME      DIR
--------------------------------------------------------------------------------------------------------
01    68.6   086.4   13:24    53.4   05:20     00.0     03.6   00.00   01.3     23.0    16:21     WSW
02    75.4   088.9   15:19    66.4   00:19     00.0     10.4   00.04   01.7     21.9    15:29      W 
03    67.8   077.7   18:04    61.3   03:16     00.0     02.9   00.00   00.0     10.3    10:16      E 
04    72.3   083.8   13:09    63.9   00:00     00.0     07.3   00.00   02.1     21.9    15:29     WSW
05    66.5   078.3   17:07    55.8   00:00     00.0     01.5   00.00   05.2     32.2    12:30     WNW
06    67.7   084.4   16:07    49.3   06:07     00.0     02.7   00.00   03.1     26.4    15:08      W 
07    72.4   086.2   16:20    59.2   00:00     00.0     07.4   00.00   01.7     23.0    13:29      NW
08    62.3   070.0   10:14    51.8   06:19     02.6     00.0   00.04   00.1     10.3    15:30     ENE
09    61.7   069.6   11:24    56.7   06:23     03.3     00.0   00.08   00.4     17.3    15:14     WNW
10    62.6   075.9   15:03    53.1   23:29     02.4     00.0   00.00   01.6     24.1    11:14     ENE
11    65.1   079.7   16:24    52.3   00:00     00.0     00.2   00.00   02.1     20.7    06:15      NW
12    62.1   076.1   13:20    46.0   05:27     02.9     00.0   00.00   00.9     19.6    14:05      W 
13    64.6   080.2   14:05    55.9   05:29     00.4     00.0   00.24   00.6     25.3    14:15      W 
14    65.4   080.6   14:25    53.2   06:09     00.0     00.5   00.00   01.4     20.7    16:29     WNW
15    67.1   081.3   17:18    48.6   06:16     00.0     02.1   00.00   01.6     20.7    15:08      W 
16    65.7   073.0   15:24    57.6   00:00     00.0     00.7   00.12   03.5     35.6    15:06      W 
17    61.1   075.6   15:18    48.2   00:00     03.8     00.0   00.00   03.5     31.1    11:07     WNW
18    58.7   076.6   16:17    42.4   06:16     06.2     00.0   00.12   02.0     20.7    14:01      W 
19    61.6   075.4   15:27    48.7   00:00     03.3     00.0   00.00   00.7     19.6    17:14     WNW
20    58.5   077.5   15:16    41.5   05:29     06.4     00.0   00.00   01.8     28.8    16:21      W 
21    63.8   084.2   16:09    46.0   05:25     01.1     00.0   00.00   01.6     24.1    15:01     WNW
22    66.6   086.2   16:19    47.3   06:16     00.0     01.7   00.00   02.6     24.1    14:22      SW
23    67.8   082.8   14:23    52.9   04:24     00.0     02.8   00.00   00.4     17.3    14:29      SW
24    71.8   085.5   15:11    63.5   05:08     00.0     06.9   00.00   01.9     28.8    14:14      SW
25    74.8   092.5   15:24    59.2   06:05     00.0     09.9   00.00   02.2     27.6    16:06     WSW
26    68.3   075.9   17:23    64.2   00:00     00.0     03.4   00.63   00.6     20.7    08:25     WSW
27    69.7   084.7   16:04    56.7   00:00     00.0     04.8   00.00   02.4     20.7    14:08     WNW
28    65.3   082.9   16:12    50.9   06:09     00.0     00.3   00.00   00.9     19.6    11:06     NNE
29    69.1   086.2   16:25    53.1   04:12     00.0     04.1   00.00   02.4     25.3    15:08     WSW
30    76.9   092.5   14:24    63.0   02:11     00.0     12.0   00.00   04.7     32.2    13:21     WSW
31    73.9   088.0   15:12    56.8   23:07     00.0     09.0   00.00   01.4     19.6    13:21      NW
--------------------------------------------------------------------------------------------------------
66.9 (67.7)   92.5  day 30     41.5  day 20   032.4    094.3   00.00   01.8     35.7   day 16      W 
Max >=  86: 8
Min  .008in) 5 (> .08in) 0 (> 0.8in)