NOAA-Style Climate Reports


Report for 2012 August
                  MONTHLY CLIMATOLOGICAL SUMMARY FOR 8/2012
                                        HEAT  COOL        
     MEAN                               DEG   DEG       WIND SPEED       DOM MEAN  MEAN
DAY  TEMP  HIGH   TIME     LOW   TIME   DAYS  DAYS RAIN AVG  HI  TIME    DIR BAROM HUM
---------------------------------------------------------------------------------------
1    68.5  86.4   1:42pm  53.4   5:22am    3    7  0.00   1  27   5:29pm WSW 29.86   72
2    75.4  88.9   3:37pm  66.4  12:00am    0   10  0.04   1  22   3:57pm   W 29.80   73
3    67.8  77.7   6:05pm  61.3   3:18am    1    4  0.00   0  12  12:00am ESE 29.93   83
4    72.3  83.8   1:09pm  64.0  11:56pm    0    7  0.00   2  26   3:44pm   W 29.83   80
5    66.7  78.3   4:48pm  55.8  11:59pm    2    4  0.00   4  33  12:57pm WNW 29.96   59
6    67.5  84.6   4:11pm  49.3   5:48am    4    7  0.00   3  26  12:14pm   W 30.01   61
7    72.4  86.4   4:34pm  59.2  11:57pm    1    8  0.00   1  23   1:46pm WNW 29.92   57
8    62.3  70.0  10:05am  51.8   6:09am    4    1  0.04   0  11   9:48am ESE 30.03   74
9    61.7  69.6  11:42am  56.7   5:25am    4    1  0.08   1  19   2:59pm   W 29.99   85
10   62.5  76.1   3:01pm  53.1  11:44pm    5    2  0.00   2  24  11:23am NNE 30.00   68
11   65.2  79.9   4:42pm  52.3  11:53pm    5    5  0.00   2  21   6:21am WNW 29.97   57
12   61.7  76.1   1:35pm  46.0   5:38am    6    3  0.00   1  19   2:07pm   W 29.95   67
13   64.7  80.2   2:01pm  55.9   5:54am    3    3  0.24   0  25   2:22pm   W 29.91   78
14   65.4  80.6   2:44pm  53.2   6:08am    4    5  0.00   2  21   4:49pm   W 29.89   68
15   66.8  81.5   4:36pm  48.6   5:32am    5    7  0.00   1  21   3:10pm WSW 29.87   68
16   65.7  73.0   3:42pm  57.6  11:56pm    1    2  0.12   4  35   3:00pm   W 29.73   75
17   61.1  75.6   2:56pm  48.2  11:58pm    6    2  0.00   3  31  11:14am   W 29.92   58
18   58.8  77.0   4:26pm  42.4   6:32am    9    3  0.12   3  21  11:37am   W 29.94   64
19   61.5  75.4   3:54pm  48.7  11:58pm    6    3  0.00   0  19   5:26pm WNW 29.94   67
20   58.6  77.7   3:22pm  41.5   5:26am    9    2  0.00   2  29   4:39pm   W 29.94   64
21   63.8  84.2   4:14pm  46.0   5:49am    7    5  0.00   2  24   2:48pm WNW 29.99   63
22   66.5  86.4   4:22pm  47.3   6:11am    6    7  0.00   3  24   2:34pm WSW 29.99   59
23   67.6  82.8   2:32pm  52.9   4:26am    3    6  0.00   1  17   2:51pm WSW 29.97   72
24   71.8  85.5   3:17pm  63.5   4:50am    0    7  0.00   2  29   2:21pm WSW 29.91   72
25   74.8  92.5   3:46pm  59.2   4:45am    1   11  0.00   2  28   4:11pm WSW 29.96   62
26   68.4  76.1   5:42pm  64.4  10:42pm    0    3  0.63   1  21   8:41am WSW 29.96   87
27   69.7  85.1   4:05pm  57.0  11:59pm    2    7  0.00   3  21   2:09pm WNW 30.01   66
28   65.3  83.1   4:25pm  50.9   4:40am    5    5  0.00   1  19  11:09am   W 30.09   69
29   68.9  86.2   4:27pm  53.1   3:47am    3    7  0.00   2  25   3:13pm WSW 30.01   72
30   76.8  92.7   2:48pm  63.0   2:06am    0   12  0.00   5  32   1:33pm WSW 29.83   63
31   73.5  88.0   3:18pm  55.2  11:59pm    1    9  0.00   1  20   1:35pm WNW 29.99   53
---------------------------------------------------------------------------------------
TOT  66.9  92.7  8/30/12  41.5  8/20/12  106  165  1.26   2  35  8/16/12   W 29.94   68

HEAT BASE: 65.0
COOL BASE: 65.0