NOAA-Style Climate Reports


Report for 2012 July
                  MONTHLY CLIMATOLOGICAL SUMMARY FOR 7/2012
                                        HEAT  COOL        
     MEAN                               DEG   DEG       WIND SPEED       DOM MEAN  MEAN
DAY  TEMP  HIGH   TIME     LOW   TIME   DAYS  DAYS RAIN AVG  HI  TIME    DIR BAROM HUM
---------------------------------------------------------------------------------------
1    71.2  91.8   4:11pm  54.7   5:12am    2    7  0.00   1  18   4:12pm   W 29.91   58
2    97.3  98.1   4:50pm  96.8   5:58pm    0    0  0.00   0  17   4:52pm   W 29.83   39
3
4
5    80.6  98.1   4:50pm  69.3  11:58pm    0    4  0.00   0  17   4:52pm   W 29.89   64
6    80.6  91.0   2:50pm  61.9   2:55am    0   12  0.59   1  18  10:16pm WSW 29.94   58
7    70.9  85.8   3:16pm  60.4   2:56am    1    7  1.06   1  14   6:04pm ESE 30.02   73
8    70.4  85.5  12:37pm  57.6   4:56am    2    7  0.04   1  18   4:17pm   W 30.05   71
9    67.0  83.1   2:51pm  55.8   5:48am    3    5  0.00   1  22   4:01pm ESE 30.07   74
10   67.5  83.1   5:48pm  51.8   5:24am    4    6  0.00   1  14  12:20pm ESE 30.12   65
11   70.6  88.3   5:02pm  52.2   5:07am    3    9  0.00   2  23   2:41pm WSW 30.11   59
12   73.5  90.9   3:51pm  55.8   4:38am    2   11  0.00   1  21  11:56am   W 30.06   57
13   75.2  91.9   4:42pm  58.1   5:28am    1   12  0.00   1  17   9:41am WSW 30.01   59
14   74.7  86.9   3:23pm  64.4   4:15am    0   10  0.00   2  25  12:11pm   W 29.95   69
15   76.4  91.4   3:08pm  64.2   5:49am    0   11  0.00   0  13  11:44am WNW 29.97   76
16   80.6  97.5   3:32pm  64.8   5:37am    0   16  0.00   3  37   4:28pm   W 29.81   64
17   75.6  83.7  12:57pm  64.9  11:57pm    0   11  0.00   1  16   4:39am   W 29.80   71
18   69.4  78.8  10:43am  59.9   4:06am    1    5  0.00   0  16   5:35pm ESE 29.97   71
19   63.6  73.2   5:30pm  55.4  11:54pm    3    1  0.31   1  15   5:14pm ESE 30.01   81
20   67.7  84.4   5:08pm  50.2   5:18am    4    7  0.00   2  22  12:43pm   W 30.08   69
21   75.6  92.7   5:52pm  61.9   2:15am    1   11  0.00   2  24  12:37pm   W 29.96   66
22   75.4  91.9   4:20pm  57.9   5:33am    1   12  0.00   2  17  10:32pm WSW 29.97   67
23   81.1  95.4   4:13pm  67.5   3:57am    0   16  0.00   4  32  12:52pm   W 29.84   57
24   73.5  88.2   3:42pm  59.4   5:28am    1    9  0.00   1  17   6:21pm ESE 29.96   60
25   70.6  85.3   4:25pm  62.8   6:49am    0    6  0.31   1  22   9:53am   W 29.70   82
26   70.4  81.1   3:05pm  65.5  11:58pm    0    5  0.59   1  22   5:24pm ESE 29.67   85
27   67.6  78.3   3:41pm  57.7  11:59pm    1    4  1.93   1  13  12:26pm ESE 29.91   85
28   66.5  84.6   4:03pm  48.9   6:01am    5    6  0.00   1  18   4:37pm WNW 30.09   64
29   70.6  85.5   3:10pm  56.3   5:25am    2    8  0.00   1  18   3:02pm WSW 30.00   71
30   73.3  89.2   4:28pm  62.1   5:57am    0    9  0.28   2  30  11:30am WSW 29.85   76
31   70.3  84.6   5:27pm  59.4   5:43am    1    7  0.00   2  22  10:08am WNW 29.91   69
---------------------------------------------------------------------------------------
TOT  72.2  98.1   7/5/12  48.9  7/28/12   40  232  5.75   1  37  7/16/12   W 29.95   69

HEAT BASE: 65.0
COOL BASE: 65.0