NOAA-Style Climate Reports

Select a Year or Month report
2018: Jan Feb Mar Apr May Jun Jul Aug Sep Oct Nov Dec
2017: Jan Feb Mar Apr May Jun Jul Aug Sep Oct Nov Dec
2016: Jan Feb Mar Apr May Jun Jul Aug Sep Oct Nov Dec
2015: Jan Feb Mar Apr May Jun Jul Aug Sep Oct Nov Dec
2014: Jan Feb Mar Apr May Jun Jul Aug Sep Oct Nov Dec
2013: Jan Feb Mar Apr May Jun Jul Aug Sep Oct Nov Dec
2012: Jan Feb Mar Apr May Jun Jul Aug Sep Oct Nov Dec
2011: Jan Feb Mar Apr May Jun Jul Aug Sep Oct Nov Dec
2010: Jan Feb Mar Apr May Jun Jul Aug Sep Oct Nov Dec
2009: Jan Feb Mar Apr May Jun Jul Aug Sep Oct Nov Dec
2008: Jan Feb Mar Apr May Jun Jul Aug Sep Oct Nov Dec
2007: Jan Feb Mar Apr May Jun Jul Aug Sep Oct Nov Dec
2006: Jan Feb Mar Apr May Jun Jul Aug Sep Oct Nov Dec
2005: Jan Feb Mar Apr May Jun Jul Aug Sep Oct Nov Dec
2004: Jan Feb Mar Apr May Jun Jul Aug Sep Oct Nov Dec
2003: Jan Feb Mar Apr May Jun Jul Aug Sep Oct Nov Dec

Report for 2012 July

Daily NOAA report



                            MONTHLY CLIMATOLOGICAL SUMMARY for JUL. 2012

NAME: Athelstane Weather   CITY: Athelstane STATE: Wisconsin
ELEV: 812 LAT: 045:23:00 LONG: 0088:07:00

                            TEMPERATURE ( °F), RAIN (in.), WIND SPEED (mph)

                                               HEAT     COOL           AVG
      MEAN                                     DEG      DEG            WIND                       DOM
DAY   TEMP    HIGH   TIME     LOW    TIME      DAYS     DAYS    RAIN   SPEED    HIGH    TIME      DIR
--------------------------------------------------------------------------------------------------------
01    80.9   091.6   17:19    66.7   00:00     00.0     15.9   00.00   02.5     18.4    17:20      W 
04    78.0   098.1   16:00    60.8   05:19     00.0     13.1   00.00   01.0     23.0    13:08     SSE
05    93.3   098.1   23:58    69.3   00:00     00.0     28.3   00.00   10.3     21.9    17:05      NW
06    76.4   091.0   14:28    61.7   03:09     00.0     11.5   00.59   00.8     18.4    22:14      W 
07    71.3   085.6   15:15    61.3   02:09     00.0     06.3   01.06   00.5     13.8    18:05      E 
08    70.2   085.5   12:24    57.6   05:25     00.0     05.2   00.04   01.0     18.4    16:14     WNW
09    67.5   082.9   15:09    55.8   05:27     00.0     02.5   00.00   01.2     21.9    16:05      E 
10    67.8   082.9   18:00    51.8   05:15     00.0     02.8   00.00   00.4     13.8    15:14     SSE
11    70.8   088.3   17:04    52.2   05:16     00.0     05.9   00.00   02.0     19.6    13:01     WSW
12    73.4   090.9   15:27    55.9   05:26     00.0     08.4   00.00   01.6     20.7    11:28     WSW
13    75.2   091.8   16:24    58.1   06:04     00.0     10.2   00.00   01.3     17.3    11:01     WSW
14    74.6   086.7   15:16    64.4   04:17     00.0     09.7   00.00   02.4     25.3    12:07      W 
15    77.1   091.2   14:26    64.2   06:01     00.0     12.2   00.00   00.4     12.7    13:29      W 
16    80.7   097.3   15:17    64.8   05:24     00.0     15.7   00.00   03.5     35.6    13:05     WSW
17    75.5   083.5   12:27    64.8   00:00     00.0     10.5   00.00   00.5     16.1    04:20     WNW
18    69.5   078.8   16:04    59.9   04:11     00.0     04.5   00.00   00.5     16.1    17:23     ESE
19    63.6   073.2   17:18    55.4   00:00     01.4     00.0   00.31   00.3     14.9    17:23      E 
20    67.9   084.2   17:04    50.2   05:16     00.0     02.9   00.00   01.6     21.9    14:22     WSW
21    75.7   092.7   17:29    61.9   03:14     00.0     10.7   00.00   02.0     24.1    13:08     WNW
22    75.6   091.9   16:13    57.9   06:11     00.0     10.7   00.00   01.4     17.3    22:23      SW
23    81.1   095.4   16:20    67.5   04:21     00.0     16.2   00.00   03.9     32.2    13:05     WNW
24    73.5   088.2   17:00    59.4   06:07     00.0     08.6   00.00   01.0     17.3    18:14     WNW
25    70.7   085.3   16:14    62.8   07:11     00.0     05.7   00.31   00.9     21.9    09:29     WNW
26    69.4   081.0   15:06    65.5   00:00     00.0     04.4   00.59   00.4     21.9    17:14     ENE
27    67.3   078.1   16:02    57.7   00:00     00.0     02.3   01.93   00.4     13.8    12:14     ENE
28    66.6   084.4   16:29    48.9   06:05     00.0     01.7   00.00   01.0     18.4    16:23     WNW
29    70.7   085.3   17:10    56.3   06:00     00.0     05.8   00.00   01.7     18.4    15:29      W 
30    73.3   089.2   16:16    62.1   06:01     00.0     08.4   00.28   02.6     29.9    11:23     WSW
31    70.5   084.6   17:16    59.4   06:10     00.0     05.6   00.00   01.6     21.9    10:06      NW
--------------------------------------------------------------------------------------------------------
73.4 (73.7)   98.1  day 05     48.9  day 28   001.4    254.3   00.00   01.7     35.7   day 16      W 
Max >=  86: 16
Min  .008in) 7 (> .08in) 2 (> 0.8in)