NOAA-Style Climate Reports


Report for 2012 June

Daily NOAA report



                            MONTHLY CLIMATOLOGICAL SUMMARY for JUN. 2012

NAME: Athelstane Weather   CITY: Athelstane STATE: Wisconsin
ELEV: 812 LAT: 045:23:00 LONG: 0088:07:00

                            TEMPERATURE ( °F), RAIN (in.), WIND SPEED (mph)

                                               HEAT     COOL           AVG
      MEAN                                     DEG      DEG            WIND                       DOM
DAY   TEMP    HIGH   TIME     LOW    TIME      DAYS     DAYS    RAIN   SPEED    HIGH    TIME      DIR
--------------------------------------------------------------------------------------------------------
01    53.0   066.7   17:06    36.7   04:27     11.9     00.0   00.00   01.6     16.1    16:29      E 
02    59.7   070.3   15:09    48.2   05:10     05.3     00.0   00.00   03.6     29.9    17:29     WNW
03    66.0   083.7   15:24    48.7   03:01     00.0     01.0   00.00   03.1     35.6    14:14      NW
04    63.2   079.0   15:27    51.4   01:23     01.8     00.0   00.00   01.3     16.1    14:14      NW
05    60.6   074.1   14:23    46.4   23:25     04.4     00.0   00.00   01.4     19.6    13:20     ESE
06    62.2   081.3   16:26    40.5   05:13     02.7     00.0   00.00   01.5     16.1    16:21     WSW
07    65.3   082.2   14:01    46.8   04:24     00.0     00.4   00.00   01.2     19.6    16:07      W 
08    68.6   081.0   17:07    54.5   05:11     00.0     03.7   00.00   02.4     29.9    16:07      W 
09    77.5   092.3   15:18    59.7   06:08     00.0     12.5   00.00   04.4     31.1    09:07      W 
10    75.8   092.5   15:08    56.1   05:15     00.0     10.9   00.00   04.2     33.4    14:14      SW
11    73.3   085.8   16:27    62.8   00:00     00.0     08.4   00.08   03.3     32.2    11:09     WSW
12    59.9   070.9   15:29    44.1   00:00     05.0     00.0   00.00   04.7     32.2    13:23     WNW
13    58.2   076.1   16:26    37.6   05:20     06.8     00.0   00.00   02.9     24.1    13:21     WSW
14    60.7   070.2   13:00    45.9   05:26     04.3     00.0   00.00   01.9     32.2    23:01      SW
15    73.0   089.8   16:00    59.7   05:29     00.0     08.1   00.00   01.9     23.0    10:21     SSW
16    68.4   087.8   12:13    57.4   05:19     00.0     03.5   00.00   01.4     21.9    15:29      N 
17    69.9   083.3   16:01    55.6   05:18     00.0     05.0   00.00   04.0     31.1    12:15      W 
18    68.1   078.4   18:14    60.8   04:20     00.0     03.1   01.30   01.4     19.6    10:22     WSW
19    73.7   088.5   16:20    62.6   05:09     00.0     08.8   00.59   01.7     26.4    08:21     SSW
20    80.0   092.7   16:29    67.8   00:00     00.0     15.1   00.31   05.0     33.4    12:16     WSW
21    70.0   080.2   16:04    60.3   00:00     00.0     05.1   00.12   04.1     31.1    13:07      W 
22    64.0   079.5   13:11    53.1   05:28     01.0     00.0   00.00   00.8     19.6    15:23     WSW
23    63.8   077.0   12:26    49.1   05:16     01.1     00.0   00.00   01.1     20.7    13:06     WSW
24    68.6   080.1   16:09    50.2   00:00     00.0     03.7   00.04   01.4     25.3    16:14      NW
25    62.7   079.3   16:19    44.6   06:01     02.3     00.0   00.00   01.3     19.6    11:08     NNE
26    65.3   082.4   17:14    45.5   05:19     00.0     00.3   00.00   02.2     23.0    17:21     WSW
27    71.6   091.2   16:14    50.2   05:19     00.0     06.7   00.00   02.1     24.1    11:00      SW
28    75.9   088.5   10:16    65.5   00:25     00.0     10.9   00.00   02.4     21.9    12:00     WNW
29    75.4   089.6   15:02    57.7   05:26     00.0     10.5   00.00   04.3     27.6    15:07      W 
30    75.5   090.3   16:28    58.6   05:05     00.0     10.6   00.00   02.7     25.3    15:08      W 
--------------------------------------------------------------------------------------------------------
67.7 (67.4)   92.7  day 20     36.7  day 01   046.4    128.1   00.00   02.5     35.7   day 17      W 
Max >=  86: 10
Min  .008in) 5 (> .08in) 1 (> 0.8in)