NOAA-Style Climate Reports


Report for 2012 June
                  MONTHLY CLIMATOLOGICAL SUMMARY FOR 6/2012
                                        HEAT  COOL        
     MEAN                               DEG   DEG       WIND SPEED       DOM MEAN  MEAN
DAY  TEMP  HIGH   TIME     LOW   TIME   DAYS  DAYS RAIN AVG  HI  TIME    DIR BAROM HUM
---------------------------------------------------------------------------------------
1    53.0  66.7   4:55pm  36.7   4:42am   12    0  0.00   2  19   6:28pm ESE 29.83   55
2    59.6  70.5   3:07pm  48.0   5:13am    7    1  0.00   4  30   5:49pm WNW 29.59   51
3    65.5  83.7   2:42pm  48.7   3:01am    5    6  0.00   3  35   2:22pm WNW 29.72   48
4    63.1  79.2   3:53pm  51.4   1:39am    5    3  0.00   1  17   1:07pm ESE 29.90   60
5    60.6  74.1   2:45pm  46.4  11:50pm    7    3  0.00   1  20   1:34pm ESE 30.03   61
6    62.2  81.3   4:52pm  40.5   5:09am    8    5  0.00   1  17   2:12pm   W 30.06   53
7    65.4  82.4   2:00pm  46.8   4:08am    5    6  0.00   1  19   4:12pm WNW 30.04   59
8    68.6  81.1   5:15pm  54.5   5:11am    2    6  0.00   3  30   4:04pm   W 29.88   70
9    77.5  92.5   3:26pm  59.7   5:54am    0   13  0.00   4  31   9:09am WSW 29.74   53
10   75.7  92.5   3:09pm  56.1   5:18am    2   12  0.00   5  34   2:07pm WSW 29.81   52
11   74.0  85.8   4:47pm  62.8  11:52pm    0    9  0.08   4  32  11:00am WSW 29.72   59
12   60.0  70.9   3:59pm  44.2  11:52pm    6    1  0.00   5  33   1:32pm WNW 29.96   47
13   58.0  76.3   4:42pm  37.6   5:11am    9    2  0.00   2  28   3:57pm WSW 30.13   56
14   60.7  70.2  12:43pm  45.9   5:20am    5    1  0.00   2  33  10:32pm   E 30.06   63
15   73.2  89.8   3:55pm  59.7   5:47am    1    9  0.00   2  31  12:00am   E 29.98   52
16   68.4  87.8  12:21pm  57.4   5:30am    2    5  0.00   2  28   3:42pm   E 29.90   73
17   70.0  83.5   4:02pm  55.6   4:48am    2    6  0.00   4  31  12:20pm   W 29.74   60
18   68.2  78.4   6:19pm  60.8   4:30am    0    4  1.30   1  19   3:47am WSW 29.59   87
19   73.8  88.7   4:38pm  62.6   5:12am    0    9  0.59   2  26   8:36am WSW 29.77   85
20   80.1  92.7   4:51pm  67.8  11:57pm    0   15  0.31   5  34  12:17pm WSW 29.77   67
21   70.0  80.4   4:06pm  60.3  11:55pm    1    6  0.12   5  36   3:43pm   W 29.82   66
22   64.0  79.7   1:19pm  53.1   5:16am    4    3  0.00   1  20   3:38pm WNW 29.95   65
23   63.8  77.0  12:50pm  49.1   4:44am    5    3  0.00   1  21   1:08pm WSW 29.98   76
24   68.6  80.1   4:10pm  50.2  11:57pm    2    5  0.04   2  25   4:25pm NNE 29.97   68
25   62.8  79.7   4:29pm  44.6   5:34am    7    4  0.00   1  20  11:01am ESE 30.11   52
26   65.1  82.4   5:17pm  45.5   4:54am    6    6  0.00   3  23   1:38pm WSW 29.99   57
27   71.6  91.2   4:20pm  50.2   5:23am    4   10  0.00   2  24  10:50am WSW 29.78   61
28   75.9  88.5  10:32am  65.5  12:35am    0   11  0.00   2  22  11:54am WNW 29.74   66
29   75.4  89.6   2:57pm  57.7   5:30am    1   11  0.00   4  30   4:14pm   W 29.77   52
30   75.1  90.5   3:17pm  58.6   4:49am    1   11  0.00   2  25   3:10pm WNW 29.78   53
---------------------------------------------------------------------------------------
TOT  67.7  92.7  6/20/12  36.7   6/1/12  108  187  2.44   3  36  6/21/12   W 29.87   61

HEAT BASE: 65.0
COOL BASE: 65.0