NOAA-Style Climate Reports


Report for 2012 May

Daily NOAA report



                            MONTHLY CLIMATOLOGICAL SUMMARY for MAY. 2012

NAME: Athelstane Weather   CITY: Athelstane STATE: Wisconsin
ELEV: 812 LAT: 045:23:00 LONG: 0088:07:00

                            TEMPERATURE ( °F), RAIN (in.), WIND SPEED (mph)

                                               HEAT     COOL           AVG
      MEAN                                     DEG      DEG            WIND                       DOM
DAY   TEMP    HIGH   TIME     LOW    TIME      DAYS     DAYS    RAIN   SPEED    HIGH    TIME      DIR
--------------------------------------------------------------------------------------------------------
01    54.3   069.6   16:04    34.5   05:19     10.6     00.0   00.00   03.8     25.3    12:23     SSW
02    61.6   083.1   17:13    48.4   02:01     03.4     00.0   00.24   03.0     26.4    13:06      W 
03    62.9   078.1   18:04    56.3   05:28     02.1     00.0   00.20   02.0     26.4    15:07     WSW
04    56.7   069.3   16:02    46.4   00:00     08.2     00.0   00.00   02.3     19.6    16:07     ENE
05    53.2   067.3   15:01    45.1   04:17     11.7     00.0   00.00   02.2     18.4    14:07      E 
06    46.4   050.2   04:25    43.5   15:26     18.6     00.0   00.43   00.4     14.9    11:08      E 
07    53.6   069.8   17:15    47.1   06:20     11.3     00.0   00.04   00.6     16.1    15:28      N 
08    52.4   065.7   10:09    45.7   22:29     12.5     00.0   00.79   00.9     16.1    18:16     NNE
09    52.8   068.5   17:15    36.3   00:00     12.2     00.0   00.00   03.0     26.4    08:15      N 
10    55.7   077.4   17:12    30.4   04:21     09.2     00.0   00.00   02.8     25.3    15:17      W 
11    63.8   078.6   16:09    45.0   04:12     01.1     00.0   00.04   05.4     34.5    15:23     WSW
12    59.5   073.0   17:19    42.3   00:00     05.4     00.0   00.00   02.0     25.3    14:30      NW
13    58.0   078.3   15:13    32.5   05:27     07.0     00.0   00.00   03.4     26.4    18:22     WSW
14    64.6   084.7   16:01    40.1   05:25     00.4     00.0   00.00   04.4     31.1    11:01     WSW
15    65.0   084.0   12:24    42.1   00:00     00.0     00.1   00.00   05.2     42.5    12:08     WNW
16    52.0   070.7   16:09    31.3   05:19     13.0     00.0   00.00   02.7     26.4    10:23     NNW
17    53.3   070.9   13:16    30.9   05:23     11.6     00.0   00.00   03.1     28.8    16:22     SSW
18    66.1   087.6   15:14    41.2   06:06     00.0     01.2   00.00   03.7     29.9    10:14      SW
19    70.0   091.2   16:05    43.9   06:00     00.0     05.0   00.00   03.4     33.4    15:20      SW
20    71.0   090.7   15:04    52.3   00:00     00.0     06.0   00.00   05.7     41.4    14:14     WSW
21    59.5   074.7   16:00    41.7   00:00     05.4     00.0   00.00   04.4     36.8    13:08      NW
22    55.5   074.3   15:12    33.8   05:29     09.5     00.0   00.00   02.3     21.9    14:08     WSW
23    58.8   076.5   12:13    38.1   05:18     06.1     00.0   00.00   02.3     21.9    13:08      SE
24    68.7   086.2   12:22    46.4   05:16     00.0     03.7   00.31   05.3     29.9    15:30      SW
25    65.7   078.6   16:18    53.8   06:09     00.0     00.8   00.00   06.7     35.6    15:07      W 
26    60.1   074.3   13:22    45.5   05:07     04.8     00.0   00.00   01.2     16.1    17:15     ENE
27    65.1   077.4   18:02    53.8   01:15     00.0     00.2   01.10   02.5     27.6    14:29      N 
28    68.9   084.9   14:09    57.7   05:04     00.0     04.0   00.79   02.9     39.1    12:30     WSW
29    60.5   068.4   11:14    51.6   05:15     04.5     00.0   00.00   05.6     38.0    15:32      W 
30    50.5   058.3   16:19    39.9   23:06     14.4     00.0   00.04   01.8     23.0    10:29     NNW
31    48.9   065.7   15:34    35.2   04:19     16.0     00.0   00.00   01.5     19.6    13:07     ESE
--------------------------------------------------------------------------------------------------------
59.2 (59.0)   91.2  day 19     30.4  day 10   199.1    021.1   00.00   03.1     42.6   day 20      W 
Max >=  86: 4
Min  .008in) 7 (> .08in) 1 (> 0.8in)