NOAA-Style Climate Reports


Report for 2012 May
                  MONTHLY CLIMATOLOGICAL SUMMARY FOR 5/2012
                                        HEAT  COOL        
     MEAN                               DEG   DEG       WIND SPEED       DOM MEAN  MEAN
DAY  TEMP  HIGH   TIME     LOW   TIME   DAYS  DAYS RAIN AVG  HI  TIME    DIR BAROM HUM
---------------------------------------------------------------------------------------
1    54.2  69.8   4:05pm  34.5   5:35am   12    1  0.00   5  25  12:42pm WSW 29.87   66
2    61.5  83.1   4:36pm  48.4   1:12am    7    4  0.24   2  27  11:47am WSW 29.75   71
3    62.9  78.1   6:06pm  56.3   5:41am    4    2  0.20   2  26   3:04pm WSW 29.80   84
4    56.8  69.3   3:59pm  46.4  11:56pm    9    1  0.00   3  20   3:42pm   E 30.02   63
5    53.6  67.5   2:53pm  45.1   4:14am   12    0  0.00   2  18   2:00pm   E 30.07   61
6    46.4  50.2   3:00am  43.5   3:27pm   18    0  0.43   0  16  11:27am   E 30.03   82
7    53.5  70.0   5:29pm  47.1   5:52am   12    0  0.04   1  17   3:46pm   W 29.85   88
8    52.6  65.8  10:17am  45.7  10:47pm   12    0  0.79   1  16   6:25pm   W 29.78   85
9    52.8  68.5   4:31pm  36.3  11:58pm   12    0  0.00   2  26   8:22am  NW 29.87   59
10   55.4  77.4   5:22pm  30.4   4:38am   12    3  0.00   3  25   3:18pm WSW 29.91   45
11   63.7  78.6   4:17pm  45.0   4:19am    6    4  0.04   5  35   1:43pm WSW 29.95   47
12   59.5  73.0   5:30pm  42.3  11:58pm    7    2  0.00   2  25   2:45pm  NW 30.19   50
13   56.9  78.3   3:22pm  32.5   5:42am   12    4  0.00   4  27   6:38pm WSW 30.13   47
14   63.9  84.9   1:46pm  40.1   5:27am    8    7  0.00   5  31  10:50am WSW 29.90   46
15   64.8  84.0  12:43pm  42.1  11:58pm    5    5  0.00   5  43  12:03pm WSW 29.79   44
16   51.9  70.7   4:16pm  31.3   5:28am   14    1  0.00   3  27  10:38am WNW 30.04   51
17   53.1  70.9   1:01pm  30.9   5:38am   12    1  0.00   2  29   4:41pm WSW 30.06   52
18   66.2  87.8   3:29pm  41.2   5:54am    6    7  0.00   4  30  10:22am WSW 29.91   44
19   69.7  91.2   4:05pm  43.9   5:06am    6   11  0.00   4  34   3:36pm WSW 29.92   51
20   71.1  90.7   3:06pm  52.7  11:58pm    2    8  0.00   5  41   2:19pm WSW 29.87   59
21   59.5  74.7   3:58pm  41.9  11:58pm    8    2  0.00   5  37   1:05pm  NW 30.09   48
22   55.2  74.5   3:21pm  32.4   5:40am   12    2  0.00   3  22   2:00pm WSW 30.01   47
23   58.6  76.5  12:24pm  38.1   5:22am    9    3  0.00   2  22   1:09pm WSW 29.78   52
24   66.1  86.2  12:40pm  46.4   5:07am    5    6  0.31   5  30   3:50pm WSW 29.60   56
25   65.8  78.6   4:28pm  53.8   6:12am    3    4  0.00   7  36   2:59pm   W 29.85   56
26   60.0  74.3   1:35pm  45.5   5:10am    7    2  0.00   2  17  10:53am ESE 30.13   64
27   65.2  77.4   5:08pm  53.8   1:12am    3    3  1.10   3  28   2:53pm   E 29.89   85
28   68.2  84.9   1:59pm  57.7   4:49am    2    5  0.79   2  39  12:55pm WSW 29.63   83
29   60.5  68.4  11:24am  51.6   5:06am    5    0  0.00   5  38   2:21pm   W 29.69   65
30   50.5  58.3   4:34pm  39.9  11:10pm   14    0  0.04   2  23  10:45am  NW 29.89   68
31   49.7  65.7   3:58pm  35.2   4:28am   15    0  0.00   2  19   1:10pm ESE 30.00   60
---------------------------------------------------------------------------------------
TOT  59.0  91.2  5/19/12  30.4  5/10/12  271   86  3.98   3  43  5/15/12 WSW 29.91   61

HEAT BASE: 65.0
COOL BASE: 65.0