NOAA-Style Climate Reports


Report for 2012 April

Daily NOAA report



                            MONTHLY CLIMATOLOGICAL SUMMARY for APR. 2012

NAME: Athelstane Weather   CITY: Athelstane STATE: Wisconsin
ELEV: 812 LAT: 045:23:00 LONG: 0088:07:00

                            TEMPERATURE ( °F), RAIN (in.), WIND SPEED (mph)

                                               HEAT     COOL           AVG
      MEAN                                     DEG      DEG            WIND                       DOM
DAY   TEMP    HIGH   TIME     LOW    TIME      DAYS     DAYS    RAIN   SPEED    HIGH    TIME      DIR
--------------------------------------------------------------------------------------------------------
01    46.8   059.7   16:13    34.5   07:19     18.1     00.0   00.00   01.6     14.9    17:14     SSE
02    44.0   057.4   15:07    33.1   04:10     21.0     00.0   00.00   02.3     21.9    13:15     ESE
03    46.9   062.8   17:02    32.2   00:00     18.1     00.0   00.04   01.7     23.0    15:06     NNE
04    44.4   064.8   16:11    27.5   05:14     20.5     00.0   00.00   02.3     24.1    13:27      NE
05    46.6   053.2   17:06    27.0   00:00     18.4     00.0   00.00   03.6     14.9    18:08      E 
06    39.9   061.3   16:04    18.5   06:24     25.0     00.0   00.00   02.1     21.9    16:14     SSE
07    45.4   063.5   15:25    23.2   06:29     19.6     00.0   00.00   04.0     21.9    14:23     SSW
08    46.9   061.2   16:27    34.3   07:06     18.0     00.0   00.00   07.2     50.6    12:09     WNW
09    39.9   053.4   11:21    28.0   07:04     25.0     00.0   00.00   05.3     35.6    17:15      NW
10    36.1   046.8   17:25    26.8   01:21     28.9     00.0   00.00   07.0     32.2    18:09      NW
11    40.5   056.5   17:18    27.1   00:00     24.4     00.0   00.00   02.7     23.0    11:22     NNW
12    40.2   062.6   16:02    20.1   06:15     24.8     00.0   00.00   02.4     24.1    16:29      E 
13    44.0   062.1   14:10    23.0   06:20     20.9     00.0   00.00   03.5     24.1    11:18      S 
14    60.2   077.2   15:21    48.4   05:04     04.7     00.0   00.00   06.2     38.0    13:21     WSW
15    54.6   067.1   22:25    48.7   02:20     10.3     00.0   00.00   01.8     27.6    23:15      SE
16    45.8   066.6   00:14    29.7   00:00     19.1     00.0   00.31   07.5     44.9    14:08      W 
17    37.4   053.8   15:14    28.8   06:03     27.5     00.0   00.00   03.0     19.6    14:21     SSW
18    45.8   064.6   15:30    30.6   00:21     19.2     00.0   00.12   05.0     48.3    15:14     WSW
19    39.1   048.6   13:10    32.7   06:13     25.8     00.0   00.20   01.3     19.6    13:30      NE
20    39.2   052.3   15:09    27.7   00:00     25.7     00.0   00.63   01.5     17.3    15:00      NE
21    39.8   056.7   15:24    24.6   06:15     25.1     00.0   00.00   02.0     18.4    16:29     ESE
22    43.0   061.7   16:23    24.3   06:12     21.9     00.0   00.00   02.2     21.9    13:30     ENE
23    45.8   063.5   15:20    25.5   06:18     19.1     00.0   00.00   03.5     32.2    14:14      N 
24    51.8   067.1   16:06    35.1   06:13     13.2     00.0   00.00   03.3     28.8    14:24     NNW
25    43.1   053.2   11:04    28.8   04:09     21.9     00.0   00.08   01.0     14.9    15:08      E 
26    42.7   052.9   16:30    26.8   00:00     22.2     00.0   00.04   04.7     33.4    12:20      N 
27    41.1   059.5   14:18    19.8   06:01     23.8     00.0   00.00   02.4     19.6    13:15     ENE
28    41.8   055.2   15:25    28.2   00:00     23.1     00.0   00.00   02.1     19.6    13:26      E 
29    45.1   063.0   15:07    22.6   06:09     19.8     00.0   00.00   02.1     19.6    12:22      SE
30    46.2   051.6   16:19    41.2   08:04     18.7     00.0   00.08   00.7     14.9    16:07     WSW
--------------------------------------------------------------------------------------------------------
44.1 (44.3)   77.2  day 14     18.5  day 06   624.1    000.0   00.00   03.2     50.6   day 08      NW
Min  .08in) 0 (> 0.8in)