NOAA-Style Climate Reports


Report for 2012 April
                  MONTHLY CLIMATOLOGICAL SUMMARY FOR 4/2012
                                        HEAT  COOL        
     MEAN                               DEG   DEG       WIND SPEED       DOM MEAN  MEAN
DAY  TEMP  HIGH   TIME     LOW   TIME   DAYS  DAYS RAIN AVG  HI  TIME    DIR BAROM HUM
---------------------------------------------------------------------------------------
1    45.9  59.7   3:47pm  34.5   7:18am   17    0  0.00   1  14  11:35am   E 29.75   75
2    44.4  57.7   3:09pm  33.3   3:51am   19    0  0.00   2  22   1:22pm   E 29.95   67
3    47.0  63.0   4:57pm  32.4  11:57pm   18    0  0.04   2  23   3:04pm NNE 29.93   61
4    44.6  64.8   2:55pm  27.5   5:16am   20    0  0.00   2  24   1:52pm   E 30.00   50
5    37.8  53.4   5:26pm  27.0  11:58pm   10    0  0.00   1  17   6:28pm   E 30.15   40
6    40.0  61.3   3:23pm  18.5   6:10am   25    0  0.00   2  25   3:59pm WSW 30.24   44
7    45.2  63.5   2:13pm  23.2   6:17am   20    0  0.00   4  29   1:43pm WSW 30.12   51
8    47.1  61.3   4:53pm  34.2   4:15am   18    0  0.00   7  51  12:00pm WNW 30.00   47
9    39.9  53.6  11:42am  28.0   6:41am   25    0  0.00   5  36  12:17pm  NW 29.90   45
10   35.7  46.9   5:20pm  26.8   1:38am   29    0  0.00   6  36   1:41pm  NW 30.01   48
11   40.7  56.7   5:13pm  27.3  11:56pm   24    0  0.00   3  23  11:40am  NW 30.20   50
12   40.1  62.6   4:02pm  20.1   6:14am   25    0  0.00   2  24   4:50pm   E 30.17   53
13   44.0  62.1   2:08pm  23.0   5:48am   21    0  0.00   4  24  11:25am  SW 30.08   52
14   60.3  77.2   3:39pm  48.4   5:00am    8    3  0.00   7  38   1:35pm WSW 29.76   47
15   54.7  67.1  10:46pm  48.7   2:35am   10    0  0.00   1  32  10:43pm ESE 29.57   79
16   46.1  66.6  12:26am  29.8  10:27pm   19    0  0.31   8  45   2:04pm   W 29.56   77
17   37.4  54.0   3:26pm  28.8   5:41am   28    0  0.00   3  20  10:14am WSW 30.26   57
18   45.6  64.8   3:59pm  30.6  12:21am   19    0  0.12   5  49   3:16pm WSW 29.95   73
19   39.2  48.7   1:16pm  32.7   6:15am   26    0  0.20   1  19   1:53pm   E 29.98   68
20   39.2  52.3   3:14pm  27.7  11:51pm   26    0  0.63   2  17   2:53pm  NE 29.94   71
21   39.8  56.7   3:12pm  24.6   5:48am   25    0  0.00   2  18   4:56pm   E 30.02   52
22   42.8  61.7   4:33pm  24.3   5:58am   22    0  0.00   2  22   1:46pm   E 30.10   46
23   45.8  63.5   3:34pm  25.5   6:19am   19    0  0.00   3  33   2:15pm NNE 29.96   37
24   51.7  67.3   2:58pm  35.1   6:11am   13    0  0.00   4  29  11:27am  NW 29.67   35
25   43.1  53.2  11:01am  28.8   3:32am   22    0  0.08   2  21   1:43pm WSW 29.72   57
26   42.9  52.9   4:21pm  26.8  11:49pm   22    0  0.04   5  34  12:38pm NNE 29.94   58
27   41.0  59.7   2:31pm  19.8   5:52am   24    0  0.00   2  26   2:44pm   E 30.19   43
28   41.7  55.4   3:46pm  28.2  11:59pm   23    0  0.00   2  19   9:24am   E 30.20   46
29   44.6  63.1   3:11pm  22.6   5:25am   20    0  0.00   3  20  11:37am   E 30.21   45
30   46.3  51.6   3:58pm  41.2   7:58am   19    0  0.08   0  15   6:26am   W 29.94   72
---------------------------------------------------------------------------------------
TOT  43.9  77.2  4/14/12  18.5   4/6/12  615    3  1.50   3  51   4/8/12  NW 29.98   55

HEAT BASE: 65.0
COOL BASE: 65.0