NOAA-Style Climate Reports


Report for 2012 March
                  MONTHLY CLIMATOLOGICAL SUMMARY FOR 3/2012
                                        HEAT  COOL        
     MEAN                               DEG   DEG       WIND SPEED       DOM MEAN  MEAN
DAY  TEMP  HIGH   TIME     LOW   TIME   DAYS  DAYS RAIN AVG  HI  TIME    DIR BAROM HUM
---------------------------------------------------------------------------------------
1    31.1  33.3   1:14pm  28.8   3:06am   33    0  0.00   0  14   2:25am WNW 29.70   96
2    27.6  31.8  12:54pm  14.4  10:37pm   33    0  0.12   1  21   2:56pm WNW 29.52   87
3    27.6  31.8  12:54pm  14.4  10:37pm   33    0  0.12   1  21   2:56pm WNW 29.52   87
4    17.2  23.9   1:23pm   4.1  11:59pm   45    0  0.00   0  17  10:47am WNW 29.85   72
5    17.2  32.9   1:30pm  -2.6   4:20am   46    0  0.04   3  19   1:21pm SSE 30.13   71
6    30.8  46.4   2:49pm  15.3   6:20am   32    0  0.24   2  18  10:45am   S 29.84   72
7    43.9  53.8  12:55pm  31.3  12:04am   21    0  0.04   3  28  12:26pm  SW 29.64   80
8    33.0  39.4   3:43pm  27.0  11:57pm   31    0  0.00   8  36   9:16pm   W 29.90   60
9    25.3  33.6   3:28pm  18.9   6:30am   38    0  0.00   5  41  12:21am WNW 30.33   47
10   40.0  59.4   3:01pm  25.7  12:00am   24    0  0.00   5  33  10:14am  SW 30.03   46
11   50.3  68.2   4:15pm  36.7   5:45am   13    0  0.00   4  27  11:06am  SW 29.97   44
12   43.2  50.0   5:15pm  38.5   1:18am   22    0  0.94   1  14   5:42pm  SW 29.73   88
13   46.3  61.9   3:56pm  29.8  11:57pm   18    0  0.00   6  33   1:20pm   W 29.88   57
14   47.6  75.4   4:35pm  27.1   5:26am   18    1  0.00   2  19   3:18pm  SW 29.87   57
15   51.8  70.0   4:04pm  36.5   3:26am   13    1  0.00   1  13   2:35pm   E 29.96   56
16   47.5  69.4   3:23pm  28.8   6:15am   16    1  0.00   2  17   3:00pm   E 30.01   54
17   57.4  79.7   4:05pm  34.5   6:47am   11    4  0.00   4  38   2:36pm WSW 29.90   65
18   59.1  80.6   4:36pm  39.2   7:23am    9    4  0.00   3  31   3:01pm WSW 29.88   69
19   61.0  79.2   2:15pm  41.9   7:05am    8    4  0.00   3  30   5:32pm SSW 29.88   68
20   64.2  81.3   2:19pm  48.2   7:39am    5    5  0.00   4  39   1:28pm WSW 29.89   66
21   63.5  84.9   2:15pm  45.3   5:22am    7    5  0.00   4  35  12:12pm WSW 29.98   59
22   58.1  66.6   4:18pm  51.6  11:01pm    7    0  0.00   1  17  12:13pm   E 30.10   76
23   51.7  55.6   1:02pm  48.9   6:26am   13    0  0.04   0  12   1:08pm   E 29.97   96
24   50.7  60.8   5:00pm  45.5   7:19am   14    0  0.00   0  15  11:51am ESE 29.88   87
25   47.8  64.4   3:42pm  30.7  11:59pm   17    0  0.00   3  29   2:14pm NNE 30.04   61
26   33.5  48.4   3:10pm  18.9   7:16am   31    0  0.00   2  17  11:45am   E 30.35   48
27   43.4  61.9  11:06pm  31.6  12:17am   20    0  0.00   6  50  11:17pm SSW 29.84   54
28   47.6  60.1  12:00am  38.5  11:56pm   17    0  0.00   8  40  12:03am  NW 29.79   52
29   38.6  49.3   3:13pm  32.7  11:54pm   26    0  0.00   2  17   1:55pm   E 30.10   59
30   33.3  34.3   2:07pm  31.3   1:31am   30    0  0.16   1  16  12:10pm   E 29.91   85
31   37.2  41.2  12:56pm  33.3   2:58am   27    0  0.04   2  20   1:39pm WSW 29.90   89
---------------------------------------------------------------------------------------
TOT  43.0  84.9  3/21/12  -2.6   3/5/12  677   24  1.69   3  50  3/27/12 WSW 29.92   68

HEAT BASE: 65.0
COOL BASE: 65.0