NOAA-Style Climate Reports


Report for 2012 March

Daily NOAA report



                            MONTHLY CLIMATOLOGICAL SUMMARY for MAR. 2012

NAME: Athelstane Weather   CITY: Athelstane STATE: Wisconsin
ELEV: 812 LAT: 045:23:00 LONG: 0088:07:00

                            TEMPERATURE ( °F), RAIN (in.), WIND SPEED (mph)

                                               HEAT     COOL           AVG
      MEAN                                     DEG      DEG            WIND                       DOM
DAY   TEMP    HIGH   TIME     LOW    TIME      DAYS     DAYS    RAIN   SPEED    HIGH    TIME      DIR
--------------------------------------------------------------------------------------------------------
01    31.1   033.3   13:17    28.8   06:30     33.9     00.0   00.00   00.1     13.8    02:28      W 
02    31.9   034.2   18:47    26.2   05:26     33.0     00.0   00.08   00.2     14.9    20:17     WNW
03    27.3   032.0   12:16    14.4   22:29     37.6     00.0   00.12   02.0     20.7    14:29      NW
04    17.2   023.7   13:14    04.1   00:00     47.7     00.0   00.00   00.4     17.3    13:06     NNE
05    17.6   032.7   13:18   -02.4   04:16     47.3     00.0   00.04   02.6     19.6    14:29      S 
06    31.4   046.4   15:19    15.3   06:14     33.6     00.0   00.24   01.8     20.7    10:06     SSW
07    44.0   053.6   13:00    31.3   00:05     21.0     00.0   00.04   03.3     27.6    20:29      SW
08    33.1   039.2   15:22    27.0   00:00     31.9     00.0   00.00   07.2     35.6    21:14      W 
09    25.4   033.6   15:20    18.9   06:19     39.5     00.0   00.00   06.0     41.4    00:14      NW
10    40.2   059.2   15:04    25.7   01:19     24.7     00.0   00.00   05.7     32.2    14:29     SSW
11    49.9   068.2   16:09    37.0   01:04     15.0     00.0   00.00   10.0     29.9    09:16      W 
12    44.1   050.0   17:10    38.7   21:06     20.9     00.0   00.94   02.9     13.8    17:20     ESE
13    46.0   061.9   15:30    29.7   00:00     18.9     00.0   00.00   06.3     32.2    13:15      W 
14    46.9   075.4   16:19    27.1   07:12     18.0     00.0   00.00   01.8     19.6    17:07     SSW
15    51.5   069.8   16:04    36.3   00:00     13.4     00.0   00.00   00.6     13.8    15:23      NE
16    48.1   069.4   15:19    28.8   07:16     16.8     00.0   00.00   01.6     17.3    15:08     ESE
17    57.6   079.7   16:18    34.5   06:28     07.4     00.0   00.00   03.1     38.0    14:22     SSW
18    60.3   080.6   16:20    39.2   07:21     04.6     00.0   00.00   02.4     31.1    15:07     SSW
19    61.4   079.2   15:04    41.9   07:15     03.6     00.0   00.00   03.1     29.9    17:21     SSW
20    64.2   081.1   14:26    48.2   07:21     00.8     00.0   00.00   03.9     36.8    16:28     SSW
21    64.1   084.9   14:13    45.3   05:16     00.9     00.0   00.00   04.1     35.6    12:14      SW
22    58.1   066.6   16:11    51.6   23:07     06.8     00.0   00.00   01.1     16.1    09:07     ENE
23    51.8   055.6   13:04    48.9   07:10     13.2     00.0   00.04   00.2     11.5    19:14     ENE
24    51.0   060.8   17:10    45.5   08:04     13.9     00.0   00.00   00.4     14.9    12:00     ENE
25    47.9   064.4   15:24    30.7   00:00     17.1     00.0   00.00   03.2     21.9    16:23     NNW
26    33.3   048.2   15:17    18.9   07:09     31.7     00.0   00.00   02.2     16.1    17:05      E 
27    43.5   061.9   23:06    31.6   00:15     21.4     00.0   00.00   05.3     49.5    23:15      SW
28    47.3   059.7   00:04    38.5   00:00     17.7     00.0   00.00   08.0     40.3    04:23     WNW
29    38.5   049.3   15:09    32.7   00:00     26.4     00.0   00.00   01.6     16.1    16:23      E 
30    33.3   034.3   15:17    31.3   01:24     31.6     00.0   00.16   00.5     16.1    12:06      E 
31    37.2   041.2   12:29    33.3   03:13     27.8     00.0   00.04   02.1     19.6    13:23     SSW
--------------------------------------------------------------------------------------------------------
43.1 (43.4)   84.9  day 21    -02.4  day 05   678.0    000.0   00.00   03.0     49.5   day 21     WSW
Max