NOAA-Style Climate Reports


Report for 2012 February

Daily NOAA report



                            MONTHLY CLIMATOLOGICAL SUMMARY for FEB. 2012

NAME: Athelstane Weather   CITY: Athelstane STATE: Wisconsin
ELEV: 812 LAT: 045:23:00 LONG: 0088:07:00

                            TEMPERATURE ( °F), RAIN (in.), WIND SPEED (mph)

                                               HEAT     COOL           AVG
      MEAN                                     DEG      DEG            WIND                       DOM
DAY   TEMP    HIGH   TIME     LOW    TIME      DAYS     DAYS    RAIN   SPEED    HIGH    TIME      DIR
--------------------------------------------------------------------------------------------------------
01    32.8   038.1   15:28    23.2   00:00     32.1     00.0   00.12   02.4     28.8    02:28      W 
02    30.9   036.1   13:23    21.6   00:29     34.1     00.0   00.04   00.8     17.3    11:05      W 
03    31.9   044.1   15:13    18.3   00:00     33.0     00.0   00.04   00.4     13.8    12:29      W 
04    29.4   050.4   15:05    12.9   07:22     35.5     00.0   00.00   02.0     24.1    15:23     WNW
05    32.9   043.3   15:17    27.0   23:06     32.1     00.0   00.00   03.7     23.0    16:30     WSW
06    31.8   042.6   15:09    22.6   03:30     33.1     00.0   00.00   03.2     24.1    07:29      W 
07    21.8   030.2   00:03    08.6   00:00     43.1     00.0   00.00   01.9     17.3    11:24     NNE
08    22.1   038.5   15:01    06.3   03:14     42.8     00.0   00.00   05.4     24.1    15:06     WSW
09    26.0   039.4   15:09    11.8   04:01     38.9     00.0   00.00   05.0     33.4    15:14     WSW
10    13.5   025.9   00:29   -02.0   23:06     51.5     00.0   00.00   02.6     21.9    14:29     NNE
11    09.3   020.8   15:09   -05.6   06:22     55.6     00.0   00.00   05.8     35.6    18:23     WNW
12    22.1   039.4   15:05    09.3   07:02     42.9     00.0   00.00   07.4     29.9    14:21      W 
13    22.4   034.5   12:21    04.1   06:19     42.5     00.0   00.00   02.6     21.9    18:08      SW
14    29.6   036.3   13:22    24.4   05:09     35.4     00.0   00.04   01.2     20.7    14:02     WSW
15    33.9   045.1   15:09    28.6   23:30     31.0     00.0   00.00   02.1     21.9    10:14      SW
16    32.7   043.0   12:05    24.6   22:04     32.2     00.0   00.00   03.8     35.6    14:05      W 
17    29.3   040.3   12:14    18.9   07:10     35.7     00.0   00.00   02.2     27.6    13:23     WSW
18    23.7   035.6   15:22    11.1   00:00     41.3     00.0   00.04   02.2     25.3    11:06      W 
19    22.2   042.8   15:25    06.1   07:08     42.7     00.0   00.00   01.6     20.7    13:14     WSW
20    26.0   041.4   13:08    07.9   06:30     38.9     00.0   00.00   02.5     28.8    11:14      S 
21    32.9   036.1   11:15    26.6   01:19     32.0     00.0   00.00   03.5     34.5    21:07      SW
22    32.3   038.1   13:29    23.0   00:00     32.6     00.0   00.00   08.1     29.9    04:06     WSW
23    28.6   037.4   12:04    18.1   04:28     36.3     00.0   00.00   00.8     12.7    12:07      SW
24    29.6   034.2   13:27    22.6   00:00     35.3     00.0   00.00   02.9     23.0    14:14     WNW
25    23.4   032.2   12:27    14.2   00:00     41.6     00.0   00.00   04.2     23.0    11:07     WNW
26    26.8   035.6   22:08    12.6   02:09     38.1     00.0   00.00   03.5     32.2    23:09     ENE
27    30.3   039.2   15:17    16.7   00:00     34.6     00.0   00.00   07.3     32.2    09:06      W 
28    26.1   031.5   15:14    15.4   01:09     38.8     00.0   00.04   00.6     12.7    11:14     ENE
29    32.2   033.1   16:24    30.6   02:14     32.8     00.0   00.00   00.3     16.1    12:15      E 
--------------------------------------------------------------------------------------------------------
27.1 (26.6)   50.4  day 04    -05.6  day 11   1096.6    000.0   00.00   03.1     35.7   day 09      W 
Max