NOAA-Style Climate Reports


Report for 2012 February
                  MONTHLY CLIMATOLOGICAL SUMMARY FOR 2/2012
                                        HEAT  COOL        
     MEAN                               DEG   DEG       WIND SPEED       DOM MEAN  MEAN
DAY  TEMP  HIGH   TIME     LOW   TIME   DAYS  DAYS RAIN AVG  HI  TIME    DIR BAROM HUM
---------------------------------------------------------------------------------------
1    32.8  38.1  12:00am  23.2   9:42pm   31    0  0.12   4  29   2:44am   W 30.00   70
2    31.0  36.1   1:37pm  21.6  12:40am   33    0  0.04   1  17  11:00am WNW 30.21   81
3    32.4  44.1   3:15pm  18.3  11:58pm   31    0  0.04   1  14  11:04am WNW 30.40   73
4    29.2  50.5   3:04pm  12.9   7:13am   35    0  0.00   2  28  12:12pm WNW 30.21   62
5    32.9  43.3   3:27pm  27.0  11:04pm   31    0  0.00   4  23   4:55pm WSW 30.15   61
6    31.6  42.8   3:18pm  22.6   3:23am   63    0  0.00   3  24   7:48am WSW 30.01   65
7    21.8  30.2  12:00am   8.6  11:52pm   42    0  0.00   2  23  10:59am   N 30.36   56
8    22.1  38.5   2:53pm   6.3   3:15am   42    0  0.00   6  24  12:28pm WSW 30.20   41
9    25.9  39.4   2:45pm  11.8   4:02am   39    0  0.00   5  34   3:22pm  SW 29.95   43
10   13.6  25.9  12:29am  -2.0  11:04pm   49    0  0.00   2  22   2:51pm NNE 30.05   49
11    9.6  21.0   2:58pm  -5.6   5:22am   54    0  0.00   5  35   6:37pm WNW 30.18   43
12   22.8  39.4   3:04pm   9.3   6:37am   39    0  0.00   7  30   2:35pm WNW 30.07   38
13   23.1  34.5  12:26pm   4.1   6:36am   40    0  0.00   2  22   6:00pm  SW 29.88   45
14   29.7  36.3   1:43pm  24.4   4:39am   35    0  0.04   1  21   1:45pm WSW 29.76   69
15   34.1  45.3   3:13pm  28.6  11:47pm   30    0  0.00   2  22  10:22am  SW 29.92   70
16   32.8  43.0  12:10pm  24.6  10:06pm   31    0  0.00   4  35   2:12pm   W 29.92   63
17   29.2  40.5  12:27pm  18.9   6:50am   35    0  0.00   2  28   1:34pm  SW 29.97   67
18   24.3  35.8   2:55pm  11.1  11:58pm   73    0  0.04   2  25  11:05am WSW 30.09   60
19   23.4  42.8   3:46pm   6.1   6:39am   39    0  0.00   2  21   1:26pm  SW 30.10   36
20   26.3  41.4   1:12pm   7.9   6:41am   38    0  0.00   2  29  11:18am  SW 30.09   55
21   32.9  36.1  11:29am  26.6   1:17am   32    0  0.00   4  34   9:06pm  SW 29.52   81
22   32.4  38.1   1:53pm  23.0  11:59pm   32    0  0.00   8  32  10:26am WSW 29.36   57
23   28.6  37.4  12:04pm  18.1   4:49am   36    0  0.00   1  13  11:00am WSW 29.54   62
24   29.7  34.2   1:37pm  22.6  11:59pm   35    0  0.00   3  23  12:26pm WNW 29.64   66
25   23.9  32.2  12:49pm  14.4  11:54pm   72    0  0.00   4  23   1:50am WNW 30.01   59
26   27.0  35.6  10:02pm  12.6   1:50am  109    0  0.00   4  33  11:00pm WNW 29.96   74
27   30.4  39.2   2:53pm  16.7  11:37pm   33    0  0.00   7  33   3:59am   W 30.11   56
28   26.0  31.5   3:13pm  15.4   1:03am   37    0  0.04   1  13  11:23am   E 30.25   75
29   32.2  33.1   2:28pm  30.6   1:08am   33    0  0.00   0  17   1:41pm   E 29.55   97
---------------------------------------------------------------------------------------
TOT  27.3  50.5   2/4/12  -5.6  2/11/12 1227    0  0.31   3  35  2/11/12 WSW 29.98   61

HEAT BASE: 65.0
COOL BASE: 65.0