NOAA-Style Climate Reports


Report for 2012 January
                  MONTHLY CLIMATOLOGICAL SUMMARY FOR 1/2012
                                        HEAT  COOL        
     MEAN                               DEG   DEG       WIND SPEED       DOM MEAN  MEAN
DAY  TEMP  HIGH   TIME     LOW   TIME   DAYS  DAYS RAIN AVG  HI  TIME    DIR BAROM HUM
---------------------------------------------------------------------------------------
1    29.5  33.6  12:54am  21.2  11:53pm   33    0  0.00   6  44  11:37am WNW 29.65   79
2    15.1  21.4  12:48pm  -0.9  11:52pm   49    0  0.00   7  36  12:34am WNW 30.11   55
3     8.1  18.3   1:50pm  -4.7   7:27am   55    0  0.00   2  23  12:44pm WSW 30.12   48
4    20.6  30.7   4:07pm   5.5   8:04am   43    0  0.00   3  26  12:04pm WSW 29.86   58
5    28.6  39.4   3:00pm  19.0   6:48am   35    0  0.04   2  22   1:31pm  SW 29.68   70
6    36.8  49.8  12:53pm  24.1  11:13pm   27    0  0.00   4  30   2:22pm WSW 29.54   62
7    28.2  34.9   3:29am  13.8  11:20pm   35    0  0.00   4  30  12:49pm WNW 29.91   61
8    23.0  37.2   3:02pm  13.3   2:28am   40    0  0.00   2  25  12:55pm WSW 30.15   65
9    33.4  46.8   3:11pm  21.7  12:00am   31    0  0.00   5  36  11:30am  SW 29.82   66
10   30.2  46.2   3:12pm  18.0   7:39am   34    0  0.00   2  24  11:21am  SW 29.81   71
11   31.2  43.3   1:44pm  22.3   6:06am   33    0  0.00   0  15  11:52pm   E 29.57   79
12   21.7  34.7  12:00am  16.2   8:40pm   40    0  0.00   5  30   6:37pm   N 29.53   75
13   16.9  19.9   3:03am  10.8  11:31pm   46    0  0.00   3  30   3:55am   N 29.76   56
14   10.7  18.3   2:16pm  -2.0  11:56pm   53    0  0.00   0  14   1:15am   W 30.03   26
15   16.4  30.9   9:35pm  -2.7  12:26am   46    0  0.00   2  27  11:27pm  SW 30.08   48
16   30.8  36.3   1:40pm  26.6   7:44am   33    0  0.08   2  24   1:05am  SW 29.77   70
17   19.8  29.7  12:00am  12.4   8:01pm   44    0  0.00   5  33   3:04pm  NW 29.89   62
18   11.2  17.8  12:44pm  -2.2   7:38am   53    0  0.00   5  28   8:44pm  SW 29.93   49
19    1.6  15.6  12:00am -11.4  10:03pm   55    0  0.00   6  32   4:19am   W 29.88   23
20    0.4   9.0   2:23pm -12.6   2:06am   63    0  0.00   2  18   2:27pm WSW 30.12    5
21    7.8  19.2   1:08pm  -7.1   4:44am   56    0  0.00   2  17   1:31pm WSW 30.12   30
22   25.7  32.4  10:36pm  14.7  12:00am   36    0  0.00   1  16  10:59am   E 29.76   82
23   22.3  27.0   3:54pm  18.5   7:54am   17    0  0.00   6  27  10:35am   W 29.98   74
24   18.6  27.0   3:54pm   8.2  11:57pm   28    0  0.00   4  27  10:35am   W 30.07   75
25   21.6  30.4   3:03pm   7.7  12:14am   43    0  0.00   1  18   9:45am WSW 30.15   79
26   29.1  32.5  11:46pm  27.5   7:26am   35    0  0.00   3  21  11:06am  SW 29.73   90
27   32.5  41.0   1:20pm  23.9   7:34am   32    0  0.04   5  30   4:27am  SW 29.70   64
28   24.3  30.9  12:00am  18.0  11:47pm   33    0  0.00   7  39   2:08pm   W 29.74   67
29   13.3  24.3  12:35pm  -1.7  11:49pm   50    0  0.00   3  30   2:20pm WSW 29.95   54
30   15.2  28.9   3:58pm  -2.6   1:03am   49    0  0.00   0  11  10:42am   E 29.88   64
31   28.2  40.1   3:01pm  16.0   1:08am   36    0  0.12   1  23  11:59pm WSW 29.64   81
---------------------------------------------------------------------------------------
TOT  21.3  49.8   1/6/12 -12.6  1/20/12 1263    0  0.35   3  44   1/1/12 WSW 29.85   61

HEAT BASE: 65.0
COOL BASE: 65.0