NOAA-Style Climate Reports


Report for 2011 December
                  MONTHLY CLIMATOLOGICAL SUMMARY FOR 12/2011
                                        HEAT  COOL        
     MEAN                               DEG   DEG       WIND SPEED       DOM MEAN  MEAN
DAY  TEMP  HIGH   TIME     LOW   TIME   DAYS  DAYS RAIN AVG  HI  TIME    DIR BAROM HUM
---------------------------------------------------------------------------------------
1    30.0  35.1  11:22am  16.5  11:15pm   33    0  0.00   0  19   6:36pm  NW 30.20   83
2    18.6  30.7   2:56pm   5.7   7:17am   45    0  0.00   2  19  10:30am  SW 30.29   66
3    32.6  35.1   1:46pm  23.7  12:00am   30    0  0.59   2  23   3:01am  SW 30.01   94
4    32.9  36.9  11:53am  28.0  11:59pm   31    0  0.16   2  22  11:44am  NW 29.97   90
5    25.3  31.1  12:59pm  14.2  11:58pm   39    0  0.00   1  17   1:13pm WNW 30.33   69
6    16.6  26.4  12:47pm   7.0   7:12am   47    0  0.00   1  22   9:19pm  SW 30.21   51
7    20.0  27.0   3:15pm  12.7  10:49pm   43    0  0.00   4  26  12:25am WSW 29.89   66
8    18.4  26.6  12:04pm   6.8  11:29pm   87    0  0.00   6  42   1:31pm WSW 29.99   54
9     8.2  18.7   2:58pm   1.2   7:27am   56    0  0.00   3  28  10:19am WSW 30.15   21
10   10.7  20.8   1:37pm  -2.2   4:55am   51    0  0.00   2  25  11:38am  SW 30.22   30
11   30.4  47.3   2:56pm  17.1  12:00am   34    0  0.00   6  35  10:50pm  SW 30.10   67
12   34.4  35.8  10:04am  33.3   3:23am   29    0  0.08   1  17   1:03am  SW 30.22   88
13   34.0  35.8  12:04pm  32.4   6:51am   31    0  0.00   0  11  10:22am   E 30.29   97
14   34.9  37.6   1:49pm  32.7   6:02am   29    0  0.24   0   0  12:00am   N 29.87  100
15   32.7  38.5  11:41am  25.3  11:59pm   32    0  0.00   7  42   2:26pm   W 29.67   80
16   24.1  26.8   1:19pm  21.0  11:56pm   40    0  0.00   2  24  12:52am WNW 30.25   64
17   20.4  27.5  11:06pm   8.2   7:38am   44    0  0.00   3  22  11:56am WSW 30.12   65
18   30.4  35.4   3:01pm  25.3   6:19am   32    0  0.00   3  26  10:22am  SW 29.84   68
19   31.1  36.0   9:42am  24.6   3:38am   33    0  0.00   1  20  11:20am WNW 29.94   70
20   27.5  34.9   2:58pm  20.8   8:43pm   36    0  0.00   3  30   1:41pm  SW 29.98   60
21   26.9  40.6   2:47pm  11.5   7:47am   37    0  0.00   1  15  10:54am WSW 29.69   68
22   27.9  31.8  12:55am  20.5  11:58pm   36    0  0.00   2  21   1:12pm WNW 30.11   60
23   17.8  22.3  12:53pm   9.0   6:23am   80    0  0.00   1  18  11:04am WNW 30.13   67
24   24.3  32.9   2:55pm  17.4  12:12am   39    0  0.00   2  24  12:07pm WSW 30.02   78
25   31.5  37.2  12:47pm  19.9   5:21am   32    0  0.04   4  30   7:52am WNW 29.97   69
26   32.9  42.3   2:59pm  23.5   5:48am   32    0  0.04   5  38   2:29pm  SW 29.86   65
27   25.7  36.5   7:37am  13.5   8:02pm   39    0  0.00   5  32  11:29am   N 29.71   67
28   16.6  21.4   1:51pm  10.2   7:37am   47    0  0.00   1  21   2:28pm WSW 29.92   44
29   24.6  30.0   1:39pm  16.2  12:30am   40    0  0.00   0  17   6:41pm WNW 29.57   78
30   20.1  30.7   2:22pm   9.7   6:44am   83    0  0.00   0  12  12:58pm WNW 29.70   83
31   22.2  32.7  11:49pm  10.4   5:52am   41    0  0.00   0  16  12:42pm WSW 29.79   88
---------------------------------------------------------------------------------------
TOT  25.3  47.3 12/11/11  -2.2 12/10/11 1308    0  1.14   2  42  12/8/11 WSW 30.00   69

HEAT BASE: 65.0
COOL BASE: 65.0