NOAA-Style Climate Reports


Report for 2011 November
                  MONTHLY CLIMATOLOGICAL SUMMARY FOR 11/2011
                                        HEAT  COOL        
     MEAN                               DEG   DEG       WIND SPEED       DOM MEAN  MEAN
DAY  TEMP  HIGH   TIME     LOW   TIME   DAYS  DAYS RAIN AVG  HI  TIME    DIR BAROM HUM
---------------------------------------------------------------------------------------
1    44.3  59.2   3:40pm  35.8   6:21am   20    0  0.00   1  22  12:20pm WSW 29.98   79
2    42.8  47.3   2:41am  36.1  11:59pm   22    0  0.20   0  24   3:12pm WNW 30.04   92
3    36.0  52.9   3:47pm  25.5  11:39pm   28    0  0.00   0  17   1:23pm WNW 30.17   81
4    33.7  54.5   3:37pm  21.6   7:16am   30    0  0.00   1  18   4:00pm  SW 30.26   70
5    37.1  52.7   3:26pm  23.5   6:45am   28    0  0.00   2  22   1:54pm  SW 30.11   73
6    47.0  55.9   3:08pm  33.3   1:55am   18    0  0.00   5  31  11:14pm  SW 29.84   75
7    41.4  56.5   2:38pm  30.6   9:10pm   23    0  0.00   5  40  12:51pm  SW 30.07   51
8    38.4  43.3   3:03pm  32.5  12:00am   26    0  0.00   0  12   2:31pm   E 30.13   68
9    35.0  38.3  12:00am  32.9  10:09am   30    0  0.28   4  29   9:08pm  NW 29.79   90
10   33.4  40.1   2:40pm  27.0  10:28pm   31    0  0.31   4  24  12:57pm   W 29.80   82
11   32.0  37.9   2:43pm  24.1   7:07am   32    0  0.04   4  26  11:26am  SW 29.75   72
12   36.4  52.2   2:26pm  24.6   6:15am   60    0  0.16   0  13  11:48am  SW 29.56   75
13   45.3  54.0   2:43pm  39.0   2:23am   18    0  0.00   4  25  10:51am WSW 29.28   80
14   38.5  49.3   1:48pm  28.4   6:42am   43    0  0.00   3  25  12:00am WSW 29.48   71
15   35.3  49.6   2:30pm  25.9   4:48am   29    0  0.04   3  29  10:41pm WSW 29.62   73
16   32.8  38.5   2:25pm  26.6  11:42pm   31    0  0.00   8  39   2:46pm   W 29.86   47
17   26.0  32.7  12:10pm  19.6  10:03pm   39    0  0.00   6  31   8:57am   W 30.00   53
18   30.9  42.8   2:19pm  21.4   2:52am   33    0  0.00   2  26  11:19am  SW 29.81   56
19   32.5  38.8  10:49am  25.9   2:44am   32    0  0.00   0  18  11:48pm  SW 29.75   77
20   26.6  32.5  12:00am  24.3   9:59pm   37    0  0.00   1  18  12:00am WNW 30.23   80
21   26.8  36.5   2:36pm  19.4  11:43pm   38    0  0.00   1  24   1:24pm WSW 30.30   78
22   28.9  39.0   2:41pm  19.4  12:00am   73    0  0.08   0   0  12:00am WSW 30.12   86
23   30.6  41.4   2:38pm  21.4   5:55am   34    0  0.16   3  20  12:36pm  SW 30.04   90
24   39.3  47.3   2:37pm  33.1  12:00am   25    0  0.08   4  30  12:17pm  SW 29.92   90
25   42.4  50.9  12:56pm  33.3   4:57am   22    0  0.00   2  18   9:11am  SW 29.76   93
26   45.1  48.7   2:43pm  36.9  11:58pm   19    0  0.16   1  23  11:30pm WSW 29.72   98
27   32.2  36.9  12:00am  29.1  11:56pm   31    0  0.04   3  26   5:07am WNW 29.95   78
28   28.5  35.4   2:51pm  23.9   9:16pm   36    0  0.00   2  22   9:10am WSW 30.06   74
29   28.9  36.1   1:24pm  20.8   1:50am   36    0  0.00   2  23   2:13pm   N 30.09   67
30   29.8  45.1  12:28pm  13.1   5:37am   34    0  0.00   1  21   7:42pm WSW 29.94   59
---------------------------------------------------------------------------------------
TOT  35.2  59.2  11/1/11  13.1 11/30/11  957    0  1.54   2  40  11/7/11 WSW 29.92   75

HEAT BASE: 65.0
COOL BASE: 65.0