NOAA-Style Climate Reports


Report for 2011 October
                  MONTHLY CLIMATOLOGICAL SUMMARY FOR 10/2011
                                        HEAT  COOL        
     MEAN                               DEG   DEG       WIND SPEED       DOM MEAN  MEAN
DAY  TEMP  HIGH   TIME     LOW   TIME   DAYS  DAYS RAIN AVG  HI  TIME    DIR BAROM HUM
---------------------------------------------------------------------------------------
1    41.7  62.2   4:09pm  28.9   6:41am   23    0  0.00   1  17   2:27pm WNW 30.27   69
2    49.9  75.7   4:17pm  28.6   2:18am   15    1  0.00   1  18   2:54pm   W 30.17   61
3    53.4  75.4   4:07pm  38.7   6:14am   13    1  0.00   0  14  12:24pm ESE 30.20   66
4    55.9  76.8   3:24pm  38.5   6:54am   11    2  0.00   1  20  11:20am WSW 30.19   68
5    58.2  79.2   3:23pm  41.4   7:04am    9    3  0.00   1  16   2:08pm WSW 30.18   68
6    57.8  80.1   3:35pm  43.3   6:56am   10    3  0.00   1  22   3:16pm WSW 30.20   70
7    60.5  80.2   3:01pm  40.8   7:10am   18    7  0.00   2  38   1:55pm WSW 30.16   68
8    66.5  82.4   3:10pm  55.6   5:14am    3    5  0.00   3  33   1:31pm WSW 30.14   61
9    63.2  82.9   3:09pm  49.3   7:26am    6    4  0.00   1  21   3:10pm WSW 30.22   63
10   58.2  76.5   3:29pm  41.9   6:50am    9    2  0.00   1  18   3:41pm   E 30.12   66
11   60.1  75.7   3:25pm  45.3   5:33am    7    2  0.31   1  24   2:08pm WSW 29.95   73
12   60.2  74.1   4:03pm  47.7  11:59pm    5    1  0.00   0  14   4:04pm   E 29.80   87
13   52.3  58.1  12:58pm  45.0   3:50am   13    0  0.79   0  13  11:12pm   E 29.53   96
14   49.2  52.9  11:51am  44.6   8:35pm   16    0  0.00   9  45  11:24pm   W 29.40   77
15   48.0  55.2   3:44pm  42.4   8:29pm   32    0  0.00  10  41   4:08am   W 29.56   50
16   49.5  57.9   1:14pm  40.3   5:42am   15    0  0.00   9  47   2:17pm   W 29.61   46
17   49.1  56.7   1:39pm  42.8   7:29am   16    0  0.00   9  38  11:12am   W 29.60   47
18   44.7  54.5   3:31pm  37.0  11:59pm   20    0  0.00   2  26  10:23am WNW 29.83   61
19   41.3  49.3   2:27pm  33.3   2:33am   23    0  0.00   3  20  11:01pm   N 29.91   76
20   42.3  46.0   4:09pm  36.7  11:57pm   22    0  0.00   6  33   7:12am   N 29.71   70
21   39.1  57.7   3:54pm  28.2   6:34am   25    0  0.00   2  19   2:31pm   W 29.93   70
22   41.0  59.9   2:25pm  27.7   7:26am   24    0  0.00   2  21   1:26pm WNW 29.97   66
23   39.4  54.3   2:55pm  24.8   7:18am   23    0  0.16   1  28  10:30pm WSW 29.83   81
24   42.8  59.2   4:14pm  34.5   7:37am   21    0  0.00   3  28   2:28pm   W 29.90   71
25   39.7  43.3   1:04pm  36.9  10:10pm   24    0  0.04   0  16   3:17pm   E 30.01   81
26   39.7  49.8   2:46pm  32.2  10:39pm   24    0  0.00   1  18  11:15am WNW 29.97   82
27   34.7  48.6   3:41pm  26.2  11:33pm   30    0  0.00   1  22   2:40pm   W 30.01   76
28   36.1  51.1   3:04pm  21.7   6:16am   28    0  0.00   1  21   4:03pm WSW 30.03   67
29   34.1  50.7   2:48pm  23.4   7:41am   30    0  0.00   1  20  11:58am   W 30.00   68
30   34.7  46.4  12:47pm  21.2   6:16am   28    0  0.31   0  15   2:53pm   E 29.95   84
31   41.2  43.9   3:21pm  37.9   6:25am   23    0  0.00   0  13  11:11am WSW 29.94   97
---------------------------------------------------------------------------------------
TOT  47.9  82.9  10/9/11  21.2 10/30/11  568   32  1.61   2  47 10/16/11   W 29.94   70

HEAT BASE: 65.0
COOL BASE: 65.0