NOAA-Style Climate Reports


Report for 2011 September
                  MONTHLY CLIMATOLOGICAL SUMMARY FOR 9/2011
                                        HEAT  COOL        
     MEAN                               DEG   DEG       WIND SPEED       DOM MEAN  MEAN
DAY  TEMP  HIGH   TIME     LOW   TIME   DAYS  DAYS RAIN AVG  HI  TIME    DIR BAROM HUM
---------------------------------------------------------------------------------------
1    70.9  86.9   3:19pm  56.5   4:56am    2    8  0.00   2  19   3:25pm   E 29.89   76
2    74.4  86.4   3:20pm  66.6   2:17am    0    9  0.04   2  21   3:40pm WSW 29.79   83
3    65.3  69.1   2:54pm  60.3   9:27am    1    1  0.79   1  20   9:43pm WSW 29.84   94
4    56.5  66.7  11:14am  44.2  11:56pm    8    0  0.00   3  24   9:43am   W 29.91   81
5    51.2  65.7   3:14pm  40.3  11:59pm   13    0  0.00   1  17  12:55pm   W 30.14   72
6    51.8  72.5   4:49pm  33.8   6:20am   14    1  0.00   1  17   2:17pm ESE 30.20   66
7    57.8  79.5   4:57pm  36.7   6:30am   10    3  0.00   1  18   2:41pm ESE 30.21   65
8    64.4  82.9   3:06pm  50.0   3:30am    6    5  0.00   1  18   3:21pm   E 30.15   62
9    64.2  85.1   5:08pm  46.0   6:31am   12   11  0.00   1  17   3:23pm ESE 30.01   60
10   66.4  86.5   3:35pm  50.4   6:29am    5    6  0.00   0  13   3:24pm ESE 30.01   67
11   70.0  87.4   2:42pm  56.7   6:29am    2    7  0.00   3  25   3:12pm WSW 29.90   67
12   71.8  86.9   2:01pm  55.9   6:32am    2    9  0.00   5  34   3:37pm WSW 29.75   62
13   60.3  71.8   3:48pm  50.0   9:34pm    5    1  0.00   3  25  10:05am WNW 29.84   52
14   49.3  57.0  12:27am  36.1  11:56pm   15    0  0.00   5  29   2:40pm WNW 30.05   54
15   44.5  60.4   5:12pm  32.5  11:47pm   20    0  0.00   3  26  11:20am WNW 30.29   62
16   44.9  62.8   3:11pm  28.9   6:11am   19    0  0.00   1  22  11:20am WSW 30.31   59
17   43.1  64.4   3:49pm  28.9   5:32am   35    0  0.00   1  17  11:56am WSW 30.30   68
18   53.3  69.1  12:55pm  35.4   5:37am   12    0  0.20   2  24   2:21pm WSW 30.11   73
19   60.0  74.3   3:50pm  43.7  11:56pm    6    2  0.43   2  33   3:10pm WNW 29.88   74
20   54.8  70.5   2:38pm  36.1   6:37am   11    1  0.00   2  21  10:42pm WSW 29.91   77
21   57.5  62.4  12:00am  51.8   7:36am    7    0  0.00   4  38   5:15pm WSW 29.75   73
22   49.1  54.3   2:41pm  45.7   5:37am   15    0  0.00   2  20  12:36am   W 30.01   74
23   48.9  58.1   4:34pm  38.7  11:49pm   15    0  0.00   0  14  12:50pm WNW 30.06   83
24   46.6  55.8   1:01pm  37.8   5:44am   18    0  0.28   1  15  10:21am WSW 30.02   94
25   53.5  61.2   1:48pm  46.4   1:26am   11    0  0.16   0  16  12:52pm   E 29.99   97
26   56.6  61.5   3:59pm  50.4  11:47pm    8    0  1.06   1  18   1:33pm   E 29.80  100
27   54.2  66.2   4:34pm  43.7  11:59pm   10    0  0.00   0  15  11:10am WSW 29.81   89
28   54.4  71.4   3:19pm  40.3   6:26am   11    1  0.00   0  14   3:19pm ESE 29.80   80
29   46.7  54.5   1:06pm  35.1  10:59pm   14    0  0.00   4  27   5:06am WNW 30.06   64
30   46.5  54.5   1:06pm  34.5  11:53pm   14    0  0.00   4  27   5:06am WNW 30.06   65
---------------------------------------------------------------------------------------
TOT  56.7  87.4  9/11/11  28.9  9/16/11  323   64  3.90   2  38  9/21/11   W 29.98   74

HEAT BASE: 65.0
COOL BASE: 65.0