NOAA-Style Climate Reports


Report for 2011 September

Daily NOAA report



                            MONTHLY CLIMATOLOGICAL SUMMARY for SEP. 2011

NAME: Athelstane Weather   CITY: Athelstane STATE: Wisconsin
ELEV: 812 LAT: 045:23:00 LONG: 0088:07:00

                            TEMPERATURE ( °F), RAIN (in.), WIND SPEED (mph)

                                               HEAT     COOL           AVG
      MEAN                                     DEG      DEG            WIND                       DOM
DAY   TEMP    HIGH   TIME     LOW    TIME      DAYS     DAYS    RAIN   SPEED    HIGH    TIME      DIR
--------------------------------------------------------------------------------------------------------
01    69.7   086.7   15:10    56.3   05:09     00.0     04.8   00.00   01.9     19.6    15:15      SE
02    74.0   086.4   15:12    66.6   02:15     00.0     09.1   00.04   01.4     20.7    15:22      W 
03    65.5   069.1   15:25    60.3   09:19     00.0     00.6   00.79   00.8     19.6    21:29      S 
04    57.8   067.5   12:06    44.2   00:00     07.1     00.0   00.00   03.5     27.6    12:07      W 
05    53.1   065.7   16:27    40.3   00:00     11.9     00.0   00.00   00.5     16.1    12:30      NW
06    51.5   072.5   16:28    33.8   06:15     13.4     00.0   00.00   00.8     16.1    14:15     ESE
07    57.5   079.3   16:29    36.7   06:25     07.5     00.0   00.00   00.8     18.4    14:22     ENE
08    64.2   082.8   15:21    50.0   04:06     00.7     00.0   00.00   00.8     18.4    15:16     ENE
09    63.9   084.9   17:04    46.0   06:22     01.1     00.0   00.00   00.6     16.1    15:14      NE
10    66.5   086.5   15:19    50.4   07:01     00.0     01.5   00.00   00.8     13.8    15:14      E 
11    70.4   087.4   14:24    56.7   06:25     00.0     05.5   00.00   03.0     25.3    16:07     WSW
12    71.9   086.7   15:05    55.9   06:24     00.0     06.9   00.00   04.7     34.5    15:22      SW
13    60.0   071.8   16:09    50.0   21:26     04.9     00.0   00.00   04.2     25.3    10:06     WNW
14    49.1   057.0   00:24    36.1   00:00     15.9     00.0   00.00   04.2     28.8    14:22     WNW
15    44.1   060.1   17:08    32.5   23:30     20.9     00.0   00.00   03.1     26.4    14:00     WNW
16    44.6   062.8   15:09    28.9   06:24     20.4     00.0   00.00   02.1     21.9    11:14     WSW
17    46.6   066.7   16:10    28.9   05:26     18.4     00.0   00.00   01.5     19.6    16:20      SW
18    53.2   068.9   13:00    35.4   05:24     11.7     00.0   00.20   02.0     24.1    14:15     WNW
19    59.5   074.1   16:12    43.7   00:00     05.4     00.0   00.43   02.4     32.2    15:07      W 
20    55.1   070.3   15:09    36.1   06:24     09.8     00.0   00.00   01.6     20.7    22:23     WSW
21    57.4   062.4   15:21    51.8   07:21     07.5     00.0   00.00   03.9     38.0    17:14      SW
22    49.2   054.3   14:24    45.7   07:06     15.8     00.0   00.00   02.6     19.6    14:09      W 
23    49.1   058.1   16:17    38.7   00:00     15.8     00.0   00.00   00.3     13.8    13:28      NW
24    47.1   055.8   13:04    37.8   06:02     17.8     00.0   00.28   01.0     14.9    10:14      W 
25    53.6   061.2   13:24    46.4   01:21     11.4     00.0   00.16   00.3     16.1    12:30      E 
26    56.5   061.5   16:09    50.4   00:00     08.5     00.0   01.06   01.3     18.4    13:22      E 
27    53.9   066.2   16:29    43.7   00:00     11.1     00.0   00.00   00.2     14.9    11:06     SSW
28    54.1   071.4   15:19    40.3   07:15     10.9     00.0   00.00   00.3     13.8    15:14     ESE
29    51.7   057.4   14:13    45.7   07:00     13.2     00.0   00.00   02.7     48.3    19:15      W 
--------------------------------------------------------------------------------------------------------
56.9 (57.3)   87.4  day 11     28.9  day 17   261.0    028.4   00.00   01.8     48.3   day 12      W 
Max >=  86: 5
Min  .008in) 6 (> .08in) 1 (> 0.8in)