NOAA-Style Climate Reports


Report for 2011 August

Daily NOAA report



                            MONTHLY CLIMATOLOGICAL SUMMARY for AUG. 2011

NAME: Athelstane Weather   CITY: Athelstane STATE: Wisconsin
ELEV: 812 LAT: 045:23:00 LONG: 0088:07:00

                            TEMPERATURE ( °F), RAIN (in.), WIND SPEED (mph)

                                               HEAT     COOL           AVG
      MEAN                                     DEG      DEG            WIND                       DOM
DAY   TEMP    HIGH   TIME     LOW    TIME      DAYS     DAYS    RAIN   SPEED    HIGH    TIME      DIR
--------------------------------------------------------------------------------------------------------
01    72.0   085.3   12:18    57.9   06:04     00.0     07.1   00.00   00.9     16.1    11:25     WSW
02    71.5   080.4   10:00    69.1   10:29     00.0     06.6   00.00   01.6     27.6    11:00      SW
03    79.7   087.8   15:21    59.0   00:00     00.0     14.8   00.00   00.7     28.8    13:25     NNW
04    70.1   086.5   17:09    52.9   05:27     00.0     05.2   00.00   00.9     13.8    16:29      W 
05    73.2   087.4   15:36    59.7   06:20     00.0     08.2   00.00   00.8     19.6    13:08      SW
06    73.8   090.5   16:11    62.2   05:29     00.0     08.8   00.12   00.7     13.8    22:01     SSW
07    69.6   082.2   16:32    59.4   00:00     00.0     04.6   00.00   00.6     16.1    10:15     NNW
08    67.6   080.2   15:22    54.1   06:09     00.0     02.7   00.00   00.4     18.4    13:27     SSW
09    67.9   077.4   15:29    60.8   00:00     00.0     02.9   00.00   05.1     32.2    15:09      W 
10    65.0   078.4   16:09    54.3   06:18     00.0     00.0   00.00   04.4     33.4    10:07     WNW
11    68.1   085.3   15:14    50.2   04:30     00.0     03.1   00.00   02.0     27.6    17:22      W 
12    67.8   082.4   16:07    54.9   06:11     00.0     02.9   00.00   02.1     25.3    14:28     WSW
13    67.1   080.2   16:30    55.9   06:10     00.0     02.1   00.00   00.7     21.9    13:35     NNW
14    68.1   083.7   16:35    55.4   00:00     00.0     03.1   00.00   02.0     20.7    10:11      NW
15    69.8   088.5   16:09    49.6   05:33     00.0     04.8   00.28   01.8     23.0    15:31      W 
16    71.6   086.4   15:19    56.7   05:23     00.0     06.7   00.00   01.5     25.3    14:24     SSW
17    71.2   085.3   16:01    55.4   00:00     00.0     06.2   00.00   03.5     26.4    16:19      W 
18    69.6   087.4   14:05    50.2   06:04     00.0     04.7   00.00   02.9     23.0    14:15      W 
19    66.2   084.0   14:15    53.6   05:25     00.0     01.2   00.24   01.5     29.9    16:29     WSW
20    66.8   080.1   14:23    57.9   22:21     00.0     01.9   00.04   01.8     21.9    16:35      W 
21    64.1   076.1   16:15    49.3   00:00     00.9     00.0   00.00   03.3     31.1    16:36      W 
22    63.7   081.5   15:09    44.2   06:30     01.3     00.0   00.00   01.9     23.0    14:19      W 
23    66.4   081.0   15:11    54.1   05:27     00.0     01.5   00.28   02.2     24.1    16:01      SW
24    72.1   084.0   14:26    59.2   03:11     00.0     07.2   00.00   05.8     42.5    15:09      W 
25    69.2   084.2   16:17    55.4   00:00     00.0     04.2   00.00   02.7     24.1    12:34     WNW
26    66.5   082.0   17:13    49.5   06:08     00.0     01.6   00.00   02.2     26.4    16:14      SW
27    68.0   082.6   15:13    53.2   00:00     00.0     03.1   00.00   01.1     18.4    14:06      N 
28    62.6   079.7   16:18    46.6   06:35     02.4     00.0   00.00   00.4     18.4    16:08      NW
29    65.9   083.3   14:27    48.0   06:23     00.0     01.0   00.00   02.7     25.3    17:29      W 
30    68.3   082.8   13:04    54.5   06:24     00.0     03.4   00.00   02.5     32.2    13:29      SW
31    65.1   071.4   16:21    59.4   06:32     00.0     00.2   00.04   00.4     13.8    12:27     ESE
--------------------------------------------------------------------------------------------------------
68.7 (68.9)   90.5  day 06     44.2  day 22   004.5    119.9   00.00   02.0     42.6   day 24      W 
Max >=  86: 7
Min  .008in) 4 (> .08in) 0 (> 0.8in)