NOAA-Style Climate Reports


Report for 2011 August
                  MONTHLY CLIMATOLOGICAL SUMMARY FOR 8/2011
                                        HEAT  COOL        
     MEAN                               DEG   DEG       WIND SPEED       DOM MEAN  MEAN
DAY  TEMP  HIGH   TIME     LOW   TIME   DAYS  DAYS RAIN AVG  HI  TIME    DIR BAROM HUM
---------------------------------------------------------------------------------------
1    72.1  85.5  12:24pm  57.9   5:31am    1    8  0.00   1  17  11:42am WSW 29.97   73
2    72.1  76.1   5:36pm  69.1  10:38am    0    7  0.63   1  28  10:55am WSW 29.74   97
3    74.7  87.8   3:23pm  59.2  11:59pm    0   10  0.00   2  29   1:35pm WNW 29.81   69
4    70.0  86.7   5:14pm  52.9   5:36am    3    8  0.00   1  14   2:49pm WSW 29.96   71
5    72.8  87.4   3:57pm  59.7   5:49am    1    9  0.00   1  19   1:03pm WSW 29.96   73
6    73.2  89.4   3:24pm  62.2   5:48am    0    8  0.12   1  14  11:50am WSW 29.82   77
7    69.3  82.4   4:54pm  59.4  11:53pm    1    5  0.00   0  17  10:16am   E 29.74   80
8    67.2  80.2   3:33pm  54.1   5:29am    3    5  0.00   0  18   1:33pm WSW 29.74   74
9    67.8  77.5   3:05pm  60.8  11:58pm    1    4  0.00   5  33  10:16am   W 29.56   71
10   64.9  78.4   4:13pm  54.3   6:15am    4    4  0.00   4  34  10:08am WNW 29.76   59
11   68.1  85.5   1:35pm  50.2   4:38am    4    7  0.00   2  28   5:40pm   W 29.86   63
12   68.2  82.6   4:09pm  54.9   5:24am    2    5  0.00   2  25   2:33pm WSW 29.90   66
13   67.3  80.4   4:48pm  55.9   6:17am    2    5  0.00   1  22   1:46pm   E 29.89   69
14   68.4  83.7   4:53pm  55.4  11:55pm    3    6  0.00   1  21  10:09am WNW 29.99   62
15   69.7  88.7   4:14pm  49.6   5:26am    4    9  0.28   2  23   3:51pm WNW 29.94   63
16   72.0  86.4   3:33pm  56.7   5:28am    2    8  0.00   2  25   2:42pm WSW 29.98   69
17   71.3  85.6   4:00pm  55.4  11:59pm    1    7  0.00   3  27   3:17am   W 29.95   62
18   70.0  87.6   2:03pm  50.2   5:21am    4    9  0.00   3  23   2:21pm   W 29.91   57
19   66.2  84.0   2:22pm  53.6   5:22am    7   13  0.24   2  30   4:39pm   W 29.84   80
20   66.8  80.1   2:37pm  57.9  10:09pm    3    4  0.04   2  22   4:46pm WNW 29.92   67
21   64.0  76.3   4:23pm  49.6  11:34pm    4    3  0.00   4  31   2:32pm WNW 29.93   57
22   63.2  81.7   3:08pm  44.2   6:38am    7    5  0.00   1  23   2:20pm   W 29.98   61
23   66.4  81.1   3:16pm  54.1   5:26am    3    4  0.28   1  24  12:23pm WSW 29.73   79
24   72.0  84.0   2:38pm  59.2   3:06am    1    8  0.00   6  43   3:06pm   W 29.57   66
25   69.5  84.2   4:29pm  55.6  11:58pm    2    6  0.00   3  24  12:49pm WNW 29.91   55
26   66.5  82.0   5:19pm  49.5   5:36am    4    6  0.00   2  27   3:18pm WSW 29.92   70
27   68.3  82.8   3:16pm  53.2  11:59pm    2    5  0.00   1  20   1:43pm WNW 29.98   60
28   62.3  79.7   4:26pm  46.6   6:12am    6    4  0.00   1  18   4:03pm ESE 29.96   60
29   65.9  83.3   2:44pm  48.0   6:27am    5    6  0.00   2  25   2:44pm WSW 29.94   58
30   68.9  82.8   1:03pm  54.5   6:04am    2    6  0.00   3  33   1:39pm WSW 29.99   64
31   65.2  71.4   4:33pm  59.4   6:45am    2    2  0.04   0  14  12:37pm   E 29.98   86
---------------------------------------------------------------------------------------
TOT  68.5  89.4   8/6/11  44.2  8/22/11   84  195  1.61   2  43  8/24/11 WSW 29.87   68

HEAT BASE: 65.0
COOL BASE: 65.0