NOAA-Style Climate Reports


Report for 2011 July

Daily NOAA report



                            MONTHLY CLIMATOLOGICAL SUMMARY for JUL. 2011

NAME: Athelstane Weather   CITY: Athelstane STATE: Wisconsin
ELEV: 812 LAT: 045:23:00 LONG: 0088:07:00

                            TEMPERATURE ( °F), RAIN (in.), WIND SPEED (mph)

                                               HEAT     COOL           AVG
      MEAN                                     DEG      DEG            WIND                       DOM
DAY   TEMP    HIGH   TIME     LOW    TIME      DAYS     DAYS    RAIN   SPEED    HIGH    TIME      DIR
--------------------------------------------------------------------------------------------------------
01    75.5   088.5   15:23    63.5   05:21     00.0     10.6   00.00   01.4     18.4    11:07      SE
02    77.9   092.1   15:25    60.6   00:00     00.0     13.0   00.00   04.1     42.5    00:33     WNW
03    70.1   087.8   16:03    52.9   04:25     00.0     05.1   00.00   02.0     23.0    14:13      W 
04    72.3   090.5   17:13    51.1   05:19     00.0     07.4   00.00   02.2     25.3    15:08     WSW
05    73.5   087.6   10:11    62.1   00:00     00.0     08.6   00.00   02.0     21.9    10:01      W 
06    71.1   086.4   16:05    56.3   06:06     00.0     06.1   00.00   01.1     19.6    13:17      NW
07    67.6   079.5   11:22    53.6   05:32     00.0     02.7   00.00   02.4     25.3    15:06      SW
08    73.0   089.1   15:23    58.5   06:02     00.0     08.1   00.00   01.9     20.7    13:35     WNW
09    70.8   084.4   17:13    54.1   05:30     00.0     05.8   00.00   01.3     20.7    16:15      S 
10    76.7   088.7   16:35    69.1   04:16     00.0     11.7   00.00   02.3     21.9    15:34      SW
11    78.8   092.8   15:06    65.3   23:28     00.0     13.8   00.00   03.5     27.6    11:14      W 
12    69.0   077.7   18:09    55.2   00:00     00.0     04.0   00.00   02.9     24.1    13:08     WNW
13    63.0   075.9   14:25    51.1   03:29     02.0     00.0   00.00   00.9     18.4    07:31     NNW
14    61.2   070.2   16:03    49.1   02:28     03.7     00.0   00.00   00.3     10.3    14:16     ENE
15    70.0   081.1   15:33    61.5   05:21     00.0     05.1   00.00   00.8     19.6    18:17     ESE
16    74.4   087.3   17:34    63.9   01:31     00.0     09.4   00.00   01.2     17.3    15:22      SW
17    81.2   096.4   14:10    66.6   05:10     00.0     16.2   00.39   03.2     31.1    21:15     WSW
18    77.2   091.8   18:04    68.2   06:14     00.0     12.3   00.04   00.4     14.9    20:15     WSW
19    78.8   091.0   12:28    65.5   06:03     00.0     13.9   00.04   00.7     16.1    14:16     WSW
20    84.1   098.2   16:15    71.4   06:34     00.0     19.1   00.00   04.5     43.7    15:18      SW
21    81.6   091.2   16:08    67.3   23:28     00.0     16.7   00.00   05.8     34.5    13:06      W 
22    76.7   091.9   16:20    58.3   05:17     00.0     11.7   00.00   02.6     24.1    11:34      W 
23    72.2   081.0   12:26    63.0   00:00     00.0     07.3   00.08   00.5     19.6    15:29     ENE
24    70.3   085.3   17:32    58.8   06:03     00.0     05.4   00.00   01.1     17.3    16:35      W 
25    71.3   086.9   14:26    52.2   05:07     00.0     06.4   00.00   03.8     36.8    16:16     WSW
26    69.3   084.6   16:23    55.0   05:05     00.0     04.4   00.00   01.4     20.7    09:30      NW
27    63.1   069.1   18:05    54.5   03:22     01.9     00.0   00.08   00.2     12.7    10:33      NE
28    75.9   087.6   13:29    66.9   05:28     00.0     10.9   00.31   01.9     24.1    13:33     WSW
29    75.3   089.2   13:33    61.5   06:13     00.0     10.3   00.00   03.0     26.4    18:07      W 
30    71.7   089.8   14:27    63.0   04:09     00.0     06.7   00.28   02.8     33.4    15:33      SW
31    76.9   092.1   17:15    62.8   05:19     00.0     12.0   00.00   02.6     27.6    15:07      W 
--------------------------------------------------------------------------------------------------------
73.2 (73.4)   98.2  day 20     49.1  day 14   007.6    264.8   00.00   02.1     43.7   day 25     WSW
Max >=  86: 21
Min  .008in) 5 (> .08in) 0 (> 0.8in)