NOAA-Style Climate Reports


Report for 2011 July
                  MONTHLY CLIMATOLOGICAL SUMMARY FOR 7/2011
                                        HEAT  COOL        
     MEAN                               DEG   DEG       WIND SPEED       DOM MEAN  MEAN
DAY  TEMP  HIGH   TIME     LOW   TIME   DAYS  DAYS RAIN AVG  HI  TIME    DIR BAROM HUM
---------------------------------------------------------------------------------------
1    75.5  88.7   3:37pm  63.5   5:18am    0   10  0.00   1  18  11:08am WSW 29.81   80
2    78.4  92.1   3:38pm  61.0  11:58pm    0   13  0.00   3  43  12:45am WNW 29.90   56
3    71.3  87.8   4:00pm  52.9   4:27am    3    9  0.00   2  23   2:17pm WNW 29.98   54
4    72.8  90.7   4:10pm  51.1   5:12am    3   11  0.00   2  25   3:01pm WSW 29.94   59
5    73.2  87.6  10:18am  62.2  11:53pm    0    8  0.00   2  22   9:51am WSW 29.88   72
6    71.2  86.4   1:47pm  56.3   5:35am    2    8  0.00   1  24  12:14pm WNW 29.98   64
7    67.7  79.5  10:55am  53.4   5:47am    3    6  0.00   3  25   3:09pm WSW 29.95   65
8    73.0  89.1   3:36pm  58.5   5:40am    2   10  0.00   2  21   1:52pm WNW 29.86   64
9    70.7  84.4   5:18pm  54.1   5:46am    2    8  0.00   1  21   4:20pm WSW 29.88   71
10   76.6  88.7   4:34pm  69.1   4:16am    0   11  0.00   2  22   3:38pm WSW 29.82   73
11   78.8  92.8   2:10pm  65.3  11:43pm    0   13  0.00   4  28  11:21am   W 29.75   65
12   69.1  78.1   6:13pm  55.2  11:57pm    1    5  0.00   3  24   1:00pm   W 29.95   59
13   63.1  76.1   2:33pm  51.1   3:48am    5    3  0.00   1  18   7:49am   E 30.11   65
14   61.2  70.2   3:54pm  49.1   2:11am    5    1  0.00   0  11  10:58am   E 30.06   78
15   70.2  81.1   3:58pm  61.5   3:38am    1    6  0.00   1  19   6:24pm WSW 29.98   70
16   74.2  87.4   5:56pm  63.9   1:37am    0    9  0.00   2  17   3:33pm WSW 29.97   76
17   80.6  96.6   2:12pm  66.6   5:01am    0   15  0.39   4  31   9:19pm WSW 29.97   77
18   77.5  91.8   1:44pm  68.0   6:03am    0   12  0.04   1  15   8:15pm WSW 29.90   88
19   78.9  91.2  12:06pm  65.5   5:53am    0   14  0.04   1  16   2:17pm WSW 29.89   78
20   84.1  98.2   4:21pm  71.4   6:40am    0   18  0.00   4  44   3:19pm WSW 29.67   73
21   81.9  91.2   4:10pm  67.3  11:41pm    0   16  0.00   5  34   1:05pm   W 29.71   56
22   76.0  92.1   4:24pm  58.3   5:30am    1   12  0.00   3  24  11:51am WSW 29.83   67
23   72.2  81.1  12:00pm  63.0  11:53pm    0    7  0.08   1  19   3:37pm   E 29.94   74
24   70.2  85.3   5:47pm  58.8   5:55am    1    6  0.00   1  17   4:47pm WSW 29.97   68
25   71.2  86.9   2:37pm  52.2   4:59am    3    9  0.00   4  37   4:22pm WSW 29.87   62
26   69.7  84.7   4:40pm  55.0   4:59am    2    6  0.00   1  21   9:55am WNW 29.87   57
27   63.2  69.1   4:39pm  54.5   3:25am    3    1  0.08   0  13  10:59am WSW 29.86   90
28   76.4  87.6   1:07pm  66.9  12:00am    0   11  0.31   2  24   1:57pm WSW 29.85   80
29   75.0  89.2   1:53pm  61.5   5:49am    0   10  0.00   3  27   2:47pm   W 29.95   69
30   71.5  89.8   2:38pm  63.0   3:45am    0    7  0.28   2  34   3:37pm WSW 30.01   79
31   77.4  92.1   4:07pm  62.8   5:31am    0   12  0.00   3  28   3:04pm WSW 29.98   70
---------------------------------------------------------------------------------------
TOT  73.3  98.2  7/20/11  49.1  7/14/11   37  286  1.22   2  44  7/20/11 WSW 29.91   70

HEAT BASE: 65.0
COOL BASE: 65.0