NOAA-Style Climate Reports


Report for 2011 June

Daily NOAA report



                            MONTHLY CLIMATOLOGICAL SUMMARY for JUN. 2011

NAME: Athelstane Weather   CITY: Athelstane STATE: Wisconsin
ELEV: 812 LAT: 045:23:00 LONG: 0088:07:00

                            TEMPERATURE ( °F), RAIN (in.), WIND SPEED (mph)

                                               HEAT     COOL           AVG
      MEAN                                     DEG      DEG            WIND                       DOM
DAY   TEMP    HIGH   TIME     LOW    TIME      DAYS     DAYS    RAIN   SPEED    HIGH    TIME      DIR
--------------------------------------------------------------------------------------------------------
01    65.0   077.0   17:11    48.7   00:00     00.0     00.0   00.00   10.5     41.4    01:36      W 
02    55.2   069.4   16:06    37.0   06:01     09.8     00.0   00.00   02.2     19.6    11:06      E 
03    62.4   078.3   15:04    43.9   02:29     02.5     00.0   00.00   01.8     18.4    13:26      SE
04    75.3   090.9   15:18    57.9   00:00     00.0     10.4   00.00   03.5     34.5    14:24      W 
05    67.9   085.3   16:31    52.9   04:12     00.0     03.0   00.00   01.8     19.6    16:17      SW
06    70.8   090.0   15:03    48.9   05:02     00.0     05.9   00.00   02.1     24.1    13:17      SW
07    80.4   096.4   16:25    62.6   03:36     00.0     15.5   00.00   03.4     26.4    18:00     SSW
08    81.8   095.5   16:14    59.7   00:00     00.0     16.9   00.00   07.9     36.8    14:30     WSW
09    54.7   066.9   15:33    43.0   00:00     10.2     00.0   00.00   02.7     17.3    16:05     NNE
10    48.3   053.1   14:21    42.4   00:27     16.6     00.0   00.04   00.3     14.9    15:25      E 
11    52.1   059.9   13:00    43.3   00:00     12.8     00.0   00.39   01.2     26.4    13:00      NW
12    57.2   076.1   15:30    37.4   05:30     07.8     00.0   00.00   01.5     16.1    14:00     ENE
13    62.0   081.3   15:30    38.8   05:30     02.9     00.0   00.00   01.7     16.1    17:36      E 
14    63.8   078.6   17:09    46.2   05:30     01.1     00.0   00.00   02.5     19.6    13:36     ENE
15    57.0   069.8   10:32    46.4   04:28     07.9     00.0   00.31   01.9     23.0    10:32      E 
16    61.9   069.4   17:09    57.2   06:04     03.0     00.0   00.08   00.3     13.8    13:16     ESE
17    55.0   061.7   00:08    55.0   02:00     09.9     00.0   00.00   00.0     00.0    02:00     SSW
18    64.8   075.4   15:08    51.4   05:02     00.2     00.0   00.00   00.6     12.7    15:17     ESE
19    60.2   065.5   09:14    55.4   00:00     04.7     00.0   00.28   00.4     13.8    10:01     ESE
20    62.7   072.5   16:04    54.5   06:09     02.3     00.0   00.00   00.3     13.8    14:36     ESE
21    60.2   061.3   22:17    58.5   09:29     04.7     00.0   01.81   02.0     27.6    09:05      E 
22    60.4   067.1   14:09    56.5   06:12     04.5     00.0   00.71   00.3     12.7    00:10      E 
23    60.9   067.3   12:21    54.1   00:00     04.1     00.0   00.00   01.0     19.6    22:08      NW
24    63.2   075.7   15:11    53.1   00:00     01.7     00.0   00.00   03.5     28.8    11:28      NW
25    73.1   085.5   13:18    46.9   06:05     00.0     08.2   00.00   03.9     23.0    23:58      SW
26    75.3   084.7   15:02    62.6   00:00     00.0     10.4   00.00   02.5     19.6    15:02     SSW
27    65.1   073.2   10:20    58.3   06:02     00.0     00.1   00.00   01.5     23.0    23:07      W 
28    65.1   078.6   15:26    51.1   00:00     00.0     00.1   00.00   05.8     32.2    13:26     WNW
29    62.6   079.9   16:06    44.2   06:04     02.3     00.0   00.00   01.3     21.9    16:08      SW
30    66.9   082.8   16:26    50.7   05:26     00.0     01.9   00.00   02.1     20.7    16:36      SE
--------------------------------------------------------------------------------------------------------
63.7 (63.1)   96.4  day 07     37.0  day 02   109.2    072.4   00.00   02.4     41.4   day 01     WSW
Max >=  86: 4
Min  .008in) 6 (> .08in) 1 (> 0.8in)