NOAA-Style Climate Reports


Report for 2011 June
                  MONTHLY CLIMATOLOGICAL SUMMARY FOR 6/2011
                                        HEAT  COOL        
     MEAN                               DEG   DEG       WIND SPEED       DOM MEAN  MEAN
DAY  TEMP  HIGH   TIME     LOW   TIME   DAYS  DAYS RAIN AVG  HI  TIME    DIR BAROM HUM
---------------------------------------------------------------------------------------
1    64.5  77.0   5:21pm  48.7  11:59pm    3    3  0.00  11  41  12:00am   W 29.96   41
2    54.8  69.4   4:07pm  37.0   5:54am   10    1  0.00   3  19  11:03am   E 30.20   53
3    62.1  78.4   3:04pm  43.9   2:39am    6    3  0.00   2  19   1:28pm   E 29.96   67
4    75.1  90.9   3:29pm  58.1  11:58pm    1   11  0.00   4  34   2:41pm WNW 29.93   51
5    68.0  85.3   4:49pm  52.9   3:56am    4    7  0.00   2  20   4:24pm WSW 30.07   50
6    71.4  90.0   3:01pm  48.9   4:45am    4   10  0.00   2  24   1:21pm WSW 29.84   62
7    80.1  96.6   4:43pm  62.4   3:56am    0   15  0.00   3  27   5:42pm WSW 29.70   63
8    82.1  95.5   2:55pm  59.7  11:59pm    0   17  0.00   7  38   5:26pm WSW 29.64   47
9    55.1  67.1   3:53pm  43.2  11:59pm   10    0  0.00   2  19   1:44pm   N 30.05   58
10   48.2  53.1   2:31pm  42.4  12:41am   17    0  0.04   0  15   3:41pm ESE 30.04   83
11   51.9  59.9  12:57pm  43.5  11:55pm   13    0  0.39   1  26  12:58pm   W 29.95   83
12   56.2  76.1   3:31pm  37.4   5:17am   11    2  0.00   1  18   1:59pm   E 30.06   64
13   60.9  81.5   3:38pm  38.8   5:32am    9    5  0.00   1  17  12:24pm   E 30.11   55
14   62.9  78.6   3:20pm  46.2   5:25am    7    4  0.00   3  21   8:44am   E 30.06   55
15   56.8  70.0  10:07am  46.4   4:11am    8    0  0.31   2  23  10:51am   E 29.79   80
16   61.9  69.4   5:12pm  57.2   5:23am    4    1  0.08   0  14   1:18pm   W 29.72   92
17   68.3  80.6   4:10pm  57.7   4:39am    2    5  0.00   1  16   2:02pm   E 29.86   73
18   64.0  75.4   3:10pm  51.4   4:56am    4    3  0.00   1  13  10:50am   E 29.90   77
19   59.9  65.5   9:22am  55.4  11:41pm    5    0  0.28   0  14   9:59am   E 29.83   87
20   62.5  72.7   4:02pm  54.5   5:03am    4    2  0.00   0  14   2:04pm ESE 29.79   85
21   60.2  61.3  12:00am  58.5   9:31am    5    0  1.85   2  28   9:10am   E 29.75   94
22   60.5  67.1   2:01pm  56.5   5:38am    5    0  0.71   0  15  12:00am   E 29.55  100
23   60.9  67.3  12:28pm  54.3  11:50pm    4    0  0.00   1  20   5:24pm WNW 29.55   94
24   64.0  75.9   3:20pm  53.1  11:46pm    4    3  0.00   4  29  11:34am WNW 29.69   66
25   67.5  86.4   2:56pm  46.9   5:48am    5    8  0.00   2  22  12:19pm   W 29.87   61
26   68.7  84.7   2:53pm  50.9   5:01am    4    7  0.00   2  23   2:22pm WSW 29.94   66
27   64.9  73.2  10:29am  58.3   5:39am    2    2  0.00   2  23  11:01pm   E 29.77   80
28   64.7  78.6   3:35pm  51.3  11:57pm    3    3  0.00   6  33   1:39pm WNW 29.88   68
29   62.1  80.1   4:06pm  44.2   5:32am    7    4  0.00   2  22   4:06pm WSW 30.05   71
30   66.6  82.9   4:17pm  50.7   5:26am    4    6  0.00   2  21   4:49pm   E 29.95   75
---------------------------------------------------------------------------------------
TOT  63.6  96.6   6/7/11  37.0   6/2/11  162  121  3.66   2  41   6/1/11 WSW 29.88   70

HEAT BASE: 65.0
COOL BASE: 65.0