NOAA-Style Climate Reports

Select a Year or Month report
2018: Jan Feb Mar Apr May Jun Jul Aug Sep Oct Nov Dec
2017: Jan Feb Mar Apr May Jun Jul Aug Sep Oct Nov Dec
2016: Jan Feb Mar Apr May Jun Jul Aug Sep Oct Nov Dec
2015: Jan Feb Mar Apr May Jun Jul Aug Sep Oct Nov Dec
2014: Jan Feb Mar Apr May Jun Jul Aug Sep Oct Nov Dec
2013: Jan Feb Mar Apr May Jun Jul Aug Sep Oct Nov Dec
2012: Jan Feb Mar Apr May Jun Jul Aug Sep Oct Nov Dec
2011: Jan Feb Mar Apr May Jun Jul Aug Sep Oct Nov Dec
2010: Jan Feb Mar Apr May Jun Jul Aug Sep Oct Nov Dec
2009: Jan Feb Mar Apr May Jun Jul Aug Sep Oct Nov Dec
2008: Jan Feb Mar Apr May Jun Jul Aug Sep Oct Nov Dec
2007: Jan Feb Mar Apr May Jun Jul Aug Sep Oct Nov Dec
2006: Jan Feb Mar Apr May Jun Jul Aug Sep Oct Nov Dec
2005: Jan Feb Mar Apr May Jun Jul Aug Sep Oct Nov Dec
2004: Jan Feb Mar Apr May Jun Jul Aug Sep Oct Nov Dec
2003: Jan Feb Mar Apr May Jun Jul Aug Sep Oct Nov Dec

Report for 2011 May

Daily NOAA report



                            MONTHLY CLIMATOLOGICAL SUMMARY for MAY. 2011

NAME: Athelstane Weather   CITY: Athelstane STATE: Wisconsin
ELEV: 812 LAT: 045:23:00 LONG: 0088:07:00

                            TEMPERATURE ( °F), RAIN (in.), WIND SPEED (mph)

                                               HEAT     COOL           AVG
      MEAN                                     DEG      DEG            WIND                       DOM
DAY   TEMP    HIGH   TIME     LOW    TIME      DAYS     DAYS    RAIN   SPEED    HIGH    TIME      DIR
--------------------------------------------------------------------------------------------------------
01    44.6   050.7   10:14    38.8   00:00     20.4     00.0   00.04   09.2     41.4    16:01     WSW
02    39.0   042.6   14:04    35.8   00:00     25.9     00.0   00.00   03.2     26.4    11:28      W 
03    38.9   052.2   17:29    27.1   00:00     26.0     00.0   00.00   00.9     17.3    13:07     NNE
04    49.1   069.3   15:14    23.9   05:18     15.8     00.0   00.00   04.3     31.1    17:27      SW
06    45.8   058.8   13:12    30.6   06:04     19.1     00.0   00.00   03.0     24.1    12:07     SSW
07    40.5   069.3   15:04    28.6   04:24     24.4     00.0   00.00   00.8     17.3    17:35      E 
08    53.6   072.3   14:17    31.6   06:02     11.4     00.0   00.00   02.8     19.6    12:33      E 
09    55.7   066.2   11:14    46.9   00:16     09.3     00.0   00.00   03.1     26.4    11:09      SE
10    54.2   062.6   16:04    46.2   06:11     10.7     00.0   00.20   01.8     16.1    11:37     ENE
11    57.9   068.0   14:24    52.2   06:23     07.1     00.0   02.09   01.6     21.9    06:29     ESE
12    62.2   076.3   16:28    55.6   08:00     02.7     00.0   00.16   00.3     12.7    15:19      E 
13    53.5   060.6   12:15    45.3   00:00     11.4     00.0   00.00   03.4     21.9    13:17     NNE
14    46.5   051.6   21:05    43.2   13:30     18.4     00.0   00.04   02.9     17.3    15:08     NNE
15    50.6   060.4   16:18    36.9   00:00     14.3     00.0   00.00   05.4     23.0    13:26     NNE
16    48.1   064.9   16:05    32.2   05:04     16.8     00.0   00.00   02.9     19.6    14:14     NNE
17    52.5   070.9   16:15    29.1   05:04     12.4     00.0   00.00   02.6     19.6    17:22     ENE
18    55.3   064.2   13:29    48.0   02:21     09.7     00.0   00.00   01.2     18.4    15:15      NE
19    63.0   075.2   16:02    55.2   00:00     01.9     00.0   00.00   00.4     14.9    13:07      E 
20    65.0   081.1   14:33    47.5   05:28     00.0     00.1   00.00   02.1     21.9    16:09      E 
21    60.4   074.1   11:18    49.3   05:23     04.5     00.0   00.55   01.7     19.6    10:35      E 
22    63.2   077.9   14:19    58.3   00:00     01.7     00.0   00.24   01.3     19.6    13:10      SE
23    62.2   071.1   14:14    51.8   00:00     02.7     00.0   00.12   04.4     35.6    16:26      W 
24    53.3   066.2   16:04    44.8   00:00     11.7     00.0   00.00   02.5     19.6    10:36      NE
25    49.2   060.4   14:17    35.4   05:22     15.8     00.0   00.00   01.6     18.4    12:06     ENE
26    48.4   062.2   16:19    32.2   00:00     16.5     00.0   00.00   03.8     21.9    13:24      NE
27    49.3   066.4   14:12    28.6   05:20     15.7     00.0   00.00   02.1     19.6    16:18      E 
28    58.8   075.7   16:19    45.5   04:15     06.1     00.0   00.16   03.6     32.2    15:08      SW
29    64.4   073.9   17:02    54.0   05:31     00.5     00.0   00.00   01.5     20.7    02:23      SW
30    65.3   076.5   15:35    57.0   05:09     00.0     00.3   00.00   01.8     16.1    16:28      E 
31    74.3   087.1   15:27    56.8   02:11     00.0     09.3   00.00   08.3     48.3    14:08      SW
--------------------------------------------------------------------------------------------------------
54.2 (54.6)   87.1  day 31     23.9  day 04   333.0    009.7   00.00   02.8     48.3   day 31     ENE
Max >=  86: 1
Min  .008in) 7 (> .08in) 1 (> 0.8in)