NOAA-Style Climate Reports


Report for 2011 May
                  MONTHLY CLIMATOLOGICAL SUMMARY FOR 5/2011
                                        HEAT  COOL        
     MEAN                               DEG   DEG       WIND SPEED       DOM MEAN  MEAN
DAY  TEMP  HIGH   TIME     LOW   TIME   DAYS  DAYS RAIN AVG  HI  TIME    DIR BAROM HUM
---------------------------------------------------------------------------------------
1    44.4  50.9  10:25am  38.8  11:37pm   20    0  0.04   8  41   3:56pm  SW 29.76   63
2    39.0  42.6   1:55pm  35.8  11:10pm   25    0  0.00   3  26  11:36am WNW 30.10   54
3    39.2  52.2   5:46pm  27.1  11:54pm   25    0  0.00   1  17   1:11pm   E 30.22   58
4    48.9  69.4   3:19pm  23.9   4:46am   16    1  0.00   4  31   5:34pm  SW 30.27   47
5    46.2  58.8  12:57pm  30.6   5:57am   18    0  0.00   3  24  12:00pm  SW 30.00   61
6    48.8  59.2   3:51pm  35.4  11:58pm   33    0  0.00   5  33   3:14pm   W 29.75   64
7    48.4  69.3   3:05pm  28.6   4:17am   16    0  0.00   2  18   3:29pm   E 29.86   60
8    53.5  72.3   2:29pm  31.6   5:52am   12    1  0.00   3  20  12:55pm   E 29.99   50
9    55.6  66.2  11:24am  46.9  12:21am    9    0  0.00   3  26  11:11am   E 29.97   47
10   54.4  62.6   3:56pm  46.2   5:35am   10    0  0.20   2  17  11:50am   E 29.82   65
11   58.0  68.0   2:42pm  52.2   6:28am    7    0  2.09   2  22   6:32am  SW 29.86   84
12   62.3  76.3   4:43pm  55.6   7:54am    4    2  0.16   0  14  12:00am   E 29.79   92
13   54.0  60.6  12:20pm  45.3  11:45pm   10    0  0.00   3  22   1:19pm   N 29.80   81
14   46.6  51.6   7:04pm  43.2   1:46pm   18    0  0.04   3  19   1:44pm NNE 29.90   81
15   50.4  60.6   2:10pm  36.9  11:57pm   14    0  0.00   6  23   1:40pm NNE 30.01   38
16   48.2  64.9   4:07pm  32.2   4:15am   17    0  0.00   3  19  11:55am  NE 30.07   39
17   52.5  70.9   4:05pm  28.9   2:43am   13    1  0.00   3  21  12:59pm   E 30.04   38
18   55.2  64.2   1:49pm  47.8   2:35am   10    0  0.00   1  18   3:17pm ENE 29.95   59
19   62.8  75.4   4:03pm  55.4  11:58pm    4    2  0.00   1  15   1:01pm   E 30.00   74
20   64.6  81.3   2:03pm  47.5   5:29am    5    5  0.00   2  22   4:04pm   E 30.03   66
21   60.3  74.1  11:25am  49.3   5:27am    6    1  0.55   2  19  10:48am   E 29.90   83
22   63.5  78.1   2:30pm  58.5  11:56pm    3    2  0.24   2  19   1:04pm WSW 29.63   91
23   62.3  71.1   2:18pm  52.0  11:59pm    3    1  0.12   5  36   4:38pm WSW 29.48   83
24   53.5  66.4   4:01pm  44.8  11:58pm   11    0  0.00   3  20  10:47am   E 29.89   64
25   49.5  60.4   2:25pm  35.4   5:38am   15    0  0.00   1  20  11:40am   E 29.88   59
26   48.8  62.2   3:19pm  32.4  11:57pm   16    0  0.00   4  22   1:40pm   E 29.95   44
27   49.1  66.4   2:19pm  28.6   5:15am   31    0  0.00   2  20   3:07pm   E 29.97   44
28   58.0  75.7   4:33pm  45.5   3:34am    8    2  0.16   3  33   3:08pm WSW 29.68   64
29   64.5  74.1   4:51pm  54.0   5:44am    3    2  0.00   2  21   2:36am WSW 29.83   61
30   65.3  76.6   1:49pm  57.0   5:02am    3    3  0.00   2  17   3:27pm   E 29.93   69
31   73.8  87.3   3:41pm  56.8   1:53am    1    9  0.00   8  48   1:35pm WSW 29.82   58
---------------------------------------------------------------------------------------
TOT  54.2  87.3  5/31/11  23.9   5/4/11  388   32  3.58   3  48  5/31/11   E 29.91   62

HEAT BASE: 65.0
COOL BASE: 65.0