NOAA-Style Climate Reports


Report for 2011 April

Daily NOAA report



                            MONTHLY CLIMATOLOGICAL SUMMARY for APR. 2011

NAME: Athelstane Weather   CITY: Athelstane STATE: Wisconsin
ELEV: 812 LAT: 045:23:00 LONG: 0088:07:00

                            TEMPERATURE ( °F), RAIN (in.), WIND SPEED (mph)

                                               HEAT     COOL           AVG
      MEAN                                     DEG      DEG            WIND                       DOM
DAY   TEMP    HIGH   TIME     LOW    TIME      DAYS     DAYS    RAIN   SPEED    HIGH    TIME      DIR
--------------------------------------------------------------------------------------------------------
01    36.4   051.6   13:42    20.8   04:32     28.6     00.0   00.00   02.3     21.9    16:00     SSW
02    38.3   049.5   16:13    28.4   23:15     26.7     00.0   00.00   03.0     31.1    10:23      W 
03    32.4   034.9   15:26    26.8   02:02     32.6     00.0   00.24   01.3     17.3    15:22     ENE
04    36.6   044.1   15:18    30.2   00:00     28.4     00.0   00.08   05.6     38.0    16:05     WNW
05    37.4   050.7   15:34    23.5   06:29     27.5     00.0   00.00   05.3     35.6    14:24     WSW
06    36.5   048.7   15:24    27.1   23:02     28.4     00.0   00.00   00.8     16.1    07:25      E 
07    41.0   059.9   15:24    25.9   02:25     23.9     00.0   00.00   02.0     26.4    16:09      S 
08    42.3   059.9   17:00    28.2   06:29     22.6     00.0   00.00   01.6     20.7    15:07      SE
09    47.1   061.7   15:26    32.2   01:10     17.8     00.0   00.00   02.3     20.7    15:31      S 
10    52.5   066.2   22:00    41.5   04:25     12.4     00.0   00.59   02.6     59.8    23:00      S 
11    47.9   057.2   00:04    29.3   00:00     17.0     00.0   00.00   07.8     48.3    01:26      W 
12    44.4   064.6   15:08    24.4   06:17     20.6     00.0   00.00   02.5     19.6    17:32      S 
13    46.4   066.7   16:28    28.8   05:28     18.6     00.0   00.00   01.9     19.6    11:24     NNW
14    35.3   048.6   16:23    26.6   00:00     29.6     00.0   00.00   03.2     17.3    16:01      NE
15    35.1   044.8   13:27    25.7   01:25     29.8     00.0   00.08   06.1     42.5    17:16     ENE
16    32.5   035.4   12:23    29.7   21:31     32.5     00.0   00.43   01.3     27.6    16:15     WNW
17    31.3   038.8   14:03    25.9   23:21     33.7     00.0   00.12   07.0     44.9    13:06      W 
18    32.8   046.4   15:19    24.8   06:11     32.1     00.0   00.12   01.5     14.9    15:15      E 
19    31.5   037.8   15:11    24.8   03:33     33.4     00.0   00.00   02.2     21.9    16:09     ENE
20    34.4   042.1   16:19    28.0   00:00     30.5     00.0   00.12   01.4     21.9    10:26     WNW
21    39.8   056.3   14:28    22.1   06:11     25.2     00.0   00.00   02.9     25.3    14:25     SSW
22    39.1   044.2   17:05    34.9   20:10     25.8     00.0   00.67   02.2     17.3    10:16      E 
23    42.5   051.8   15:02    32.9   00:00     22.5     00.0   00.04   04.1     31.1    15:31      W 
24    44.9   065.1   16:09    25.2   06:09     20.0     00.0   00.00   03.0     26.4    14:34      SW
25    49.6   067.3   14:28    28.2   06:10     15.3     00.0   00.00   02.3     19.6    12:37      E 
26    43.5   050.0   00:09    37.8   00:00     21.4     00.0   01.18   04.4     28.8    11:33      NE
27    43.3   052.0   17:01    37.6   01:01     21.7     00.0   00.00   00.6     18.4    15:01      SW
28    38.0   040.1   13:31    35.8   22:19     26.9     00.0   00.12   01.8     18.4    23:09      NW
29    49.9   068.7   16:10    31.3   06:11     15.1     00.0   00.00   02.6     23.0    18:07     SSW
30    47.9   058.5   12:19    33.6   06:14     17.1     00.0   00.08   04.5     32.2    21:34     ESE
--------------------------------------------------------------------------------------------------------
40.4 (40.6)   68.7  day 29     20.8  day 01   737.6    000.0   00.00   03.0     59.8   day 11      W 
Min  .08in) 1 (> 0.8in)