NOAA-Style Climate Reports


Report for 2011 April
                  MONTHLY CLIMATOLOGICAL SUMMARY FOR 4/2011
                                        HEAT  COOL        
     MEAN                               DEG   DEG       WIND SPEED       DOM MEAN  MEAN
DAY  TEMP  HIGH   TIME     LOW   TIME   DAYS  DAYS RAIN AVG  HI  TIME    DIR BAROM HUM
---------------------------------------------------------------------------------------
1    37.1  51.6   1:50pm  20.8   4:31am   27    0  0.00   3  22   3:53pm WSW 29.58   50
2    38.6  49.8   4:27pm  28.4  10:54pm   25    0  0.00   3  31  10:32am WNW 29.73   62
3    32.3  34.9   3:27pm  26.8   1:51am   32    0  0.24   2  17   3:19pm   E 29.65   89
4    36.8  44.1   3:27pm  30.4  11:56pm   26    0  0.08   6  38   4:00pm WNW 29.35   79
5    37.2  50.9   3:48pm  23.5   6:54am   27    0  0.00   5  35   2:34pm WSW 29.64   52
6    36.4  48.7   3:37pm  27.1  10:50pm   27    0  0.00   1  17   7:40am   E 29.79   65
7    40.8  59.9   3:39pm  25.7   2:25am   24    0  0.00   2  26   4:14pm  SW 30.03   62
8    41.9  59.9   4:58pm  28.2   5:55am   22    0  0.00   2  21   3:11pm   E 30.02   62
9    46.3  61.7   2:58pm  32.2  12:24am   18    0  0.00   2  23   2:59pm  SW 29.90   64
10   52.7  66.2   4:39pm  41.5   3:34am   11    0  0.59   2  60  10:58pm  SW 29.48   89
11   48.1  57.9  12:00am  29.3  11:58pm   16    0  0.00   9  49   1:31am   W 29.56   62
12   43.3  64.6   3:10pm  24.4   6:06am   20    0  0.00   3  20  12:02pm  SW 30.03   57
13   46.1  66.7   4:45pm  28.8   5:20am   18    0  0.00   2  20  11:43am NNE 30.03   54
14   35.6  48.7   4:41pm  26.6  11:59pm   28    0  0.00   4  18   9:42am  NE 30.30   51
15   35.3  44.8   1:40pm  25.7   1:13am   29    0  0.08   6  42   5:16pm ENE 30.15   49
16   32.5  35.4  12:14pm  29.7   7:44pm   32    0  0.43   1  28   4:21pm WNW 29.43   92
17   31.3  38.8   2:04pm  25.9  11:31pm   32    0  0.12   6  45   1:10pm WNW 29.61   59
18   33.0  46.6   3:16pm  24.8   6:05am   31    0  0.12   1  15  12:20am   E 29.96   55
19   31.7  37.9   3:13pm  24.8   3:55am   32    0  0.00   2  22   4:04pm ENE 30.02   64
20   34.4  42.1   4:31pm  28.0  11:50pm   30    0  0.12   1  22  10:39am WNW 29.96   81
21   39.9  56.3   2:47pm  22.1   5:56am   25    0  0.00   3  25   2:37pm  SW 30.23   64
22   39.9  44.2   4:58pm  35.1   9:02pm   44    0  0.67   3  17  10:07am   E 30.05   63
23   42.6  52.0   3:00pm  33.3  11:57pm   65    0  0.04   4  31   3:50pm  SW 29.68   72
24   44.7  65.3   4:17pm  25.2   6:02am   20    0  0.00   3  27   2:54pm  SW 29.97   59
25   48.9  67.5   2:46pm  28.2   5:48am   16    0  0.00   2  20  12:10pm   E 29.91   52
26   43.7  50.0  12:13am  37.8  11:54pm   20    0  1.18   5  31  11:27am ENE 29.53   85
27   43.3  52.0   4:49pm  37.6  12:13am   22    0  0.00   1  18   2:45pm WSW 29.49   93
28   38.0  40.3   1:51pm  35.8  10:08pm   26    0  0.12   2  18   2:52pm WNW 29.57   96
29   49.3  68.7   2:47pm  31.3   6:20am   16    0  0.00   3  23   6:00pm WNW 29.89   55
30   47.5  58.5  12:28pm  33.6   6:18am   17    0  0.16   5  33   9:52pm   E 29.82   59
---------------------------------------------------------------------------------------
TOT  40.3  68.7  4/29/11  20.8   4/1/11  778    1  3.94   3  60  4/10/11 ENE 29.81   67

HEAT BASE: 65.0
COOL BASE: 65.0