NOAA-Style Climate Reports


Report for 2011 March
                  MONTHLY CLIMATOLOGICAL SUMMARY FOR 3/2011
                                        HEAT  COOL        
     MEAN                               DEG   DEG       WIND SPEED       DOM MEAN  MEAN
DAY  TEMP  HIGH   TIME     LOW   TIME   DAYS  DAYS RAIN AVG  HI  TIME    DIR BAROM HUM
---------------------------------------------------------------------------------------
1    30.9  46.4   3:29pm  21.0   7:14am   33    0  0.00   6  40  10:29am  SW 29.97   47
2    17.8  27.5   3:22pm   9.9   6:39am   46    0  0.00   3  29  12:16am  NW 30.38   46
3    23.2  29.8  12:51pm  16.0  12:00am   40    0  0.00   2  21   9:56am   E 30.26   65
4    31.4  36.3   2:14pm  26.2  12:41am   33    0  0.12   0  13  11:28pm   N 30.06   83
5    24.7  31.5   2:53pm  10.8  11:58pm   39    0  0.00   3  24   1:27pm   N 30.22   59
6    18.2  33.3   2:42pm   6.1   2:33am   46    0  0.00   1  16   9:34am   E 30.29   53
7    25.0  33.3  11:55am  12.0   2:33am   39    0  0.00   1  21  10:59am  SW 30.17   65
8    31.7  37.4   2:05pm  27.9  11:15pm   32    0  0.00   0  12   5:47pm   E 30.24   80
9    29.0  32.4   2:03pm  26.8   6:05am   35    0  0.00   0  10   5:47am NNE 29.97   88
10   33.3  44.6   3:32pm  23.5  11:59pm   31    0  0.39   3  26   8:56am WNW 30.01   66
11   34.2  49.8   1:44pm  17.1   6:41am   30    0  0.00   2  21  10:10am WNW 29.89   51
12   33.2  37.4   1:34pm  28.4   3:59am   29    0  0.24   1  19  11:30am WNW 29.68   79
13   32.5  41.7   3:16pm  21.7  11:54pm   29    0  0.00   2  23   1:57pm WNW 30.24   63
14   28.3  45.9   3:38pm  11.1   7:12am   35    0  0.00   3  26   4:55pm  SW 30.32   59
15   34.3  50.2   4:18pm  19.4   6:26am   30    0  0.00   2  30  12:12pm  SW 30.08   58
16   42.3  58.5   2:32pm  25.2   7:16am   22    0  0.00   3  27   1:15pm WSW 29.91   52
17   44.3  55.0  11:36am  34.2   4:20am   20    0  0.00   2  26  11:14am  SW 29.68   75
18   36.4  41.7   8:46am  24.6  11:54pm   28    0  0.00   4  29   2:30am   W 30.07   65
19   32.0  46.9   3:55pm  18.3   7:10am   32    0  0.00   2  20   2:50pm  SW 30.39   69
20   31.9  35.2  10:58am  26.4  12:44am   31    0  0.35   1  25   2:43pm   E 30.13   92
21   37.4  43.7   2:23pm  32.9  11:58pm   27    0  0.08   2  21   1:21pm WNW 29.98   89
22   32.8  35.1   4:11pm  25.9  11:26pm   31    0  0.00   3  28   9:32pm ENE 30.07   82
23   21.1  26.2  12:17am   9.7  11:33pm   43    0  0.00   3  18   5:44pm  NE 29.86   88
24   21.0  37.2   4:36pm   9.0   2:20am   44    0  0.20   2  22  12:38pm WNW 30.11   63
25   15.5  33.4   2:32pm  -3.6   7:14am   48    0  0.04   1  17  12:45pm   E 30.15   54
26   17.4  34.3   1:28pm  -1.1   5:53am   46    0  0.04   1  17   3:38pm   E 30.21   51
27   19.1  37.0   4:05pm  -1.3   5:31am   44    0  0.00   2  26   2:12pm WNW 30.22   46
28   22.6  42.4   5:35pm  -0.8   6:54am   41    0  0.00   2  19  10:51am WNW 30.23   45
29   27.5  48.0   4:45pm   6.6   6:52am   37    0  0.00   1  17   1:06pm   E 30.25   45
30   29.4  48.0   2:52pm  10.0   6:47am   35    0  0.00   2  18   4:08pm  SW 30.07   43
31   32.8  51.1   3:15pm  13.8   6:36am   31    0  0.00   2  17  11:42am SSE 29.78   47
---------------------------------------------------------------------------------------
TOT  28.7  58.5  3/16/11  -3.6  3/25/11 1087    0  1.46   2  40   3/1/11 WSW 30.09   63

HEAT BASE: 65.0
COOL BASE: 65.0