NOAA-Style Climate Reports


Report for 2011 February
                  MONTHLY CLIMATOLOGICAL SUMMARY FOR 2/2011
                                        HEAT  COOL        
     MEAN                               DEG   DEG       WIND SPEED       DOM MEAN  MEAN
DAY  TEMP  HIGH   TIME     LOW   TIME   DAYS  DAYS RAIN AVG  HI  TIME    DIR BAROM HUM
---------------------------------------------------------------------------------------
1    15.5  22.3  12:19pm  10.2   6:04am   49    0  0.00   2  20   3:32pm NNE 30.33   69
2    15.1  27.5   3:22pm   2.3  11:09pm   50    0  0.00   4  29   8:27am   N 30.19   56
3    15.0  28.4   3:20pm   0.3   5:08am   50    0  0.00   7  42   1:17pm  SW 30.04   42
4    24.0  28.8  12:43pm  19.2   6:19am   40    0  0.00   6  30  10:20am  SW 29.76   60
5    28.2  38.3   1:12pm  13.3   6:51am   37    0  0.04   1  17  12:22am  SW 29.58   73
6    27.1  31.8   1:23pm  20.1  11:50pm   37    0  0.00   1  19  11:28am   N 29.86   65
7    14.7  20.8   1:01pm   4.1  11:58pm   50    0  0.00   2  17  12:21am WNW 30.00   59
8     5.7  21.4   3:13pm  -6.3   6:59am   59    0  0.00   6  34   2:05pm WSW 30.10   52
9     2.6  15.6   3:12pm  -9.9  10:36pm   62    0  0.00   5  34   1:46pm   W 30.01   40
10   -1.7  20.5   3:16pm -19.1   7:37am   67    0  0.00   2  22   1:08pm  SW 29.90   40
11    4.0  20.8   1:56pm -19.7   7:06am   61    0  0.00   4  26  10:54am  SW 29.76   49
12   20.5  32.5   2:01pm   0.7   7:22am   45    0  0.00   4  24  12:08am  SW 29.82   63
13   35.6  48.2   1:40pm  22.1   3:33am   27    0  0.00   3  31   9:55pm  SW 29.37   69
14   32.7  43.5  12:00am  23.2  11:59pm   32    0  0.00   5  41  12:09am  NW 29.92   56
15   29.9  39.9   2:49pm  19.9   1:52am   35    0  0.00   4  33   2:56pm  SW 30.05   66
16   36.8  51.8   1:04pm  24.3   7:18am   28    0  0.00   2  20  11:44am  SW 29.80   70
17   38.6  43.2   6:04pm  33.4   5:39am   26    0  0.00   1  29  11:59pm  SW 29.50   95
18   30.8  39.4  12:08am  18.9  11:52pm   34    0  0.00  15  52   1:42pm   W 29.76   53
19   22.2  35.4   2:56pm  11.8   6:40am   43    0  0.00   3  35  12:00am WNW 30.32   51
20   24.0  29.1  12:13pm  20.1  11:49pm   39    0  0.00   2  17   2:42pm  NE 30.05   68
21   15.5  20.1  12:00am  12.0   8:04am   50    0  0.00   3  21   2:49am ENE 30.02   60
22   16.1  29.7   3:02pm   4.1   7:01am   49    0  0.00   1  22   2:13pm  SW 30.19   61
23   23.4  26.8   2:16pm  16.0  12:00am   42    0  0.00   3  22  10:02am  SW 30.08   77
24   27.9  34.5   3:10pm  21.0  11:58pm   36    0  0.00   2  22   7:06am WNW 30.02   68
25   17.8  22.6  12:31pm  10.8   6:28am   45    0  0.00   1  22   9:27am WNW 30.07   55
26    9.9  16.0  12:13pm   0.7  11:56pm   55    0  0.00   1  15  11:29am   W 29.93   62
27   11.6  28.0   3:26pm  -5.4   4:17am   49    0  0.00   2  23   4:29pm  SW 29.72   65
28   24.6  37.8   3:01pm  16.9  10:45pm   39    0  0.00   2  26   5:54am WNW 29.97   53
---------------------------------------------------------------------------------------
TOT  20.2  51.8  2/16/11 -19.7  2/11/11 1236    0  0.04   3  52  2/18/11  SW 29.93   61

HEAT BASE: 65.0
COOL BASE: 65.0