NOAA-Style Climate Reports


Report for 2011 February

Daily NOAA report



                            MONTHLY CLIMATOLOGICAL SUMMARY for FEB. 2011

NAME: Athelstane Weather   CITY: Athelstane STATE: Wisconsin
ELEV: 812 LAT: 045:23:00 LONG: 0088:07:00

                            TEMPERATURE ( °F), RAIN (in.), WIND SPEED (mph)

                                               HEAT     COOL           AVG
      MEAN                                     DEG      DEG            WIND                       DOM
DAY   TEMP    HIGH   TIME     LOW    TIME      DAYS     DAYS    RAIN   SPEED    HIGH    TIME      DIR
--------------------------------------------------------------------------------------------------------
01    15.6   022.3   12:18    10.2   06:37     49.4     00.0   00.00   01.7     19.6    15:28     NNE
02    15.1   027.3   15:14    02.5   23:27     49.9     00.0   00.00   03.0     28.8    08:15     NNW
03    15.1   028.0   15:16    00.3   05:12     49.9     00.0   00.00   07.0     42.5    13:18      SW
04    24.6   028.8   12:36    19.2   07:27     40.4     00.0   00.00   05.8     29.9    10:26      SW
05    28.4   038.3   13:10    13.3   07:02     36.6     00.0   00.04   00.6     16.1    12:32     WNW
06    27.0   031.8   13:28    19.9   00:00     37.9     00.0   00.00   01.1     19.6    11:23     NNW
07    14.7   020.8   13:02    04.1   00:00     50.2     00.0   00.00   01.6     17.3    12:09      NW
08    05.8   021.4   15:13   -06.3   07:09     59.1     00.0   00.00   05.5     33.4    14:08     WSW
09    02.6   015.6   15:07   -09.8   22:29     62.4     00.0   00.00   04.5     33.4    13:39      W 
10   -01.5   020.3   15:28   -19.1   07:33     66.5     00.0   00.00   01.7     21.9    13:08      SW
11    04.2   020.8   13:32   -19.7   07:18     60.8     00.0   00.00   04.4     26.4    10:40      SW
12    20.6   032.5   14:16    00.7   07:22     44.4     00.0   00.00   03.2     24.1    00:08     WSW
13    35.1   048.2   13:34    22.1   03:29     29.8     00.0   00.00   03.7     31.1    21:42      SW
14    32.5   043.5   00:07    23.2   00:00     32.4     00.0   00.00   04.7     41.4    00:07      NW
15    30.1   039.7   14:33    19.9   07:16     34.8     00.0   00.00   04.3     31.1    12:21     SSW
16    36.8   051.8   13:09    24.3   07:24     28.1     00.0   00.00   01.8     19.6    23:29     SSW
17    38.6   043.2   21:05    33.4   06:29     26.3     00.0   00.00   01.6     28.8    00:00      SW
18    30.7   039.4   00:14    18.7   00:00     34.2     00.0   00.00   14.2     51.8    15:31      W 
19    22.2   035.4   15:17    11.8   07:03     42.8     00.0   00.00   02.3     29.9    01:29     WNW
20    24.0   029.1   12:11    20.1   00:00     40.9     00.0   00.00   02.2     16.1    23:30      NE
21    15.5   020.1   00:05    12.0   08:24     49.5     00.0   00.00   03.1     20.7    10:27     ENE
22    16.2   029.5   15:05    04.1   07:20     48.7     00.0   00.00   01.3     19.6    15:20     SSE
23    23.5   026.8   14:14    16.3   00:03     41.5     00.0   00.00   03.5     21.9    10:08     SSW
24    27.7   034.5   15:18    20.8   00:00     37.2     00.0   00.00   01.8     21.9    23:19     WNW
25    17.8   022.6   12:26    10.8   06:24     47.1     00.0   00.00   01.8     19.6    12:23      NW
26    09.9   016.0   12:12    00.7   00:00     55.1     00.0   00.00   00.8     14.9    12:28     WSW
27    12.3   028.0   15:19   -05.4   04:20     52.6     00.0   00.00   02.2     23.0    16:26      SW
28    24.9   037.8   15:01    16.9   22:38     40.0     00.0   00.00   02.8     26.4    05:40     WNW
--------------------------------------------------------------------------------------------------------
20.4 (20.0)   51.8  day 16    -19.7  day 11   1248.5    000.0   00.00   03.3     51.8   day 18     WSW
Max