NOAA-Style Climate Reports


Report for 2011 January
                  MONTHLY CLIMATOLOGICAL SUMMARY FOR 1/2011
                                        HEAT  COOL        
     MEAN                               DEG   DEG       WIND SPEED       DOM MEAN  MEAN
DAY  TEMP  HIGH   TIME     LOW   TIME   DAYS  DAYS RAIN AVG  HI  TIME    DIR BAROM HUM
---------------------------------------------------------------------------------------
1    17.3  36.3   1:57am   5.9  10:44pm   46    0  0.04   9  44   1:16pm  SW 29.61   46
2     9.4  18.7   3:12pm   2.5   7:40am   56    0  0.00   5  26  11:11am  SW 29.93   27
3    13.7  21.7   2:12pm   8.2  12:00am   51    0  0.00   1  14   1:30pm   W 29.93   58
4    13.4  22.6   3:10pm   0.9  11:09pm   52    0  0.00   2  22   1:03pm WNW 29.86   58
5     7.6  17.4   1:34pm  -4.4   5:28am   57    0  0.00   1  16  12:30pm WSW 29.81   59
6    16.2  20.1  11:20am  11.8  11:35pm   49    0  0.00   3  30   2:02pm WNW 29.58   63
7    11.8  16.3   1:58pm   9.0   9:38pm   53    0  0.00   4  28   2:48pm WNW 29.38   56
8    16.9  26.1   1:51pm  11.1  11:16pm   48    0  0.00   2  26   2:26am  NW 29.77   63
9    12.3  28.8   3:15pm   1.6  11:50pm   52    0  0.00   1  17   1:00pm   W 30.20   61
10   12.1  25.5   2:11pm  -0.9   4:18am   53    0  0.00   0   9   1:24pm ESE 30.38   60
11   21.4  27.0  11:01am  15.6   9:15pm   44    0  0.00   0  13  12:01pm   N 30.20   78
12   21.7  28.0  12:06pm  15.6   4:08am   43    0  0.00   2  26   2:07pm  NW 30.31   68
13   19.4  22.8  12:23pm  12.9   8:17pm   46    0  0.00   1  15  10:15am  SW 30.33   65
14   16.9  21.9   3:06pm   5.7   7:51am   48    0  0.00   0  17  10:40pm WSW 30.12   79
15   15.1  21.6   8:50am   7.2   6:39pm   50    0  0.00   4  30  12:57pm WNW 29.98   66
16    6.5  18.0   3:29pm  -6.3  11:33pm   55    0  0.00   1  17  12:45pm WNW 30.16   45
17   16.8  26.4   2:21pm  -5.6  12:00am   47    0  0.00   1  17  12:08pm SSE 29.73   63
18   17.4  23.0  12:00am  11.5   8:03pm   48    0  0.00   2  24   6:08am   N 29.90   61
19   12.5  18.9   1:52pm  -1.1  11:26pm   53    0  0.00   1  18   7:59pm WNW 30.03   56
20    1.8  15.6   1:24pm -11.0   7:13am   61    0  0.00   4  32   7:02pm WNW 29.91   51
21   -1.4  11.1   3:27pm -16.4   7:44am   66    0  0.00   2  28  12:13am   W 29.94    5
22    5.7  18.5   3:26pm  -0.6   7:36pm   59    0  0.00   2  24  12:25pm WNW 29.84   24
23    1.1  13.5   3:17pm -16.1   6:54am   64    0  0.00   2  22   1:31pm  SW 30.15   49
24   15.8  21.4   2:35pm   5.5   3:46am   49    0  0.00   2  20  11:09am  SW 29.90   60
25   22.2  28.8   3:05pm  19.8   2:35am   43    0  0.00   3  27   2:08pm  SW 29.95   68
26   24.0  28.0   1:16pm  21.9  12:00am   41    0  0.00   1  15   1:29pm WNW 29.94   69
27   23.3  27.1   3:07pm  18.9   3:56am   42    0  0.00   1  17   2:28am WSW 29.75   71
28   20.8  25.2   2:56pm  15.1  11:59pm   44    0  0.00   1  18  10:32am WNW 29.79   63
29   16.9  22.3   2:31pm   5.2  11:59pm   48    0  0.00   0  10  10:38am   E 29.89   77
30   10.6  22.1  12:32pm  -2.2   6:18am   53    0  0.00   1  15   2:02pm WNW 30.28   67
31   12.1  17.4   2:07pm   7.5   1:55am   53    0  0.00   0  10  11:39am   E 30.41   69
---------------------------------------------------------------------------------------
TOT  13.9  36.3   1/1/11 -16.4  1/21/11 1574    0  0.04   2  44   1/1/11 WSW 29.97   58

HEAT BASE: 65.0
COOL BASE: 65.0