NOAA-Style Climate Reports


Report for 2010 December

Daily NOAA report



                            MONTHLY CLIMATOLOGICAL SUMMARY for DEC. 2010

NAME: Athelstane Weather   CITY: Athelstane STATE: Wisconsin
ELEV: 812 LAT: 045:23:00 LONG: 0088:07:00

                            TEMPERATURE ( °F), RAIN (in.), WIND SPEED (mph)

                                               HEAT     COOL           AVG
      MEAN                                     DEG      DEG            WIND                       DOM
DAY   TEMP    HIGH   TIME     LOW    TIME      DAYS     DAYS    RAIN   SPEED    HIGH    TIME      DIR
--------------------------------------------------------------------------------------------------------
01    25.5   029.3   15:22    23.2   08:35     39.5     00.0   00.00   06.8     29.9    20:12      W 
02    22.2   024.4   00:07    21.0   00:00     42.7     00.0   00.00   03.9     21.9    14:00      W 
03    22.5   027.7   12:37    18.1   20:23     42.5     00.0   00.00   00.5     16.1    06:09     NNW
04    25.2   029.1   11:30    21.4   00:09     39.7     00.0   00.00   00.3     13.8    14:03     NNW
05    22.6   025.7   12:22    19.0   00:00     42.3     00.0   00.00   04.2     29.9    08:36      NW
06    18.5   023.2   12:38    14.0   00:00     46.5     00.0   00.00   04.9     29.9    05:18      NW
07    17.1   025.5   15:01    10.8   07:05     47.9     00.0   00.00   04.0     32.2    12:08     WNW
08    14.6   023.9   15:04    00.7   00:00     50.3     00.0   00.00   01.6     21.9    11:19     WNW
09    14.4   023.9   00:00    00.7   00:22     50.5     00.0   00.00   02.4     21.9    20:12     SSW
10    22.3   030.2   12:02    09.5   22:17     42.6     00.0   00.00   02.7     26.4    11:00      W 
11    21.5   024.3   21:14    13.8   00:02     43.5     00.0   00.00   02.1     19.6    23:00      NE
12    16.1   023.0   00:03    08.8   00:00     48.9     00.0   00.00   06.6     33.4    14:17     NNE
13    07.9   014.7   12:04   -02.6   22:13     57.1     00.0   00.00   03.1     32.2    09:20     NNW
14    05.2   021.0   15:05   -11.2   00:00     59.7     00.0   00.00   01.2     26.4    11:31     WNW
15    01.9   023.9   15:07   -11.9   07:23     63.0     00.0   00.00   00.4     13.8    12:27      W 
16    10.0   026.6   15:06   -05.8   01:16     54.9     00.0   00.00   00.8     19.6    11:22     WNW
17    19.5   024.1   12:25    14.0   00:00     45.5     00.0   00.00   03.1     26.4    10:09     WSW
18    13.0   019.0   13:37    00.7   07:18     51.9     00.0   00.00   01.5     21.9    13:18     WSW
19    15.2   026.4   15:07    03.7   00:00     49.7     00.0   00.00   00.5     14.9    09:21      W 
20    11.1   022.8   14:07   -03.1   07:21     53.8     00.0   00.00   00.2     12.7    13:21      SE
21    28.0   029.7   22:10    21.4   00:10     37.0     00.0   00.00   00.5     13.8    17:02     ESE
22    28.2   034.3   13:28    22.5   07:20     36.8     00.0   00.00   01.5     23.0    19:09     WNW
23    25.4   028.0   13:33    23.5   00:00     39.5     00.0   00.00   00.8     19.6    02:32      NW
24    25.9   029.8   13:11    23.0   07:12     39.1     00.0   00.00   00.1     10.3    03:08      N 
25    26.2   031.3   12:18    20.1   20:17     38.7     00.0   00.00   00.5     19.6    16:22      N 
26    24.5   028.9   14:04    21.9   00:00     40.4     00.0   00.00   00.5     13.8    05:31      N 
27    19.6   027.9   15:10    14.4   22:15     45.3     00.0   00.00   03.1     24.1    13:38     WSW
28    20.0   032.5   12:32    09.7   23:06     44.9     00.0   00.00   03.2     31.1    02:40     WSW
29    25.8   036.3   14:32    09.3   01:30     39.1     00.0   00.00   03.1     39.1    12:12     SSW
30    35.2   037.8   00:00    32.4   00:03     29.7     00.0   00.31   00.9     13.8    01:19     SSE
31    37.5   041.2   05:03    34.0   23:18     27.5     00.0   00.00   01.3     19.6    05:28     SSW
--------------------------------------------------------------------------------------------------------
20.1 (19.7)   41.2  day 31    -11.9  day 15   1390.6    000.0   00.00   02.1     39.1   day 28     WNW
Max