NOAA-Style Climate Reports


Report for 2010 December
                  MONTHLY CLIMATOLOGICAL SUMMARY FOR 12/2010
                                        HEAT  COOL        
     MEAN                               DEG   DEG       WIND SPEED       DOM MEAN  MEAN
DAY  TEMP  HIGH   TIME     LOW   TIME   DAYS  DAYS RAIN AVG  HI  TIME    DIR BAROM HUM
---------------------------------------------------------------------------------------
1    25.5  29.3   2:57pm  23.2   7:04am   40    0  0.00   6  30   5:47pm   W 29.72   69
2    22.2  24.6  12:00am  21.0  11:09pm   43    0  0.00   4  22   3:35am   W 30.02   62
3    22.4  27.7  12:47pm  18.1   8:09pm   43    0  0.00   1  17   3:16am WNW 30.15   64
4    25.1  29.1  11:23am  21.4  12:00am   40    0  0.00   0  14   1:46pm WNW 30.13   66
5    22.7  25.7  12:31pm  19.0  10:48pm   40    0  0.00   4  30   8:24am  NW 30.17   60
6    18.5  23.4  11:57am  14.0   9:33pm   47    0  0.00   4  30   5:19am  NW 30.09   53
7    17.0  25.5   2:55pm  10.8   6:58am   48    0  0.00   5  33  12:08pm WNW 30.07   54
8    14.8  23.9   3:00pm   0.7  11:58pm   50    0  0.00   2  22  11:24am WNW 30.14   55
9    14.4  23.9  12:00pm   0.7  12:00am   51    0  0.00   2  23  10:58am  SW 29.99   66
10   22.5  30.2  11:48am   9.5  10:09pm   42    0  0.00   3  27   9:26am WSW 29.79   80
11   21.4  24.3   7:44pm  13.8  12:00am   44    0  0.00   2  19  10:55pm NNE 29.92   87
12   16.0  23.0  12:00am   9.0  11:54pm   47    0  0.00   6  34   2:16pm   N 29.89   71
13    7.8  14.7  11:56am  -2.6  10:16pm   57    0  0.00   3  33   9:16am  NW 30.11   57
14    5.5  21.2   3:03pm -11.2  11:10pm   59    0  0.00   1  27  11:39am WNW 30.11   54
15    1.7  23.9   3:03pm -11.9   7:25am   63    0  0.00   0  13  12:34pm   W 29.99   54
16    9.6  26.6   3:04pm  -5.8   1:05am   55    0  0.00   1  20  11:24am WNW 29.79   62
17   19.5  24.1  12:39pm  14.0  10:17pm   46    0  0.00   4  27  10:03am WSW 29.83   67
18   13.0  19.0   1:01pm   0.7   7:13am   52    0  0.00   1  22   1:17pm WSW 29.80   62
19   15.6  26.6   3:06pm   3.7  11:53pm   44    0  0.00   1  15   9:47am WNW 29.93   63
20   10.9  22.8   1:54pm  -3.1   7:20am   54    0  0.00   0  13   1:20pm   E 30.08   39
21   27.9  29.7  12:06pm  21.4  12:00am   37    0  0.00   0  13   4:49pm   S 30.02   91
22   28.2  34.3   1:34pm  22.5   7:03am   37    0  0.00   2  23   7:06pm WNW 30.26   86
23   25.4  28.0   1:37pm  23.5   7:34am   39    0  0.00   1  20   2:31am WNW 30.41   81
24   25.8  29.8   1:16pm  23.0   6:15am   39    0  0.00   0  10   3:08am  NW 30.33   84
25   26.3  31.3  11:37am  20.1   8:27pm   39    0  0.00   1  20   4:25pm   N 30.27   81
26   24.6  28.9   2:06pm  21.9  11:39pm   40    0  0.00   1  13   3:57am   N 30.28   74
27   19.6  28.0   3:07pm  14.4   9:59pm   45    0  0.00   3  24   1:46pm  SW 30.08   72
28   19.8  32.5  12:31pm   9.7  10:49pm   45    0  0.00   3  31   2:45am  SW 29.85   75
29   25.8  36.5   2:40pm   9.3   1:16am   39    0  0.00   3  39  12:14pm  SW 29.73   78
30   35.2  37.8  10:49pm  31.8   2:06am   30    0  0.31   1  14   1:22am  SW 29.61   99
31   37.6  41.2   4:53am  33.8  11:38pm   25    0  0.00   1  19   5:23am  SW 29.60   99
---------------------------------------------------------------------------------------
TOT  20.0  41.2 12/31/10 -11.9 12/15/10 1381    0  0.31   2  39 12/29/10 WNW 30.01   70

HEAT BASE: 65.0
COOL BASE: 65.0