NOAA-Style Climate Reports


Report for 2010 November
                  MONTHLY CLIMATOLOGICAL SUMMARY FOR 11/2010
                                        HEAT  COOL        
     MEAN                               DEG   DEG       WIND SPEED       DOM MEAN  MEAN
DAY  TEMP  HIGH   TIME     LOW   TIME   DAYS  DAYS RAIN AVG  HI  TIME    DIR BAROM HUM
---------------------------------------------------------------------------------------
1    34.8  53.8   3:51pm  23.0   7:53am   30    0  0.00   2  20  12:27pm  SW 30.37   66
2    36.4  54.1   3:33pm  23.4   7:55am   29    0  0.00   2  23  12:08pm  SW 30.33   67
3    45.7  59.0   3:27pm  36.9   7:53am   19    0  0.00   4  30   5:15pm  SW 29.85   62
4    38.7  45.3   1:08pm  32.7  11:53pm   26    0  0.00   2  30   1:26pm   N 29.88   63
5    30.5  39.4   3:09pm  19.6  11:45pm   35    0  0.00   3  29  10:52am  NW 30.02   51
6    34.3  49.6   3:28pm  17.4   3:08am   31    0  0.00   3  25   1:52pm  SW 30.13   53
7    38.6 104.0  12:38pm  26.4   6:54am   25    0  0.00   1  15   2:03pm  SW 30.02   54
8    39.2  58.8   2:24pm  27.0   5:59am   26    0  0.00   1  17   2:29pm   E 29.92   73
9    41.8  60.1   2:23pm  28.9   6:29am   23    0  0.00   1  16   2:36pm   E 29.97   75
10   41.8  57.9  12:44pm  30.0   6:11am   23    0  0.00   1  14  12:28pm   E 30.08   77
11   45.7  61.2   2:53pm  28.0  11:49pm   19    0  0.00   2  30  11:13am  SW 30.21   68
12   35.7  43.0  11:32am  26.1   3:15am   29    0  0.08   0  13   1:23pm WNW 30.38   78
13   37.8  45.3   7:59pm  34.3   6:13am   27    0  0.91   2  17  12:39pm ENE 29.97   97
14   35.8  39.2  12:02pm  30.9  11:23pm   29    0  0.04   5  29   2:09pm  SW 29.61   95
15   32.9  36.7   2:43pm  30.2   3:52am   32    0  0.04   0  16  10:55am  SW 29.76   98
16   34.7  43.2   2:51pm  27.0   6:46am   30    0  0.00   0   9  12:52pm   E 29.73   99
17   37.2  42.1  12:46pm  34.0   5:22pm   28    0  0.00   2  31   1:17pm WNW 29.94   80
18   31.4  34.5  12:00am  27.7   8:59pm   34    0  0.00   1  19   3:30am WNW 30.21   66
19   32.3  35.8   3:54pm  28.6   1:53am   33    0  0.00   5  27  11:06am  SW 29.93   74
20   25.2  29.7   2:21pm  20.7   5:38am   40    0  0.00   2  30  12:11am WNW 30.24   55
21   32.6  38.7   9:55pm  25.2  12:00am   32    0  0.16   0  13  12:16pm   E 29.91   85
22   36.7  38.5   6:35pm  34.5  11:53pm   28    0  0.35   2  26  10:41pm   W 29.68   99
23   24.0  34.5  12:00am  14.7  11:27pm   41    0  0.00   7  40  12:09pm   W 30.00   66
24   28.2  33.6   1:22pm  14.5  12:00am   37    0  0.00   1  21   2:23pm   E 30.09   81
25   26.7  34.9   9:58am  11.5  11:57pm   38    0  0.08   5  39   1:20pm WSW 29.62   77
26   18.3  23.9  11:43am  11.3  12:11am   47    0  0.00  10  38   6:21pm WSW 29.57   60
27   24.1  29.3  10:54am  12.4  11:40pm   41    0  0.00   4  34  12:00am WNW 29.90   72
28   25.4  37.4   9:24pm   9.7   4:37am   38    0  0.12   2  21   6:59pm  SW 30.02   77
29   37.0  44.4   1:34pm  29.1   2:57am   28    0  0.55   2  17  12:23pm   E 29.85   90
30   38.2  43.7  11:47am  24.8  11:57pm   27    0  0.12   4  30  10:07pm  SW 29.47   95
---------------------------------------------------------------------------------------
TOT  34.1 104.0  11/7/10   9.7 11/28/10  925    0  2.44   3  40 11/23/10 WSW 29.96   75

HEAT BASE: 65.0
COOL BASE: 65.0