NOAA-Style Climate Reports


Report for 2010 October
                  MONTHLY CLIMATOLOGICAL SUMMARY FOR 10/2010
                                        HEAT  COOL        
     MEAN                               DEG   DEG       WIND SPEED       DOM MEAN  MEAN
DAY  TEMP  HIGH   TIME     LOW   TIME   DAYS  DAYS RAIN AVG  HI  TIME    DIR BAROM HUM
---------------------------------------------------------------------------------------
1    46.7  65.5  12:50pm  36.5   4:58am   18    0  0.16   0  22   3:14pm WNW 30.05   80
2    42.1  54.9   3:34pm  30.9  11:28pm   23    0  0.00   2  22   4:40pm   N 30.25   75
3    42.5  62.2   4:09pm  30.9  12:00am   22    0  0.00   1  13  11:15am   W 30.37   69
4    43.4  66.7   3:58pm  27.0   7:03am   22    0  0.00   1  17   1:21pm WSW 30.33   64
5    49.2  74.7   4:03pm  30.6   7:07am   17    1  0.00   1  17  10:44am   W 30.26   60
6    52.7  76.1   3:42pm  34.7   6:07am   14    2  0.00   1  22  11:06am WNW 30.01   61
7    57.1  76.5   3:32pm  44.4  11:55pm   10    2  0.00   3  22   2:15pm WNW 29.99   47
8    58.2  85.8   3:38pm  37.2   5:26am   11    4  0.00   1  22   2:14pm  SE 29.89   60
9    55.5  70.3   3:16pm  44.4  11:57pm   10    1  0.00   2  17  12:54pm   E 30.00   67
10   57.4  74.3   2:38pm  40.6   6:59am    9    2  0.00   0  13   9:20am   E 29.87   74
11   54.4  66.7   3:34pm  44.4  11:56pm   11    0  0.00   1  16  11:37am   E 29.87   68
12   55.3  72.3   3:40pm  41.7   2:05am   10    1  0.04   2  24  10:12pm WSW 29.91   73
13   50.4  65.3   3:00pm  34.0  11:49pm   15    0  0.00   2  22  12:46pm WNW 30.03   67
14   44.7  59.5   2:51pm  30.6   3:36am   20    0  0.00   1  31   5:15pm   W 29.89   69
15   47.3  62.6   3:05pm  34.2  11:59pm   18    0  0.00   1  19  11:53am WNW 30.01   69
16   47.6  69.4   3:31pm  29.8   3:46am   17    0  0.00   3  28   3:40pm WSW 29.94   63
17   47.6  61.0   3:09pm  34.7   6:11am   17    0  0.00   3  29  11:33am   W 30.02   45
18   42.8  58.1   3:18pm  29.1  11:35pm   22    0  0.00   2  25   1:13pm WNW 29.99   50
19   43.0  60.3   3:24pm  27.1   4:53am   22    0  0.00   3  32   2:35pm   W 29.83   56
20   46.0  59.5   3:34pm  31.1  11:55pm   19    0  0.00   5  38  12:45pm   W 29.58   54
21   39.2  51.4   3:06pm  30.2   9:53pm   26    0  0.00   3  30   3:09pm WNW 29.83   57
22   41.9  61.0   3:26pm  27.0   4:03am   23    0  0.00   2  25  11:42am  SW 29.95   55
23   41.9  51.8  11:09am  32.7   3:30am   23    0  0.39   0   8  11:14am SSE 29.88   80
24   50.0  52.7   3:00pm  47.1  12:00am   14    0  0.87   0  11   2:46pm WNW 29.69   99
25   54.1  59.5   3:08pm  50.2  12:59am   11    0  0.00   0  14   1:20pm WSW 29.45  100
26
27   40.5  43.7   3:03pm  38.7   5:52pm    9    0  0.00   9  43   3:12pm  SW 29.35   78
28   40.2  43.7  12:36pm  36.7  11:24pm   25    0  0.00   8  38  12:03pm   W 29.88   61
29   36.9  47.3   3:45pm  24.8   7:45am   28    0  0.00   1  19  12:00am  SW 30.10   56
30   38.3  49.3   1:11pm  28.8  11:58pm   27    0  0.00   0  18   2:39pm NNE 29.81   62
31   33.0  48.6   3:50pm  25.0  11:53pm   32    0  0.00   1  17   1:08pm WNW 30.16   68
---------------------------------------------------------------------------------------
TOT  47.0  85.8  10/8/10  24.8 10/29/10  545   13  2.72   2  43 10/27/10   W 29.94   67

HEAT BASE: 65.0
COOL BASE: 65.0