NOAA-Style Climate Reports

Select a Year or Month report
2018: Jan Feb Mar Apr May Jun Jul Aug Sep Oct Nov Dec
2017: Jan Feb Mar Apr May Jun Jul Aug Sep Oct Nov Dec
2016: Jan Feb Mar Apr May Jun Jul Aug Sep Oct Nov Dec
2015: Jan Feb Mar Apr May Jun Jul Aug Sep Oct Nov Dec
2014: Jan Feb Mar Apr May Jun Jul Aug Sep Oct Nov Dec
2013: Jan Feb Mar Apr May Jun Jul Aug Sep Oct Nov Dec
2012: Jan Feb Mar Apr May Jun Jul Aug Sep Oct Nov Dec
2011: Jan Feb Mar Apr May Jun Jul Aug Sep Oct Nov Dec
2010: Jan Feb Mar Apr May Jun Jul Aug Sep Oct Nov Dec
2009: Jan Feb Mar Apr May Jun Jul Aug Sep Oct Nov Dec
2008: Jan Feb Mar Apr May Jun Jul Aug Sep Oct Nov Dec
2007: Jan Feb Mar Apr May Jun Jul Aug Sep Oct Nov Dec
2006: Jan Feb Mar Apr May Jun Jul Aug Sep Oct Nov Dec
2005: Jan Feb Mar Apr May Jun Jul Aug Sep Oct Nov Dec
2004: Jan Feb Mar Apr May Jun Jul Aug Sep Oct Nov Dec
2003: Jan Feb Mar Apr May Jun Jul Aug Sep Oct Nov Dec

Report for 2010 September

Daily NOAA report



                            MONTHLY CLIMATOLOGICAL SUMMARY for SEP. 2010

NAME: Athelstane Weather   CITY: Athelstane STATE: Wisconsin
ELEV: 812 LAT: 045:23:00 LONG: 0088:07:00

                            TEMPERATURE ( °F), RAIN (in.), WIND SPEED (mph)

                                               HEAT     COOL           AVG
      MEAN                                     DEG      DEG            WIND                       DOM
DAY   TEMP    HIGH   TIME     LOW    TIME      DAYS     DAYS    RAIN   SPEED    HIGH    TIME      DIR
--------------------------------------------------------------------------------------------------------
01    70.8   082.0   16:12    62.8   00:00     00.0     05.8   00.12   01.1     14.9    12:16     WNW
02    64.1   077.2   16:17    58.6   03:23     00.8     00.0   01.30   00.6     25.3    10:14     WSW
03    56.0   062.6   14:09    47.7   00:00     09.0     00.0   00.12   06.6     35.6    08:29      W 
04    52.5   063.1   14:09    40.8   00:00     12.5     00.0   00.00   05.5     33.4    15:14     WNW
05    55.5   073.4   16:29    37.2   06:19     09.5     00.0   00.00   01.6     21.9    10:28      W 
06    61.7   072.5   14:04    52.3   06:19     03.2     00.0   00.51   00.4     14.9    12:22     WSW
07    57.9   063.0   04:10    51.4   23:04     07.0     00.0   00.08   06.4     41.4    09:05      W 
08    53.5   061.3   14:08    43.2   00:00     11.4     00.0   00.00   02.6     24.1    12:22     WNW
09    51.5   065.7   15:15    39.9   06:01     13.5     00.0   00.00   00.5     16.1    11:07     NNW
10    52.2   068.7   14:27    37.2   07:00     12.8     00.0   00.00   01.0     19.6    13:15     ENE
11    55.8   062.6   17:20    46.8   01:29     09.1     00.0   00.39   00.2     10.3    16:15     WSW
12    60.3   077.4   15:29    47.1   06:19     04.7     00.0   00.00   03.2     35.6    12:23      W 
13    56.9   071.2   15:09    44.2   00:00     08.0     00.0   00.00   03.6     33.4    12:15     WNW
14    52.3   069.6   16:12    39.4   00:00     12.7     00.0   00.00   01.9     20.7    13:15     WNW
15    47.2   055.8   11:24    34.0   06:02     17.7     00.0   00.28   00.2     13.8    23:15      NE
16    53.2   063.3   14:29    47.8   00:00     11.7     00.0   00.91   01.4     16.1    14:24      N 
17    55.5   066.7   15:26    43.0   04:01     09.4     00.0   00.04   01.6     20.7    16:20     SSW
18    54.4   066.7   16:04    37.6   00:00     10.5     00.0   00.00   02.5     21.9    13:24     WNW
19    47.5   066.6   17:15    33.3   05:01     17.4     00.0   00.00   00.8     13.8    16:14      W 
20    51.7   060.6   11:19    38.1   05:29     13.2     00.0   00.00   00.7     16.1    12:15      NE
21    64.6   077.0   14:15    54.3   01:26     00.4     00.0   00.00   03.2     34.5    13:25      W 
22    55.0   068.9   15:04    41.7   06:07     09.9     00.0   00.00   00.7     14.9    15:05     WSW
23    60.4   069.4   23:18    54.0   00:13     04.6     00.0   02.68   00.7     27.6    22:14      SW
24    59.5   069.1   01:03    46.0   00:00     05.4     00.0   00.08   09.2     43.7    11:24     WSW
25    50.0   063.0   14:28    38.5   00:00     14.9     00.0   00.00   02.8     26.4    01:00     WNW
26    47.3   065.1   15:33    34.0   07:05     17.6     00.0   00.00   00.6     16.1    11:00      W 
27    49.1   068.9   15:08    32.4   06:20     15.8     00.0   00.00   01.0     19.6    12:15      SW
28    53.9   061.5   16:05    43.9   01:25     11.1     00.0   00.00   00.9     18.4    16:15      NW
29    58.2   073.8   15:27    49.3   23:29     06.8     00.0   00.00   02.4     24.1    11:24     WSW
30    53.9   067.3   16:00    41.7   23:09     11.0     00.0   00.00   02.8     26.4    15:08      NW
--------------------------------------------------------------------------------------------------------
55.4 (55.9)   82.0  day 01     32.4  day 27   291.8    005.8   00.00   02.2     43.7   day 07      W 
Min  .008in) 10 (> .08in) 3 (> 0.8in)