NOAA-Style Climate Reports


Report for 2010 September
                  MONTHLY CLIMATOLOGICAL SUMMARY FOR 9/2010
                                        HEAT  COOL        
     MEAN                               DEG   DEG       WIND SPEED       DOM MEAN  MEAN
DAY  TEMP  HIGH   TIME     LOW   TIME   DAYS  DAYS RAIN AVG  HI  TIME    DIR BAROM HUM
---------------------------------------------------------------------------------------
1    70.8  82.0   4:19pm  62.8  10:45pm    0    6  0.12   1  17   8:59am WNW 29.86   80
2    64.1  77.2   4:33pm  58.6   3:40am    2    1  1.30   1  29  10:14am WSW 29.78   93
3    56.0  62.6   2:12pm  47.7  11:33pm    9    0  0.12   6  35   8:50am   W 29.59   83
4    52.5  63.1   2:11pm  40.8  11:50pm   13    0  0.00   5  34   3:21pm WNW 29.83   61
5    55.3  73.4   4:34pm  37.2   6:33am   11    1  0.00   2  22  10:53am   W 29.87   64
6    62.2  72.5   2:06pm  52.3   6:09am    4    1  0.55   1  15  12:18pm  SW 29.77   83
7    58.0  63.0   4:03am  51.4  10:33pm    7    0  0.08   6  41   9:09am WSW 29.64   83
8    53.5  61.5   2:07pm  43.2  11:55pm   11    0  0.00   2  24  12:25pm WNW 30.02   72
9    51.6  65.8   3:28pm  39.9   5:37am   13    0  0.00   0  17  11:01am WNW 30.11   75
10   52.2  68.9   2:52pm  37.2   6:31am   13    0  0.00   0  19   1:15pm   E 30.04   74
11   55.8  62.6   4:46pm  46.8   1:17am    9    0  0.39   0  12  10:58am  SW 29.82   96
12   61.3  77.5   3:55pm  47.3   4:40am    7    3  0.00   4  36  12:44pm   W 29.87   70
13   56.6  71.4   3:14pm  44.4  11:56pm   10    1  0.00   3  34  12:23pm   W 29.94   64
14   52.3  69.6   4:21pm  39.6  11:55pm   13    0  0.00   1  21   1:19pm WNW 30.08   66
15   47.1  55.8  11:32am  34.0   5:59am   18    0  0.28   0  14  11:25pm   E 30.08   89
16   53.2  63.3   2:50pm  47.8  11:57pm   12    0  0.91   1  16   2:40pm   N 29.91   89
17   55.4  66.7   2:42pm  43.0   3:29am   10    0  0.04   2  21   4:32pm  SE 29.99   87
18   54.4  66.7   4:04pm  37.6  11:59pm   20    0  0.00   2  22   1:42pm   W 30.10   61
19   48.2  66.9   3:43pm  33.3   4:22am   16    0  0.00   1  14   1:07pm WNW 30.19   68
20   51.4  60.6  11:32am  38.1   5:14am   14    0  0.00   1  17  12:25pm   E 30.07   79
21   64.6  77.2   2:30pm  54.3   1:42am    4    3  0.00   3  34  12:05pm   W 29.72   79
22   54.8  68.9   3:02pm  41.7   5:29am   11    0  0.00   1  17   2:29pm WSW 30.02   71
23   60.3  69.4  11:22pm  54.0  12:00am    5    0  2.68   1  28  10:20pm  SE 29.77   97
24   59.7  69.3  12:00am  46.0  11:56pm    6    1  0.08   8  44  11:07am WSW 29.58   81
25   50.0  63.0   2:07pm  38.5  11:58pm   15    0  0.00   3  26  12:46am WNW 30.08   65
26   47.2  65.1   3:36pm  34.0   6:56am   16    0  0.00   0  17  10:48am ESE 30.15   69
27   49.0  68.9   3:01pm  32.4   6:23am   16    0  0.00   1  19  11:03am  SE 29.92   69
28   53.8  61.7   4:03pm  43.9  12:20am   11    0  0.00   1  18   9:53am WNW 29.78   79
29   58.0  73.8   3:48pm  49.3  11:34pm    8    1  0.00   2  27  11:29am WSW 29.74   77
30   53.5  67.3   3:11pm  41.0  11:45pm   12    0  0.00   3  28   5:28pm WNW 29.90   71
---------------------------------------------------------------------------------------
TOT  55.4  82.0   9/1/10  32.4  9/27/10  316   22  6.54   2  44  9/24/10   W 29.91   77

HEAT BASE: 65.0
COOL BASE: 65.0