NOAA-Style Climate Reports


Report for 2010 August
                  MONTHLY CLIMATOLOGICAL SUMMARY FOR 8/2010
                                        HEAT  COOL        
     MEAN                               DEG   DEG       WIND SPEED       DOM MEAN  MEAN
DAY  TEMP  HIGH   TIME     LOW   TIME   DAYS  DAYS RAIN AVG  HI  TIME    DIR BAROM HUM
---------------------------------------------------------------------------------------
1    71.1  80.6   1:44pm  59.4   5:58am    1    7  0.00   1  16   1:21pm   W 29.91   81
2    76.4  87.4   1:46pm  68.9   2:32am    0   11  0.20   2  27  10:04am WSW 29.86   79
3    80.1  93.7   4:31pm  68.9   5:56am    0   15  0.00   3  19   1:18pm   W 29.84   72
4    74.8  89.8   3:30pm  63.1   5:15am    0   10  0.00   3  24   2:30pm   W 29.80   68
5    69.1  80.6   1:26pm  57.6  11:54pm    1    5  0.00   5  34  12:54pm   W 29.75   62
6    65.5  79.3   5:57pm  53.1   5:37am    4    4  0.00   2  21   2:34pm   W 29.88   62
7    66.2  84.2   3:38pm  48.4   5:37am    5    6  0.79   2  20   4:23pm WSW 29.84   74
8    73.8  84.0   1:54pm  64.6   1:30am    0    8  1.10   2  29   1:14am WSW 29.78   83
9    79.3  94.1   4:41pm  70.3  11:59pm    0   14  0.00   1  17   4:49pm   W 29.85   76
10   76.1  91.2   3:21pm  64.4   6:06am    0   11  0.00   0  12   2:50pm ESE 29.96   79
11   74.7  87.3   3:24pm  68.7   4:46am    0   10  0.04   0  12   5:37pm   E 29.85   84
12   78.1  91.8   4:21pm  69.8  12:00am    0   13  0.00   1  13  12:23pm WSW 29.82   82
13   74.0  84.6   5:04pm  69.8   2:21am    0    9  0.00   1  22  12:14pm WSW 29.75   86
14   76.9  91.0   3:31pm  66.9   6:19am    0   12  0.04   2  18   4:04pm   W 29.76   74
15   69.3  76.5   2:20pm  59.4  11:58pm    1    5  0.00   5  40   8:21am   W 29.78   65
16   64.8  76.5   3:49pm  54.1  11:58pm    3    3  0.00   6  34   1:23pm   W 29.85   54
17   61.0  76.1   4:56pm  47.5   5:12am    7    3  0.00   3  28  12:16pm   W 29.99   59
18   64.8  77.7   2:05pm  52.7   4:28am    4    4  0.00   3  28  12:31pm   W 29.93   76
19   66.3  75.6   2:50pm  59.7  10:35pm    1    3  0.00   1  15   5:28am   E 29.89   73
20   66.8  75.4   4:36pm  60.1   5:58am    1    3  0.47   0  18   9:44pm   E 29.81   90
21   69.5  79.2   5:18pm  61.2  11:57pm    0    5  0.00   1  21   3:27pm WNW 29.83   84
22   70.5  87.3   4:51pm  56.3   5:30am    3    8  0.00   1  18  10:39am WNW 30.07   72
23   68.9  86.0   2:51pm  53.1   5:58am    3    7  0.00   1  14  11:20am   E 30.08   76
24   65.1  77.0   4:14pm  55.6  11:16pm    3    3  0.00   1  18   4:10pm WSW 29.98   85
25   59.7  73.2   4:23pm  48.0  11:52pm    7    1  0.00   3  27  11:25am WNW 30.04   67
26   60.6  79.5   4:43pm  44.2   5:46am    8    4  0.00   1  23   2:04pm   W 30.13   64
27   67.5  87.1   4:12pm  49.3   5:13am    5    8  0.00   2  22  12:50pm WSW 29.98   69
28   73.7  88.2   3:11pm  61.3   6:43am    0    9  0.00   3  26   3:01pm WSW 29.98   65
29   73.0  92.3   4:06pm  52.3   6:45am    3   11  0.00   2  20   3:05pm WSW 30.02   68
30   78.3  91.2   1:48pm  66.9   6:45am    0   13  0.00   3  24  12:21pm  SE 30.05   71
31   74.0  81.3  12:56pm  69.1  11:51pm    0    9  0.00   2  26  12:51pm  SW 29.91   87
---------------------------------------------------------------------------------------
TOT  70.6  94.1   8/9/10  44.2  8/26/10   60  232  2.64   2  40  8/15/10   W 29.90   74

HEAT BASE: 65.0
COOL BASE: 65.0