NOAA-Style Climate Reports


Report for 2010 July
                  MONTHLY CLIMATOLOGICAL SUMMARY FOR 7/2010
                                        HEAT  COOL        
     MEAN                               DEG   DEG       WIND SPEED       DOM MEAN  MEAN
DAY  TEMP  HIGH   TIME     LOW   TIME   DAYS  DAYS RAIN AVG  HI  TIME    DIR BAROM HUM
---------------------------------------------------------------------------------------
1    63.3  81.9   5:33pm  42.1   5:13am    7    5  0.00   2  21   3:44pm WSW 30.28   65
2    72.2  88.2   3:46pm  55.8   5:58am    2    9  0.00   4  24   4:48pm  SE 30.09   60
3    75.2  90.1   3:52pm  60.6   3:38am    1   11  0.00   4  22   1:38pm  SE 29.91   61
4    75.4  84.7   2:11pm  69.4   4:12am    0   10  0.28   4  34   4:08pm WSW 29.77   75
5    70.9  78.6  10:12am  67.6   5:36am    0    6  0.79   0  22  10:06pm WSW 29.82   95
6    75.3  84.7   3:10pm  70.3  11:18pm    0   10  0.55   1  18  11:49am WSW 29.88   90
7    73.1  86.4  12:48pm  66.9   3:27am    0    8  0.51   1  16   2:39pm   E 30.02   89
8    74.6  87.4   5:39pm  65.3  11:36pm    0   10  0.00   1  19   4:45pm   W 29.96   77
9    72.8  87.8   4:14pm  58.8   5:29am    1    9  0.00   3  24   1:47pm   W 29.95   64
10   71.3  88.7   3:34pm  53.2   5:39am    3    9  0.00   1  19   1:59pm WSW 29.91   65
11   70.9  82.8  11:49am  61.9   6:09am    1    6  0.00   2  22   9:12am WSW 29.74   72
12   70.0  83.7   4:15pm  60.1   2:37am    1    6  0.00   1  13  10:45am WNW 29.76   70
13   68.6  84.0   4:31pm  53.1   5:27am    3    7  0.00   1  15   4:09pm WSW 29.91   59
14   65.9  81.9  11:11am  53.4   4:55am    3    4  0.79   1  22  11:55pm WSW 29.93   85
15   73.6  84.2   4:31pm  62.8  11:33pm    0    9  0.12   6  33   3:21pm WSW 29.82   69
16   75.4  89.1   3:54pm  63.3  12:00am    0   10  0.00   5  37  12:47pm   W 29.79   59
17   72.7  87.6   3:27pm  58.5   5:44am    1    9  0.00   3  23  10:59am   W 29.83   62
18   67.8  77.5   5:37pm  63.0   5:54am    0    3  0.00   0  12   5:24am WSW 29.81   88
19   67.6  81.5   2:08pm  59.5  10:56pm    1    4  0.87   1  17   6:38pm WSW 29.88   89
20   67.4  83.3   3:09pm  58.8   2:24am    2    4  0.16   1  17   4:47pm WSW 29.90   87
21   70.5  86.4   4:17pm  57.0   4:54am    2    8  0.00   4  30   5:32pm WNW 29.95   68
22   62.5  69.1  12:10pm  56.3   3:00am    3    0  0.31   0  12  12:29pm   E 29.91   94
23   71.9  85.8   4:44pm  63.5  11:58pm    0    7  0.00   3  29   5:37pm   W 29.76   83
24   65.6  74.7   5:03pm  58.5  11:57pm    2    2  0.24   0  17   7:54am WNW 29.87   93
25   70.5  87.6   3:59pm  54.1   5:59am    3    8  0.00   1  22   1:03pm   W 30.04   72
26   72.4  87.8   3:13pm  56.8   5:17am    2    9  0.00   2  19   1:57pm WSW 30.07   66
27   72.4  83.1  11:10am  59.5   4:06am    1    8  0.39   2  38  10:01pm SSE 29.92   82
28   72.2  83.5   3:18pm  58.6  11:51pm    0    8  0.20   3  34   1:33pm WNW 29.88   71
29   69.9  86.0   5:02pm  54.9   4:22am    3    8  0.00   1  21  11:15am   W 30.05   64
30   68.4  81.7   2:22pm  54.1   5:51am    3    6  0.00   0  17   6:57pm   E 29.98   73
31   69.8  80.4   2:57pm  62.6  11:53pm    0    5  0.00   0  14   1:51pm   E 29.87   81
---------------------------------------------------------------------------------------
TOT  70.7  90.1   7/3/10  42.1   7/1/10   44  218  5.20   2  38  7/27/10 WSW 29.91   75

HEAT BASE: 65.0
COOL BASE: 65.0