NOAA-Style Climate Reports

Select a Year or Month report
2018: Jan Feb Mar Apr May Jun Jul Aug Sep Oct Nov Dec
2017: Jan Feb Mar Apr May Jun Jul Aug Sep Oct Nov Dec
2016: Jan Feb Mar Apr May Jun Jul Aug Sep Oct Nov Dec
2015: Jan Feb Mar Apr May Jun Jul Aug Sep Oct Nov Dec
2014: Jan Feb Mar Apr May Jun Jul Aug Sep Oct Nov Dec
2013: Jan Feb Mar Apr May Jun Jul Aug Sep Oct Nov Dec
2012: Jan Feb Mar Apr May Jun Jul Aug Sep Oct Nov Dec
2011: Jan Feb Mar Apr May Jun Jul Aug Sep Oct Nov Dec
2010: Jan Feb Mar Apr May Jun Jul Aug Sep Oct Nov Dec
2009: Jan Feb Mar Apr May Jun Jul Aug Sep Oct Nov Dec
2008: Jan Feb Mar Apr May Jun Jul Aug Sep Oct Nov Dec
2007: Jan Feb Mar Apr May Jun Jul Aug Sep Oct Nov Dec
2006: Jan Feb Mar Apr May Jun Jul Aug Sep Oct Nov Dec
2005: Jan Feb Mar Apr May Jun Jul Aug Sep Oct Nov Dec
2004: Jan Feb Mar Apr May Jun Jul Aug Sep Oct Nov Dec
2003: Jan Feb Mar Apr May Jun Jul Aug Sep Oct Nov Dec

Report for 2010 July

Daily NOAA report



                            MONTHLY CLIMATOLOGICAL SUMMARY for JUL. 2010

NAME: Athelstane Weather   CITY: Athelstane STATE: Wisconsin
ELEV: 812 LAT: 045:23:00 LONG: 0088:07:00

                            TEMPERATURE ( °F), RAIN (in.), WIND SPEED (mph)

                                               HEAT     COOL           AVG
      MEAN                                     DEG      DEG            WIND                       DOM
DAY   TEMP    HIGH   TIME     LOW    TIME      DAYS     DAYS    RAIN   SPEED    HIGH    TIME      DIR
--------------------------------------------------------------------------------------------------------
01    63.2   081.7   17:19    42.1   05:25     01.7     00.0   00.00   01.5     20.7    15:23     SSE
02    72.2   088.2   15:24    55.8   06:04     00.0     07.2   00.00   03.3     24.1    16:28     SSW
03    75.4   090.0   15:29    60.6   04:16     00.0     10.5   00.00   03.1     21.9    17:29     SSW
04    75.4   084.7   14:11    69.4   23:29     00.0     10.4   00.28   03.7     34.5    16:06      SW
05    70.8   078.6   10:14    67.6   05:28     00.0     05.9   00.79   00.5     21.9    22:08     SSW
06    75.3   084.7   15:05    70.3   00:00     00.0     10.3   00.55   01.3     18.4    13:06     SSW
07    73.0   086.2   12:26    66.9   05:23     00.0     08.1   00.51   00.5     16.1    14:23      SE
08    74.5   087.3   17:23    65.3   00:00     00.0     09.6   00.00   01.4     19.6    16:29     WNW
09    72.7   087.8   16:09    58.8   05:30     00.0     07.8   00.00   02.5     24.1    13:29      W 
10    71.2   088.3   15:20    53.2   05:25     00.0     06.2   00.00   01.5     17.3    14:05     WSW
11    70.9   082.8   11:26    61.9   06:14     00.0     05.9   00.00   02.3     21.9    11:29     SSW
12    70.0   083.5   16:09    60.1   03:06     00.0     05.0   00.00   00.9     13.8    12:28      NW
13    68.7   084.0   16:17    53.1   05:25     00.0     03.8   00.00   00.7     14.9    16:07     SSW
14    66.2   081.7   11:07    53.4   04:28     00.0     01.3   00.79   01.4     21.9    23:30     SSW
15    73.6   084.0   16:16    62.8   23:19     00.0     08.6   00.12   05.0     32.2    15:28      W 
16    75.3   088.9   15:29    63.3   00:03     00.0     10.4   00.00   05.0     36.8    13:01      W 
17    72.7   087.4   15:14    58.5   05:27     00.0     07.8   00.00   02.9     23.0    12:06      W 
18    67.6   077.4   17:19    63.0   06:09     00.0     02.6   00.00   00.1     11.5    05:14      S 
19    67.5   081.5   14:04    59.5   23:05     00.0     02.5   00.87   00.7     17.3    18:22     SSE
20    67.3   083.3   15:05    58.8   02:14     00.0     02.4   00.16   00.9     17.3    17:01     WNW
21    70.5   086.4   16:09    57.0   05:14     00.0     05.6   00.00   03.5     29.9    17:23      W 
22    62.4   069.1   12:09    56.3   03:15     02.5     00.0   00.31   00.2     11.5    13:07     NNW
23    71.9   085.8   16:22    63.5   00:00     00.0     06.9   00.00   02.4     28.8    17:22      W 
24    65.5   074.5   17:04    58.5   00:00     00.0     00.6   00.24   00.2     17.3    07:28     WNW
25    69.8   087.4   15:28    54.3   06:10     00.0     04.9   00.00   00.9     21.9    13:07      W 
26    72.4   087.6   15:06    56.8   05:12     00.0     07.4   00.00   01.8     18.4    14:29     WSW
27    72.3   083.1   18:08    59.5   04:06     00.0     07.4   00.39   02.5     38.0    22:07     SSW
28    72.1   083.5   15:29    58.6   00:00     00.0     07.2   00.20   03.6     34.5    13:21     WNW
29    69.9   085.8   17:02    54.9   04:16     00.0     05.0   00.00   01.5     20.7    11:14      W 
30    68.7   081.7   14:16    54.1   06:04     00.0     03.8   00.00   00.6     14.9    15:01      NW
31    70.0   080.1   14:29    63.7   23:09     00.0     05.0   00.00   00.2     13.8    13:28     SSW
--------------------------------------------------------------------------------------------------------
70.6 (71.6)   90.0  day 03     42.1  day 01   004.2    180.0   00.00   01.8     38.0   day 16     WSW
Max >=  86: 11
Min  .008in) 12 (> .08in) 1 (> 0.8in)