NOAA-Style Climate Reports

Select a Year or Month report
2018: Jan Feb Mar Apr May Jun Jul Aug Sep Oct Nov Dec
2017: Jan Feb Mar Apr May Jun Jul Aug Sep Oct Nov Dec
2016: Jan Feb Mar Apr May Jun Jul Aug Sep Oct Nov Dec
2015: Jan Feb Mar Apr May Jun Jul Aug Sep Oct Nov Dec
2014: Jan Feb Mar Apr May Jun Jul Aug Sep Oct Nov Dec
2013: Jan Feb Mar Apr May Jun Jul Aug Sep Oct Nov Dec
2012: Jan Feb Mar Apr May Jun Jul Aug Sep Oct Nov Dec
2011: Jan Feb Mar Apr May Jun Jul Aug Sep Oct Nov Dec
2010: Jan Feb Mar Apr May Jun Jul Aug Sep Oct Nov Dec
2009: Jan Feb Mar Apr May Jun Jul Aug Sep Oct Nov Dec
2008: Jan Feb Mar Apr May Jun Jul Aug Sep Oct Nov Dec
2007: Jan Feb Mar Apr May Jun Jul Aug Sep Oct Nov Dec
2006: Jan Feb Mar Apr May Jun Jul Aug Sep Oct Nov Dec
2005: Jan Feb Mar Apr May Jun Jul Aug Sep Oct Nov Dec
2004: Jan Feb Mar Apr May Jun Jul Aug Sep Oct Nov Dec
2003: Jan Feb Mar Apr May Jun Jul Aug Sep Oct Nov Dec

Report for 2010 June

Daily NOAA report



                            MONTHLY CLIMATOLOGICAL SUMMARY for JUN. 2010

NAME: Athelstane Weather   CITY: Athelstane STATE: Wisconsin
ELEV: 812 LAT: 045:23:00 LONG: 0088:07:00

                            TEMPERATURE ( °F), RAIN (in.), WIND SPEED (mph)

                                               HEAT     COOL           AVG
      MEAN                                     DEG      DEG            WIND                       DOM
DAY   TEMP    HIGH   TIME     LOW    TIME      DAYS     DAYS    RAIN   SPEED    HIGH    TIME      DIR
--------------------------------------------------------------------------------------------------------
01    68.3   087.1   14:28    47.1   03:24     00.0     03.4   00.00   03.5     31.1    15:31     WSW
02    59.0   068.2   12:16    48.6   00:00     05.9     00.0   00.08   00.3     11.5    12:16      N 
03    61.4   079.2   17:04    43.7   05:02     03.5     00.0   00.00   01.9     21.9    13:14     WNW
04    54.5   057.0   17:10    49.5   02:29     10.4     00.0   00.71   00.6     17.3    12:14      NE
05    61.6   074.8   12:17    54.0   06:09     03.3     00.0   00.59   00.4     16.1    17:29     WSW
06    58.1   067.1   17:17    43.7   00:00     06.8     00.0   00.00   01.3     21.9    14:00     NNW
07    56.3   074.1   17:24    36.1   05:24     08.7     00.0   00.00   01.2     19.6    19:07      SW
08    52.7   064.0   11:03    41.7   04:14     12.2     00.0   01.10   01.3     19.6    22:05      S 
09    63.1   075.9   15:23    53.6   05:13     01.8     00.0   00.12   04.6     36.8    13:07      W 
10    59.8   071.8   14:24    49.5   05:09     05.1     00.0   00.00   01.6     19.6    09:28     WNW
11    57.3   059.9   20:14    52.5   03:24     07.6     00.0   00.67   00.4     12.7    14:22      N 
12    60.9   065.7   14:06    56.7   06:00     04.0     00.0   00.00   00.1     11.5    03:21     NNE
13    65.5   075.9   13:23    58.1   05:24     00.0     00.6   00.00   00.3     17.3    13:23     WNW
14    63.0   069.8   15:03    59.4   06:07     01.9     00.0   00.08   00.2     12.7    18:22      E 
15    58.9   061.3   13:13    57.4   08:25     06.0     00.0   01.26   01.1     19.6    11:22      E 
16    63.0   070.0   17:16    55.2   00:00     01.9     00.0   00.04   00.8     19.6    09:21     NNW
17    65.3   080.1   17:04    50.2   05:28     00.0     00.3   00.00   01.7     18.4    13:14      NE
18    75.2   090.0   14:26    62.1   05:21     00.0     10.2   00.00   03.6     24.1    13:22      SW
19    70.8   079.3   11:22    62.6   05:08     00.0     05.9   00.00   03.8     28.8    10:22      W 
20    70.5   085.8   17:12    56.5   04:09     00.0     05.5   00.00   01.4     17.3    11:07      W 
21    68.3   082.4   14:19    57.2   05:22     00.0     03.4   00.20   01.2     23.0    14:14     SSW
22    75.0   090.5   17:00    61.7   05:18     00.0     10.1   00.00   03.6     27.6    15:29     WSW
23    70.8   081.0   16:09    64.2   00:00     00.0     05.9   01.10   01.1     25.3    18:22      W 
24    68.3   080.1   18:00    57.7   00:00     00.0     03.3   00.00   03.0     27.6    11:04     WNW
25    68.7   080.8   11:26    54.9   05:24     00.0     03.7   00.16   01.5     27.6    13:08      W 
26    66.9   074.3   17:24    63.3   00:00     00.0     02.0   00.79   00.2     10.3    16:06     ESE
27    67.8   082.2   18:02    61.9   05:09     00.0     02.9   00.20   01.5     23.0    16:07      W 
28    64.9   072.5   16:26    55.9   23:16     00.0     00.0   00.00   02.9     23.0    15:08      NW
29    59.6   073.6   16:24    46.4   05:24     05.4     00.0   00.00   03.3     29.9    08:06      NW
--------------------------------------------------------------------------------------------------------
64.0 (64.4)   90.5  day 22     36.1  day 07   084.7    057.3   00.00   01.7     36.8   day 09      W 
Max >=  86: 3
Min  .008in) 13 (> .08in) 3 (> 0.8in)