NOAA-Style Climate Reports


Report for 2010 June
                  MONTHLY CLIMATOLOGICAL SUMMARY FOR 6/2010
                                        HEAT  COOL        
     MEAN                               DEG   DEG       WIND SPEED       DOM MEAN  MEAN
DAY  TEMP  HIGH   TIME     LOW   TIME   DAYS  DAYS RAIN AVG  HI  TIME    DIR BAROM HUM
---------------------------------------------------------------------------------------
1    68.3  87.1   1:44pm  47.1   3:37am    5    8  0.00   4  31   3:48pm WSW 29.78   63
2    58.9  68.4  12:25pm  48.6  11:57pm    6    0  0.08   0  12  12:17pm   E 29.74   84
3    61.4  79.3   5:00pm  43.7   4:56am    8    4  0.00   2  22   1:22pm WNW 29.78   71
4    54.5  57.0  10:29am  49.5   2:49am   11    0  0.71   0  17  12:25pm   E 29.70   97
5    61.7  75.0  11:25am  54.0   4:59am    5    2  0.59   1  16   5:53pm WSW 29.66   96
6    58.4  67.1   5:33pm  43.7  11:57pm    6    0  0.00   2  22   1:45pm WNW 29.81   84
7    56.0  74.3   2:16pm  36.1   5:28am   11    2  0.00   1  19   7:07pm WSW 30.03   69
8    52.6  64.2  10:59am  41.7   4:21am   12    0  1.10   1  19  10:11pm   E 29.98   88
9    63.4  75.9   3:38pm  53.6   5:16am    4    3  0.12   5  37   1:08pm   W 29.70   83
10   59.9  72.0   2:49pm  49.5   5:13am    6    1  0.00   1  20   9:54am WNW 29.95   82
11   57.3  59.9   6:33pm  52.5   3:27am    8    0  0.67   1  13  12:29pm   E 29.92   99
12   61.0  65.7   2:08pm  56.7   5:57am    4    0  0.00   0  12   3:35am WNW 29.97   97
13   65.8  76.1   1:39pm  58.1   5:31am    2    3  0.00   0  17   1:40pm WSW 29.98   84
14   63.0  70.0   2:58pm  59.4   5:46am    3    1  0.08   0  13   2:03pm   E 29.97   87
15   58.9  61.5   1:15pm  57.4   7:13am    6    0  1.26   1  19  11:32am   E 29.96   98
16   63.0  70.2   5:31pm  55.2  11:58pm    3    1  0.04   1  20   9:42am WNW 29.92   90
17   65.2  80.4   5:03pm  50.2   5:49am    4    4  0.00   2  18   1:18pm WSW 29.99   82
18   75.1  90.0   2:45pm  62.1   5:36am    0   10  0.00   3  24   1:37pm WSW 29.77   67
19   70.7  79.5  11:43am  62.6   5:10am    0    6  0.00   3  29  10:37am   W 29.82   64
20   70.6  86.0   5:20pm  56.5   4:07am    1    7  0.00   1  17  11:04am WSW 30.01   66
21   68.2  82.6   2:34pm  57.2   5:20am    2    5  0.20   1  23   2:15pm WSW 29.98   77
22   75.0  90.5   4:51pm  61.7   5:27am    0   10  0.00   3  28   3:46pm   W 29.88   73
23   70.9  81.3  12:56pm  64.2  11:56pm    0    6  1.10   1  38   6:44pm WNW 29.81   88
24   67.6  80.1   5:56pm  57.7  11:58pm    2    4  0.00   1  28  11:35am WNW 29.97   70
25   68.6  80.8  11:38am  54.9   5:39am    3    6  0.16   1  28   1:01pm WSW 29.93   73
26   67.0  74.3   5:44pm  63.3  11:54pm    0    2  0.79   0  12   5:41pm ESE 29.83   89
27   68.1  82.4   6:00pm  61.9   4:58am    1    4  0.20   2  23   4:06pm   W 29.58   89
28   64.9  72.7   4:49pm  55.9   9:32pm    2    2  0.00   3  23   7:03am WNW 29.69   70
29   59.6  73.6   4:42pm  46.4   5:21am    7    2  0.00   3  30   1:42pm WNW 30.08   58
30   60.6  78.8   4:29pm  40.8   5:03am    8    4  0.00   2  22   3:00pm WNW 30.23   56
---------------------------------------------------------------------------------------
TOT  63.9  90.5  6/22/10  36.1   6/7/10  131   98  7.09   2  38  6/23/10   W 29.88   80

HEAT BASE: 65.0
COOL BASE: 65.0