NOAA-Style Climate Reports


Report for 2010 April
                  MONTHLY CLIMATOLOGICAL SUMMARY FOR 4/2010
                                        HEAT  COOL        
     MEAN                               DEG   DEG       WIND SPEED       DOM MEAN  MEAN
DAY  TEMP  HIGH   TIME     LOW   TIME   DAYS  DAYS RAIN AVG  HI  TIME    DIR BAROM HUM
---------------------------------------------------------------------------------------
1    57.5  78.3   3:50pm  41.0   6:52am   10    3  0.00   1  20   4:05pm   E 29.66   66
2    59.8  79.3   3:50pm  41.5   6:45am    8    3  0.00   5  33   3:45pm   S 29.57   70
3    52.7  60.8  12:00am  39.4   9:29pm   12    0  0.00   7  39   4:20pm  SW 29.60   66
4    50.5  68.7   4:27pm  35.1   7:10am   15    0  0.00   2  24   9:17am  SW 29.77   61
5    51.4  69.3   2:06pm  19.4  12:39pm   14    0  0.00   4  39  10:35am  SW 29.82   64
6    46.0  62.6   6:24pm  36.7   4:57am   19    0  0.28   0  13   5:55pm   E 29.70   92
7    42.2  51.4   2:10pm  30.0  11:46pm   22    0  0.00   2  22   1:29pm  NE 29.75   75
8    31.3  36.1  12:39pm  25.9  11:47pm   34    0  0.12   3  30   1:36pm  NW 29.76   83
9    39.8  60.6   4:53pm  22.1   6:04am   24    0  0.04   4  34   9:25am WNW 29.93   58
10   46.5  64.2   4:40pm  29.1  12:53am   16    0  0.00   3  38   1:19pm WNW 30.01   56
11   48.4  70.0   4:05pm  28.0  12:56am   16    1  0.00   3  27  12:35pm   W 30.25   50
12   47.2  67.5   1:18pm  26.2   5:57am   18    0  0.00   3  25  12:42pm SSE 30.32   52
13   46.1  52.2   2:12pm  35.8  11:59pm   19    0  0.00   1  16   3:33am ENE 30.37   83
14   51.0  70.9   4:10pm  31.6   5:32am   15    1  0.00   2  20  10:03am  SW 30.26   73
15   64.8  79.9  12:11pm  47.5  12:30am    5    5  0.00   5  39   2:23pm  SW 29.95   65
16   49.4  61.3  12:00am  38.7  11:53pm   16    0  0.00   7  46  11:27am WNW 29.96   54
17   45.7  59.0   3:39pm  31.3  11:56pm   17    0  0.00   5  40   8:28am   N 30.07   44
18   44.2  64.0   3:54pm  26.2   4:55am   19    0  0.00   2  17  10:33am   E 30.17   58
19   45.6  66.9   2:27pm  24.3   5:56am   20    0  0.00   1  17   4:42pm   E 30.17   61
20   50.5  72.9   2:34pm  27.1   5:56am   16    1  0.00   3  22  12:35pm ENE 29.94   57
21   41.4  55.9   4:11pm  26.2  11:51pm   24    0  0.00   3  20  11:27am ENE 29.90   61
22   39.1  61.7   5:30pm  16.9   6:10am   26    0  0.00   2  17  12:58pm   E 29.87   62
23   47.1  69.1   3:53pm  25.0   5:38am   18    0  0.00   3  21  10:19am  SW 29.88   57
24   49.8  58.1  11:59am  37.4   1:34am   15    0  0.00   1  16   1:34pm ENE 29.77   58
25   54.8  65.8   3:09pm  42.8  11:49pm   10    0  0.00   5  23  10:46am ENE 29.58   48
26   52.0  68.0   1:58pm  37.0   6:10am   13    0  0.00   3  21  10:50am  NE 29.67   47
27   46.3  64.4   5:11pm  28.9   6:10am   19    0  0.00   2  22   1:32pm ENE 29.86   47
28   45.0  66.0   3:17pm  22.1   5:30am   20    0  0.00   3  20   3:50pm   S 29.87   50
29   50.0  69.3   1:32pm  28.8   4:45am   15    0  0.00   3  31   1:38pm ENE 29.65   61
30   61.9  80.6   2:27pm  51.1   4:44am    6    3  0.08   2  22   1:47pm  SW 29.41   76
---------------------------------------------------------------------------------------
TOT  48.6  80.6  4/30/10  16.9  4/22/10  499   17  0.51   3  46  4/16/10 ENE 29.88   62

HEAT BASE: 65.0
COOL BASE: 65.0