NOAA-Style Climate Reports

Select a Year or Month report
2018: Jan Feb Mar Apr May Jun Jul Aug Sep Oct Nov Dec
2017: Jan Feb Mar Apr May Jun Jul Aug Sep Oct Nov Dec
2016: Jan Feb Mar Apr May Jun Jul Aug Sep Oct Nov Dec
2015: Jan Feb Mar Apr May Jun Jul Aug Sep Oct Nov Dec
2014: Jan Feb Mar Apr May Jun Jul Aug Sep Oct Nov Dec
2013: Jan Feb Mar Apr May Jun Jul Aug Sep Oct Nov Dec
2012: Jan Feb Mar Apr May Jun Jul Aug Sep Oct Nov Dec
2011: Jan Feb Mar Apr May Jun Jul Aug Sep Oct Nov Dec
2010: Jan Feb Mar Apr May Jun Jul Aug Sep Oct Nov Dec
2009: Jan Feb Mar Apr May Jun Jul Aug Sep Oct Nov Dec
2008: Jan Feb Mar Apr May Jun Jul Aug Sep Oct Nov Dec
2007: Jan Feb Mar Apr May Jun Jul Aug Sep Oct Nov Dec
2006: Jan Feb Mar Apr May Jun Jul Aug Sep Oct Nov Dec
2005: Jan Feb Mar Apr May Jun Jul Aug Sep Oct Nov Dec
2004: Jan Feb Mar Apr May Jun Jul Aug Sep Oct Nov Dec
2003: Jan Feb Mar Apr May Jun Jul Aug Sep Oct Nov Dec

Report for 2010 February

Daily NOAA report



                            MONTHLY CLIMATOLOGICAL SUMMARY for FEB. 2010

NAME: Athelstane Weather   CITY: Athelstane STATE: Wisconsin
ELEV: 812 LAT: 045:23:00 LONG: 0088:07:00

                            TEMPERATURE ( °F), RAIN (in.), WIND SPEED (mph)

                                               HEAT     COOL           AVG
      MEAN                                     DEG      DEG            WIND                       DOM
DAY   TEMP    HIGH   TIME     LOW    TIME      DAYS     DAYS    RAIN   SPEED    HIGH    TIME      DIR
--------------------------------------------------------------------------------------------------------
05    16.2   022.6   23:27   -01.8   01:26     48.7     00.0   00.00   00.3     12.7    23:22     ESE
06    19.2   029.7   14:25    06.6   07:24     45.7     00.0   00.00   00.5     14.9    10:23     NNE
07    16.9   029.7   14:14    05.0   06:02     48.0     00.0   00.00   00.2     13.8    14:20      NE
08    21.8   029.7   15:05    15.6   00:01     43.1     00.0   00.00   00.4     11.5    12:08     ENE
09    23.2   027.9   13:14    19.9   05:09     41.7     00.0   00.00   01.9     20.7    22:29     NNE
10    23.2   030.4   14:27    16.7   00:00     41.8     00.0   00.00   03.9     27.6    13:07      N 
11    19.8   032.7   14:29    06.1   00:00     45.1     00.0   00.00   01.6     19.6    10:06      NW
12    16.0   033.8   14:29   -00.0   07:07     48.9     00.0   00.00   01.1     19.6    10:29     WNW
13    24.8   034.5   15:08    15.4   03:14     40.1     00.0   00.00   01.7     21.9    12:07      NW
14    22.7   029.1   11:24    17.6   00:00     42.3     00.0   00.00   02.6     24.1    12:21     WNW
15    24.7   029.5   14:03    17.2   00:15     40.3     00.0   00.00   02.1     20.7    22:14      NW
16    27.4   033.3   14:26    23.7   05:19     37.5     00.0   00.00   04.3     35.6    02:21      N 
17    30.8   039.4   14:10    23.9   00:00     34.1     00.0   00.08   02.1     21.9    14:06     NNW
18    27.7   043.9   15:03    15.6   06:19     37.3     00.0   00.04   01.6     24.1    10:23     WNW
19    23.5   043.0   15:11    10.4   07:11     41.4     00.0   00.00   00.8     16.1    12:14     WNW
20    25.2   038.8   14:13    09.7   06:06     39.8     00.0   00.00   00.5     13.8    12:29      W 
21    26.7   035.1   14:00    13.5   07:04     38.2     00.0   00.00   00.0     11.5    11:21      SE
22    29.7   037.9   12:01    20.7   00:00     35.2     00.0   00.00   00.6     18.4    11:21     ESE
23    26.4   035.1   13:04    19.4   03:14     38.5     00.0   00.00   00.6     13.8    20:21      W 
24    22.1   029.7   13:12    15.3   00:00     42.8     00.0   00.00   02.9     21.9    11:07     NNE
25    20.4   033.1   14:14    11.3   07:10     44.5     00.0   00.00   02.2     21.9    08:28      N 
26    25.7   036.9   15:05    14.9   00:09     39.2     00.0   00.00   03.7     28.8    11:21      N 
27    31.7   040.6   15:18    26.6   05:00     33.3     00.0   00.00   03.1     27.6    15:23      N 
28    30.9   035.4   15:01    26.4   23:10     34.1     00.0   00.00   01.5     17.3    15:21      N 
--------------------------------------------------------------------------------------------------------
24.0 (24.2)   43.9  day 18    -01.8  day 01   981.7    000.0   00.00   01.7     35.7   day 16     NNW
Max