NOAA-Style Climate Reports


Report for 2010 January
                  MONTHLY CLIMATOLOGICAL SUMMARY FOR 1/2010
                                        HEAT  COOL        
     MEAN                               DEG   DEG       WIND SPEED       DOM MEAN  MEAN
DAY  TEMP  HIGH   TIME     LOW   TIME   DAYS  DAYS RAIN AVG  HI  TIME    DIR BAROM HUM
---------------------------------------------------------------------------------------
1    11.1  18.0  11:50am  -3.1  11:49pm   54    0  0.00   1  24  12:37pm   W 30.21   68
2     0.3   9.0  12:05pm  -5.4   7:56am   63    0  0.00   1  21  12:42pm WNW 30.35   37
3    10.7  16.3  12:10pm   2.1  12:00am   54    0  0.00   1  21   8:03pm  NW 30.38   43
4    16.2  22.6  12:41pm  11.1   2:16am   49    0  0.00   3  26  10:34pm WNW 30.22   69
5    20.0  25.3   3:20pm  15.8   7:31pm   45    0  0.00   3  25   9:29am  NW 30.14   76
6    21.1  25.3   1:29pm  17.8   7:49am   44    0  0.00   1  23  12:17am WNW 30.12   74
7    23.1  26.4   1:33pm  20.1  12:00am   42    0  0.00   2  18   3:29pm  NE 30.03   93
8    16.5  20.8   1:10pm  12.0  11:39pm   49    0  0.00   3  22  12:47am NNE 30.26   66
9    11.3  21.9  12:35pm   2.7   7:48am   54    0  0.00   1  17  12:37pm WNW 30.36   64
10   15.7  26.2  12:46pm   3.7   7:43am   46    0  0.00   2  28  12:09pm  SW 30.03   62
11   21.4  26.2  12:54pm  16.3  12:53am   44    0  0.00   2  22   8:35am   N 30.15   77
12   19.6  25.0   3:10pm  15.1   7:50am   45    0  0.00   3  22  10:09am  SW 30.24   80
13   20.1  30.4   3:08pm   8.8  11:53pm   45    0  0.00   1  17  12:00am  SW 29.90   79
14   20.8  35.4   1:08pm   4.1   6:50am   44    0  0.00   1  22   8:42pm WNW 29.86   84
15   27.2  31.1   1:42pm  21.4  11:10pm   38    0  0.00   2  22   3:27pm  SW 30.13   89
16   25.9  36.7   2:25pm  18.9   4:55am   39    0  0.04   2  19  11:46am  SW 29.95   87
17   28.0  45.1   1:17pm  11.7   7:45am   36    0  0.08   1  19   9:47pm WNW 29.73   80
18   25.1  38.3   1:12pm  14.2  11:59pm   40    0  0.00   1  20  11:02am WNW 29.83   82
19   20.0  28.6  10:33am   7.2  10:33pm   45    0  0.00   1  17  12:41pm  NW 29.94   80
20   20.6  26.2   2:15pm  10.8  12:00am   44    0  0.00   0  12  12:02pm   E 30.06   84
21   23.1  34.9  12:02pm   8.4   3:10am   42    0  0.00   1  15   4:31pm   E 30.01   87
22   29.3  36.0   2:39pm  25.7  11:52pm   36    0  0.04   1  13  11:00am   E 29.99   88
23   32.1  35.1   9:05pm  24.8   1:27am   32    0  0.12   1  14   3:18pm   E 29.80   99
24   35.4  38.6   2:00pm  33.8   7:14am   30    0  0.75   1  19   8:21pm  SW 29.19  100
25   32.6  34.9   2:12pm  28.8  11:58pm   32    0  0.00   3  21  11:25pm  SW 29.11   94
26   20.9  28.8  12:00am  10.2  11:54pm   44    0  0.00   4  26   8:07am WNW 29.65   67
27    7.2  14.4   1:08pm   0.1   7:26am   58    0  0.00   4  27   5:52pm WSW 29.88   63
28    2.0  10.0   2:57pm  -4.5  11:21pm   63    0  0.00   4  31   4:19am   W 30.25   58
29    2.1  15.3   2:56pm  -7.8   3:24am   63    0  0.00   1  17   3:21pm WNW 30.38   59
30    6.4  25.0   2:58pm  -7.8   7:24am   56    0  0.00   1  18  12:26pm WSW 30.15   58
31    9.2  20.5   3:33pm  -0.9  11:54pm   75    0  0.00   0  18   3:50pm   W 30.19   58
---------------------------------------------------------------------------------------
TOT  18.8  45.1  1/17/10  -7.8  1/29/10 1449    0  1.02   2  31  1/28/10   W 30.01   75

HEAT BASE: 65.0
COOL BASE: 65.0