NOAA-Style Climate Reports

Select a Year or Month report
2018: Jan Feb Mar Apr May Jun Jul Aug Sep Oct Nov Dec
2017: Jan Feb Mar Apr May Jun Jul Aug Sep Oct Nov Dec
2016: Jan Feb Mar Apr May Jun Jul Aug Sep Oct Nov Dec
2015: Jan Feb Mar Apr May Jun Jul Aug Sep Oct Nov Dec
2014: Jan Feb Mar Apr May Jun Jul Aug Sep Oct Nov Dec
2013: Jan Feb Mar Apr May Jun Jul Aug Sep Oct Nov Dec
2012: Jan Feb Mar Apr May Jun Jul Aug Sep Oct Nov Dec
2011: Jan Feb Mar Apr May Jun Jul Aug Sep Oct Nov Dec
2010: Jan Feb Mar Apr May Jun Jul Aug Sep Oct Nov Dec
2009: Jan Feb Mar Apr May Jun Jul Aug Sep Oct Nov Dec
2008: Jan Feb Mar Apr May Jun Jul Aug Sep Oct Nov Dec
2007: Jan Feb Mar Apr May Jun Jul Aug Sep Oct Nov Dec
2006: Jan Feb Mar Apr May Jun Jul Aug Sep Oct Nov Dec
2005: Jan Feb Mar Apr May Jun Jul Aug Sep Oct Nov Dec
2004: Jan Feb Mar Apr May Jun Jul Aug Sep Oct Nov Dec
2003: Jan Feb Mar Apr May Jun Jul Aug Sep Oct Nov Dec

Report for 2009 November

Daily NOAA report



                            MONTHLY CLIMATOLOGICAL SUMMARY for NOV. 2009

NAME: Athelstane Weather   CITY: Athelstane STATE: Wisconsin
ELEV: 812 LAT: 045:23:00 LONG: 0088:07:00

                            TEMPERATURE ( °F), RAIN (in.), WIND SPEED (mph)

                                               HEAT     COOL           AVG
      MEAN                                     DEG      DEG            WIND                       DOM
DAY   TEMP    HIGH   TIME     LOW    TIME      DAYS     DAYS    RAIN   SPEED    HIGH    TIME      DIR
--------------------------------------------------------------------------------------------------------
01    39.1   049.6   14:11    28.8   07:00     25.8     00.0   00.00   00.9     21.9    14:21      SE
02    43.3   054.5   14:11    32.5   22:11     21.7     00.0   00.00   03.6     29.9    14:06     SSW
03    35.0   046.6   14:11    27.3   21:12     30.0     00.0   00.00   02.4     20.7    09:29     SSW
04    36.3   045.7   14:14    28.8   00:02     28.6     00.0   00.00   01.2     16.1    21:07     SSW
05    35.2   048.7   14:14    25.3   00:00     29.8     00.0   00.00   01.6     24.1    08:28      SW
06    38.3   053.1   14:16    23.7   04:26     26.6     00.0   00.00   02.4     23.0    12:01      E 
07    46.4   069.8   14:12    31.5   00:00     18.6     00.0   00.00   02.3     29.9    15:07     SSW
08    45.0   063.0   14:14    28.6   04:19     20.0     00.0   00.00   00.4     13.8    12:14     ESE
09    47.6   061.9   14:11    30.0   00:00     17.4     00.0   00.00   02.2     26.4    10:14      SW
10    36.4   058.5   14:14    23.5   00:00     28.5     00.0   00.00   00.1     12.7    09:20      S 
11    33.2   050.7   12:19    18.5   06:29     31.7     00.0   00.00   01.0     21.9    11:14      S 
12    38.4   048.7   14:00    25.3   02:29     26.6     00.0   00.00   02.2     19.6    13:00     SSE
13    45.5   052.9   14:10    38.5   06:24     19.5     00.0   00.00   02.6     25.3    12:29     SSE
14    48.0   055.4   13:27    38.8   00:00     17.0     00.0   00.00   01.9     27.6    23:14      SW
15    34.8   049.1   14:17    23.4   00:00     30.2     00.0   00.00   01.6     21.9    00:05      W 
16    30.4   049.6   14:09    18.9   07:04     34.6     00.0   00.00   00.3     16.1    10:29     ENE
17    30.5   048.2   14:18    20.8   02:14     34.4     00.0   00.00   00.4     14.9    13:29      E 
18    36.1   051.8   14:09    23.9   04:26     28.9     00.0   00.00   00.2     11.5    14:14     ENE
19    42.6   044.1   14:22    40.3   00:29     22.3     00.0   00.28   00.1     10.3    23:07     NNE
20    43.4   048.7   13:19    32.9   00:00     21.5     00.0   00.00   00.3     13.8    09:23      SW
21    36.0   052.2   14:10    26.8   07:09     29.0     00.0   00.00   00.6     14.9    12:20     SSW
22    41.4   054.7   13:29    29.7   00:05     23.6     00.0   00.00   00.9     13.8    14:22      S 
23    40.5   043.9   15:07    33.3   03:09     24.4     00.0   00.00   00.0     10.3    10:21      SE
24    42.2   045.3   14:29    40.6   05:24     22.7     00.0   00.00   00.0     10.3    10:22      NE
25    42.3   043.9   13:24    40.8   07:29     22.6     00.0   00.20   00.2     13.8    21:29     WNW
26    37.1   042.1   11:27    30.2   00:00     27.9     00.0   00.00   04.6     33.4    15:07      NW
27    29.9   035.6   14:24    25.5   23:29     35.0     00.0   00.00   01.7     21.9    04:20     WSW
28    29.6   043.5   14:06    21.4   07:19     35.4     00.0   00.00   00.2     13.8    14:01     WSW
29    31.6   037.8   14:25    25.2   00:13     33.3     00.0   00.04   00.6     19.6    16:22      W 
30    33.8   038.8   13:13    29.8   00:01     31.1     00.0   00.00   03.1     21.9    13:08      SW
--------------------------------------------------------------------------------------------------------
38.3 (39.2)   69.8  day 07     18.5  day 11   798.7    000.0   00.00   01.3     33.4   day 02     SSW
Min  .08in) 0 (> 0.8in)