NOAA-Style Climate Reports


Report for 2009 November
                  MONTHLY CLIMATOLOGICAL SUMMARY FOR 11/2009
                                        HEAT  COOL        
     MEAN                               DEG   DEG       WIND SPEED       DOM MEAN  MEAN
DAY  TEMP  HIGH   TIME     LOW   TIME   DAYS  DAYS RAIN AVG  HI  TIME    DIR BAROM HUM
---------------------------------------------------------------------------------------
1    39.5  49.8   2:23pm  28.8   6:47am   25    0  0.00   1  22   2:41pm ESE 30.04   64
2    43.4  54.5   2:18pm  32.5  10:04pm   22    0  0.00   3  30   2:08pm SSW 30.00   56
3    35.0  46.8   2:23pm  27.3   8:57pm   30    0  0.00   2  23   8:59am   S 30.20   51
4    36.3  45.7   2:27pm  28.8  12:00am   29    0  0.00   1  18   8:59pm SSW 30.12   64
5    35.3  48.9   2:21pm  25.5  11:17pm   30    0  0.00   2  25  11:29am  SW 30.19   58
6    38.0  53.1   2:19pm  23.7   4:17am   26    0  0.00   2  23  11:47am ESE 29.96   70
7    46.6  69.8   2:23pm  31.5  11:47pm   19    1  0.00   3  30   3:10pm   S 29.68   59
8    45.7  63.0   2:23pm  28.6   4:17am   18    0  0.00   0  15  12:13pm ENE 30.00   50
9    47.7  61.9   2:21pm  30.0  11:11pm   17    0  0.00   3  27  10:25am  SW 30.15   55
10   36.6  58.6   2:25pm  23.5  11:57pm   28    0  0.00   0  13   9:31am   W 30.45   52
11   33.2  50.7  12:36pm  18.5   6:27am   32    0  0.00   1  22  11:21am  SW 30.38   54
12   38.3  48.7  12:46pm  25.3   2:34am   27    0  0.00   3  25   2:14pm  SE 30.06   63
13   45.5  52.9   2:00pm  38.5   6:42am   20    0  0.00   3  25  12:54pm  SE 29.77   54
14   48.1  55.4   1:48pm  38.8  11:56pm   17    0  0.00   2  28  11:17pm  SW 29.71   63
15   34.7  49.1   2:14pm  23.4  11:57pm   28    0  0.00   2  27  12:00am  SW 30.07   60
16   30.4  49.8   2:15pm  18.9   6:39am   35    0  0.00   0  16  10:54am ENE 30.26   64
17   30.5  48.2   2:27pm  20.8   2:14am   35    0  0.00   0  15   1:52pm ENE 30.26   68
18   36.1  51.8   2:15pm  23.9   4:26am   29    0  0.00   0  12   2:20pm ENE 30.11   79
19   42.6  44.1   2:37pm  40.3  12:00am   22    0  0.28   0  10  10:46pm WSW 29.95   95
20   43.4  48.7   1:22pm  32.9  11:59pm   22    0  0.00   0  14   9:32am WSW 30.00   96
21   36.0  52.2   2:06pm  26.8   6:54am   29    0  0.00   1  15  12:38pm  SE 30.07   85
22   41.7  54.7   1:54pm  29.7  12:00am   23    0  0.00   1  14  11:20am SSE 30.11   83
23   40.6  43.9   2:55pm  33.3   3:07am   24    0  0.00   0  13   7:27pm SSW 30.13   90
24   42.2  45.3   2:07pm  40.6   5:31am   23    0  0.00   0  10  10:33am   S 29.98   93
25   42.3  43.9  10:56am  40.8   7:11am   23    0  0.20   1  14  12:26pm   W 29.66   93
26   37.1  42.1  11:52am  30.2  11:54pm   28    0  0.00   5  34   3:03pm   W 29.76   63
27   29.9  35.6   2:47pm  25.5  10:13pm   35    0  0.00   2  26  12:00am   W 29.87   53
28   29.6  43.5   1:52pm  21.4   6:25am   35    0  0.00   0  13   1:57pm  SW 29.76   69
29   31.7  37.8   2:29pm  25.2  12:01am   31    0  0.04   1  19   4:36pm   W 29.79   78
30   33.8  38.8   1:15pm  29.8  12:00am   31    0  0.00   3  22   1:03pm  SW 29.74   68
---------------------------------------------------------------------------------------
TOT  38.4  69.8  11/7/09  18.5 11/11/09  790    1  0.51   1  34 11/26/09  SW 30.01   68

HEAT BASE: 65.0
COOL BASE: 65.0