NOAA-Style Climate Reports


Report for 2009 October
                  MONTHLY CLIMATOLOGICAL SUMMARY FOR 10/2009
                                        HEAT  COOL        
     MEAN                               DEG   DEG       WIND SPEED       DOM MEAN  MEAN
DAY  TEMP  HIGH   TIME     LOW   TIME   DAYS  DAYS RAIN AVG  HI  TIME    DIR BAROM HUM
---------------------------------------------------------------------------------------
1    42.1  61.0   3:20pm  25.7   6:30am   23    0  0.00   1  15   1:19pm   E 29.97   65
2    46.0  48.4   5:14am  42.1  12:11am   19    0  1.02   2  22  12:08pm   E 29.54   89
3    46.9  54.0   4:13pm  42.4   1:38am   18    0  0.00   0  13   1:03am   W 29.61   87
4    46.8  57.7  12:38pm  38.1  11:58pm   17    0  0.20   1  29  12:44pm   W 29.83   85
5    44.6  54.7   3:43pm  35.1   7:04am   20    0  0.00   1  19  10:38am   W 29.97   82
6    44.8  47.3  12:00pm  42.4   8:19pm   20    0  1.42   2  31  11:56pm   N 29.58   94
7    45.5  57.2   3:44pm  37.0  11:48pm   19    0  0.00   4  36  12:23am WNW 29.74   71
8    44.3  51.6   1:02pm  36.5  12:47am   21    0  0.00   1  19  11:09am WSW 29.84   74
9    41.6  51.8   3:01pm  32.7   7:16am   23    0  0.00   1  17  10:39am WNW 29.91   67
10   32.9  43.3   3:21pm  26.4  10:10pm   30    0  0.00   5  40   3:47pm   W 30.02   58
11   33.6  48.6   3:36pm  25.0   6:44am   29    0  0.00   2  24   9:21am   W 30.20   49
12   32.3  35.2  10:44am  29.3  12:00am   32    0  0.04   0  12  10:31am WNW 30.18   73
13   34.8  50.0   3:17pm  28.2   6:59am   30    0  0.12   1  23  12:21pm WNW 30.30   73
14
15
16   40.1  46.0   4:47pm  35.1  11:56pm    8    0  0.00   0  11   4:47pm ESE 30.16   51
17   38.1  48.2   2:18pm  28.6  10:39pm   26    0  0.00   1  13  11:11am   E 30.23   60
18   40.3  54.9   3:31pm  27.1   6:56am   23    0  0.00   3  27  11:29am SSE 30.07   62
19   50.4  68.7   3:52pm  38.7  11:55pm   15    0  0.00   4  25  10:27am WSW 29.80   58
20   45.6  51.6   2:23pm  36.9   1:21am   19    0  0.00   0  14  10:44am   E 30.05   71
21   43.2  44.8  12:46pm  39.9  11:56pm   22    0  0.94   1  18  11:28pm   N 29.99   87
22   38.5  43.5   1:33pm  35.6  10:31pm   27    0  0.12   2  18   2:25am NNE 30.05   85
23   37.3  39.2   8:48am  35.4   2:38am   27    0  1.06   2  17   7:15am   E 29.64   93
24   38.3  48.6   3:27pm  34.3   7:35pm   26    0  0.00   5  29  10:22am   W 29.50   78
25   39.3  43.2   4:06pm  34.9   4:35am   25    0  0.08   0  14   3:12pm   E 29.92   91
26   43.0  46.4   1:21pm  19.4   1:36pm   22    0  0.00   0  13   1:08pm WNW 29.99   96
27   40.5  52.5   3:22pm  30.9   7:51am   24    0  0.04   1  17  12:51pm  SW 29.91   81
28   42.0  54.0   3:29pm  33.3   1:06am   23    0  0.00   0  10  11:28am ENE 29.96   85
29   48.3  51.8   3:16pm  44.6   3:23am   17    0  0.08   0  14   1:00pm ENE 30.00   95
30   54.0  62.6   3:11pm  46.8  11:57pm   11    0  0.55   5  42  10:35pm ESE 29.36   81
31   39.1  46.8  12:00am  35.8   8:39am   26    0  0.08   8  38  11:54am   S 29.54   64
---------------------------------------------------------------------------------------
TOT  41.8  68.7 10/19/09  19.4 10/26/09  644    0  5.75   2  42 10/30/09   W 29.90   77

HEAT BASE: 65.0
COOL BASE: 65.0