NOAA-Style Climate Reports

Select a Year or Month report
2018: Jan Feb Mar Apr May Jun Jul Aug Sep Oct Nov Dec
2017: Jan Feb Mar Apr May Jun Jul Aug Sep Oct Nov Dec
2016: Jan Feb Mar Apr May Jun Jul Aug Sep Oct Nov Dec
2015: Jan Feb Mar Apr May Jun Jul Aug Sep Oct Nov Dec
2014: Jan Feb Mar Apr May Jun Jul Aug Sep Oct Nov Dec
2013: Jan Feb Mar Apr May Jun Jul Aug Sep Oct Nov Dec
2012: Jan Feb Mar Apr May Jun Jul Aug Sep Oct Nov Dec
2011: Jan Feb Mar Apr May Jun Jul Aug Sep Oct Nov Dec
2010: Jan Feb Mar Apr May Jun Jul Aug Sep Oct Nov Dec
2009: Jan Feb Mar Apr May Jun Jul Aug Sep Oct Nov Dec
2008: Jan Feb Mar Apr May Jun Jul Aug Sep Oct Nov Dec
2007: Jan Feb Mar Apr May Jun Jul Aug Sep Oct Nov Dec
2006: Jan Feb Mar Apr May Jun Jul Aug Sep Oct Nov Dec
2005: Jan Feb Mar Apr May Jun Jul Aug Sep Oct Nov Dec
2004: Jan Feb Mar Apr May Jun Jul Aug Sep Oct Nov Dec
2003: Jan Feb Mar Apr May Jun Jul Aug Sep Oct Nov Dec

Report for 2009 September

Daily NOAA report



                            MONTHLY CLIMATOLOGICAL SUMMARY for SEP. 2009

NAME: Athelstane Weather   CITY: Athelstane STATE: Wisconsin
ELEV: 812 LAT: 045:23:00 LONG: 0088:07:00

                            TEMPERATURE ( °F), RAIN (in.), WIND SPEED (mph)

                                               HEAT     COOL           AVG
      MEAN                                     DEG      DEG            WIND                       DOM
DAY   TEMP    HIGH   TIME     LOW    TIME      DAYS     DAYS    RAIN   SPEED    HIGH    TIME      DIR
--------------------------------------------------------------------------------------------------------
01    57.9   077.2   16:07    40.3   06:14     07.0     00.0   00.00   01.6     17.3    14:14      SW
02    59.1   078.4   16:20    40.5   06:09     05.9     00.0   00.00   01.1     16.1    14:07     WSW
03    60.9   080.1   16:09    43.5   07:01     04.1     00.0   00.00   00.8     16.1    14:29     WSW
04    63.2   082.8   14:28    46.2   06:24     01.7     00.0   00.00   00.6     14.9    14:08      W 
05    62.4   081.7   16:09    45.9   07:00     02.5     00.0   00.00   00.5     13.8    17:08      W 
06    61.7   080.2   15:14    43.2   06:14     03.2     00.0   00.00   01.5     18.4    13:23     WSW
07    63.8   081.9   15:11    47.3   06:19     01.2     00.0   00.00   00.5     13.8    14:15      SW
08    63.0   083.3   14:24    45.9   06:26     01.9     00.0   00.00   00.4     13.8    14:14     SSW
09    63.3   084.4   15:08    47.1   06:10     01.6     00.0   00.00   00.9     16.1    13:16     WSW
10    66.4   082.9   16:04    51.8   06:30     00.0     01.4   00.00   00.9     14.9    12:08      SW
11    64.5   084.4   16:21    51.4   07:02     00.5     00.0   00.00   00.4     14.9    13:06     WSW
12    65.1   085.5   15:19    47.1   06:28     00.0     00.2   00.00   00.9     16.1    14:14      W 
13    68.5   087.1   15:28    55.0   03:16     00.0     03.6   00.00   01.8     23.0    12:22      W 
14    70.0   087.6   14:19    56.5   05:04     00.0     05.1   00.00   01.8     21.9    15:15      NW
15    65.6   084.2   15:26    51.1   06:29     00.0     00.6   00.00   01.1     19.6    12:14      N 
16    57.1   072.1   15:13    42.8   00:00     07.9     00.0   00.00   00.7     12.7    12:03     ENE
17    58.7   078.8   17:08    37.0   06:24     06.2     00.0   00.00   02.2     19.6    16:14     WSW
18    61.0   075.6   15:23    44.4   00:00     04.0     00.0   00.00   00.8     13.8    13:23      N 
19    55.3   076.8   15:25    36.1   07:00     09.6     00.0   00.00   01.0     14.9    13:29      SW
20    57.4   075.2   15:24    42.4   05:04     07.6     00.0   00.00   00.8     16.1    12:29      S 
21    60.7   076.5   16:17    50.9   00:01     04.3     00.0   00.39   00.7     16.1    14:14      W 
22    58.7   068.0   17:24    50.0   06:05     06.2     00.0   00.00   00.0     09.2    13:06     WSW
23    63.3   079.2   16:04    53.4   03:20     01.7     00.0   00.00   00.6     18.4    12:07     NNW
24    60.1   077.9   15:19    44.8   07:05     04.8     00.0   00.00   00.7     16.1    15:14      SE
25    61.0   072.9   14:00    51.3   01:09     03.9     00.0   00.04   01.1     18.4    12:14     NNE
26    59.3   071.8   15:14    48.7   00:00     05.7     00.0   00.00   00.6     20.7    14:06     WSW
27    57.8   072.0   14:00    47.8   04:05     07.1     00.0   00.16   03.6     36.8    13:15      SW
28    50.1   053.6   08:28    44.8   00:00     14.9     00.0   00.24   08.2     43.7    15:22     WNW
29    44.4   053.8   15:22    32.4   22:23     20.6     00.0   00.00   04.7     25.3    09:21     NNW
30    42.9   061.0   16:04    32.4   06:19     22.0     00.0   00.00   01.2     13.8    14:15      NW
--------------------------------------------------------------------------------------------------------
60.1 (61.3)   87.6  day 14     32.2  day 30   155.9    010.9   00.00   01.4     43.7   day 28      W 
Max >=  86: 2
Min  .008in) 3 (> .08in) 0 (> 0.8in)