NOAA-Style Climate Reports


Report for 2009 September
                  MONTHLY CLIMATOLOGICAL SUMMARY FOR 9/2009
                                        HEAT  COOL        
     MEAN                               DEG   DEG       WIND SPEED       DOM MEAN  MEAN
DAY  TEMP  HIGH   TIME     LOW   TIME   DAYS  DAYS RAIN AVG  HI  TIME    DIR BAROM HUM
---------------------------------------------------------------------------------------
1    58.0  77.4   3:29pm  40.1   6:14am   10    3  0.00   2  17   9:35am WSW 30.25   59
2    59.2  78.4   4:28pm  40.5   6:07am    9    4  0.00   1  17  12:05pm WSW 30.21   61
3    60.8  80.2   4:01pm  43.5   6:34am    8    4  0.00   1  19   3:14pm   W 30.13   63
4    63.2  82.8   2:49pm  46.2   6:29am    7    5  0.00   1  17   2:43pm WSW 30.12   63
5    62.6  81.9   2:55pm  45.9   6:32am    7    5  0.00   1  14  11:41am   E 30.19   63
6    62.9  80.4   2:01pm  43.0   6:20am    6    4  0.00   2  18  11:18am WSW 30.20   62
7    63.4  82.0   3:12pm  47.3   5:34am    7    5  0.00   0  13   1:38pm   E 30.12   63
8    63.0  83.3   2:48pm  45.9   6:27am    7    5  0.00   0  14   2:19pm WSW 30.10   64
9    63.4  84.4   3:12pm  47.1   6:14am    7    5  0.00   1  17   1:19pm   E 30.15   66
10   66.5  82.9   4:03pm  51.8   6:14am    4    6  0.00   1  16   4:12pm   E 30.21   70
11   66.0  84.6   4:33pm  51.4   6:56am    4    5  0.00   1  15   1:09pm WSW 30.18   67
12   65.4  85.5   3:34pm  47.1   6:40am    5    5  0.00   1  17   2:22pm WSW 30.12   59
13   68.4  87.1   3:51pm  55.0   2:40am    3    6  0.00   1  23  12:30pm   W 30.07   65
14   70.0  87.6   2:34pm  56.5   3:47am    2    7  0.00   3  25   2:13pm WNW 30.01   65
15   65.7  84.6   3:48pm  51.1   6:51am    5    5  0.00   1  20  12:16pm   N 30.09   62
16   57.2  72.1   3:17pm  42.8  11:52pm    9    1  0.00   0  16   1:40pm   E 30.27   63
17   58.6  79.0   4:52pm  35.6   6:50am   10    3  0.00   2  20   1:17pm WSW 30.14   65
18   61.1  75.6   3:39pm  44.4  11:59pm    6    2  0.00   1  16   1:29pm   E 30.18   67
19   55.2  76.8   3:44pm  36.1   6:07am   12    2  0.00   1  15   1:52pm   E 30.22   63
20   57.8  75.2   3:48pm  42.4   4:47am    8    2  0.00   1  17  12:55pm   E 30.08   63
21   60.7  76.6   4:15pm  50.9  12:00am    6    2  0.39   1  17   1:09pm   W 29.91   74
22   58.6  68.0   5:37pm  50.0   5:33am    7    0  0.00   0   9   1:03pm WSW 30.00   88
23   63.2  79.3   4:07pm  53.4   3:25am    5    3  0.00   0  18  12:06pm WNW 30.08   73
24   60.1  77.9   3:39pm  44.8   7:07am    7    3  0.00   1  16   2:28pm WSW 30.16   66
25   61.0  72.9   1:58pm  51.3   1:15am    5    1  0.04   1  18  12:16pm   E 30.15   70
26   59.4  71.8   3:25pm  48.7  11:25pm    6    1  0.00   1  21   2:02pm   W 29.87   77
27   58.1  72.0   1:55pm  47.8   3:50am    8    1  0.16   4  37   1:20pm  SW 29.42   74
28   50.1  53.6   8:43am  44.8  10:21pm   15    0  0.24   8  44   3:36pm WNW 29.34   76
29   44.5  53.8   3:37pm  32.4  10:30pm   21    0  0.00   5  31  12:00am   N 29.94   68
30   42.7  61.2   4:02pm  31.5  11:56pm   22    0  0.00   1  14   8:21am   W 30.11   63
---------------------------------------------------------------------------------------
TOT  60.2  87.6  9/14/09  31.5  9/30/09  239   97  0.83   1  44  9/28/09 WSW 30.07   67

HEAT BASE: 65.0
COOL BASE: 65.0