NOAA-Style Climate Reports


Report for 2009 August
                  MONTHLY CLIMATOLOGICAL SUMMARY FOR 8/2009
                                        HEAT  COOL        
     MEAN                               DEG   DEG       WIND SPEED       DOM MEAN  MEAN
DAY  TEMP  HIGH   TIME     LOW   TIME   DAYS  DAYS RAIN AVG  HI  TIME    DIR BAROM HUM
---------------------------------------------------------------------------------------
1    64.5  74.8  12:31pm  53.6  11:47pm    3    2  0.04   4  33  12:39pm   W 29.73   62
2    62.0  77.7   3:37pm  46.4   5:49am    6    3  0.00   3  31  12:32pm   W 29.77   57
3    70.2  84.7   4:10pm  60.1  12:50am    1    6  0.39   2  19   2:59pm   W 29.66   72
4    67.5  78.6   4:58pm  51.8  11:54pm    1    4  0.00   3  28  12:36pm WNW 29.83   52
5    62.4  79.2   3:31pm  46.0   6:02am    7    4  0.00   3  22  12:32pm WNW 30.01   54
6    64.2  80.1   3:09pm  47.8   4:14am    5    5  0.00   2  26  11:13am WNW 30.04   54
7    60.6  68.9  11:11am  46.4   5:46am    5    1  0.00   1  13   1:17pm   E 30.08   66
8    68.1  79.7   4:24pm  61.9   1:15am    1    4  0.55   1  15   6:16am   E 29.86   86
9    75.8  90.1   1:23pm  66.4   5:35am    0   10  0.00   2  30  12:22pm   W 29.80   72
10   74.3  77.7   7:06pm  70.5   9:54pm    0    1  0.00   0   0   7:06pm   W 29.95   83
11
12
13
14   72.8  77.7   7:06pm  68.0  11:56pm    0    1  0.00   0   0   7:06pm   W 29.95   85
15   75.1  87.4   4:10pm  65.1   5:51am    0   10  0.00   2  20   3:19pm  SE 29.96   69
16   71.5  78.6   2:28pm  62.4   6:19am    0    6  0.00   2  24   3:23pm  SE 29.85   78
17   69.2  81.9   4:23pm  57.7   6:02am    2    6  0.00   1  16   3:17pm WSW 29.93   67
18   65.6  78.8   3:18pm  53.2  11:59pm    4    4  0.00   5  30   2:51pm WSW 29.86   59
19   63.8  80.1   1:18pm  46.4   4:47am    5    4  0.00   2  21   1:19pm WSW 29.81   61
20   62.0  69.4   4:31pm  55.8   5:58am    3    0  0.83   1  18   8:11pm  SW 29.49   89
21   58.5  64.2  12:41pm  53.2   9:09pm    6    0  0.08   4  45  10:39am WNW 29.63   80
22   58.5  68.7   4:05pm  46.9  11:57pm    7    0  0.00   2  22   9:26am WNW 29.99   69
23   57.8  77.0   4:24pm  39.9   5:56am   10    2  0.00   1  17  12:24pm WSW 30.05   66
24   65.5  82.4   2:54pm  48.4   5:30am    5    5  0.00   3  22   3:00pm  SE 30.02   67
25   64.8  74.1   6:16pm  54.5  11:58pm    2    2  0.08   1  24   8:24am SSE 29.92   86
26   62.1  77.9   2:59pm  49.1   6:19am    6    3  0.00   0  13  12:31pm ESE 30.11   72
27   61.8  76.8   4:00pm  48.0   6:09am    6    3  0.00   0  13  12:49pm ENE 30.12   67
28   58.8  72.7   1:32pm  49.3   2:00am    7    1  0.28   0  17   1:32pm   E 29.95   75
29   53.6  58.5   1:08pm  48.9  11:58pm   11    0  0.28   1  15   3:45pm NNE 29.83   93
30   54.1  68.7   3:30pm  42.4  11:51pm   11    0  0.00   1  21  11:19am WNW 30.12   66
31   53.4  73.8   3:57pm  34.5   6:33am   13    2  0.00   1  15   2:14pm WSW 30.23   60
---------------------------------------------------------------------------------------
TOT  63.7  90.1   8/9/09  34.5  8/31/09  128   91  3.39   2  45  8/21/09   W 29.91   69

HEAT BASE: 65.0
COOL BASE: 65.0