NOAA-Style Climate Reports

Select a Year or Month report
2018: Jan Feb Mar Apr May Jun Jul Aug Sep Oct Nov Dec
2017: Jan Feb Mar Apr May Jun Jul Aug Sep Oct Nov Dec
2016: Jan Feb Mar Apr May Jun Jul Aug Sep Oct Nov Dec
2015: Jan Feb Mar Apr May Jun Jul Aug Sep Oct Nov Dec
2014: Jan Feb Mar Apr May Jun Jul Aug Sep Oct Nov Dec
2013: Jan Feb Mar Apr May Jun Jul Aug Sep Oct Nov Dec
2012: Jan Feb Mar Apr May Jun Jul Aug Sep Oct Nov Dec
2011: Jan Feb Mar Apr May Jun Jul Aug Sep Oct Nov Dec
2010: Jan Feb Mar Apr May Jun Jul Aug Sep Oct Nov Dec
2009: Jan Feb Mar Apr May Jun Jul Aug Sep Oct Nov Dec
2008: Jan Feb Mar Apr May Jun Jul Aug Sep Oct Nov Dec
2007: Jan Feb Mar Apr May Jun Jul Aug Sep Oct Nov Dec
2006: Jan Feb Mar Apr May Jun Jul Aug Sep Oct Nov Dec
2005: Jan Feb Mar Apr May Jun Jul Aug Sep Oct Nov Dec
2004: Jan Feb Mar Apr May Jun Jul Aug Sep Oct Nov Dec
2003: Jan Feb Mar Apr May Jun Jul Aug Sep Oct Nov Dec

Report for 2009 August

Daily NOAA report



                            MONTHLY CLIMATOLOGICAL SUMMARY for AUG. 2009

NAME: Athelstane Weather   CITY: Athelstane STATE: Wisconsin
ELEV: 812 LAT: 045:23:00 LONG: 0088:07:00

                            TEMPERATURE ( °F), RAIN (in.), WIND SPEED (mph)

                                               HEAT     COOL           AVG
      MEAN                                     DEG      DEG            WIND                       DOM
DAY   TEMP    HIGH   TIME     LOW    TIME      DAYS     DAYS    RAIN   SPEED    HIGH    TIME      DIR
--------------------------------------------------------------------------------------------------------
01    64.4   074.3   12:28    53.6   23:30     00.6     00.0   00.04   04.8     31.1    12:34      W 
02    62.6   077.4   15:24    46.6   06:01     02.3     00.0   00.00   03.3     31.1    12:21     WSW
03    70.0   084.6   16:09    60.1   00:34     00.0     05.1   00.39   01.3     18.4    18:04      SW
04    67.4   078.4   17:04    51.8   00:00     00.0     02.4   00.00   02.7     26.4    15:33      NW
05    62.5   078.1   16:08    46.0   06:04     02.5     00.0   00.00   02.3     21.9    13:44     WNW
06    64.1   080.1   17:13    47.8   04:25     00.8     00.0   00.00   01.8     24.1    12:31      NW
07    60.4   068.9   11:18    46.4   06:10     04.6     00.0   00.00   00.4     13.8    13:18      N 
08    68.0   079.7   16:19    61.9   02:35     00.0     03.0   00.55   00.4     14.9    06:20      NE
09    75.4   090.1   14:06    66.4   06:05     00.0     10.4   00.00   01.7     29.9    12:15      W 
13    74.1   084.9   14:18    63.1   06:31     00.0     09.1   00.04   01.5     24.1    15:08     WSW
14    71.7   077.5   19:05    68.0   00:00     00.0     06.8   00.00   00.0     00.0    00:00      W 
15    75.0   087.4   16:05    65.1   05:27     00.0     10.1   00.00   02.4     19.6    15:20     SSW
16    71.6   078.6   14:16    62.4   06:14     00.0     06.6   00.00   01.5     24.1    15:15      S 
17    69.1   081.7   16:17    57.7   06:09     00.0     04.2   00.00   00.8     16.1    15:16      SW
18    65.4   078.8   15:09    53.2   00:00     00.0     00.5   00.00   03.7     29.9    14:28     WSW
19    64.0   080.1   13:13    46.4   05:11     01.0     00.0   00.00   01.5     20.7    13:14     SSE
20    62.0   069.3   16:15    55.8   06:06     03.0     00.0   00.83   00.5     18.4    20:06      SW
21    58.5   064.2   12:24    53.2   21:28     06.4     00.0   00.08   03.8     44.9    10:22     WNW
22    58.4   068.7   17:18    46.9   00:00     06.5     00.0   00.00   01.8     21.9    11:15     WNW
23    57.9   076.8   16:12    39.9   06:07     07.1     00.0   00.00   00.8     16.1    12:14      SW
24    65.5   082.2   15:00    48.4   06:00     00.0     00.6   00.00   02.3     21.9    15:07     SSW
25    64.7   074.1   18:11    54.5   00:00     00.2     00.0   00.08   01.6     24.1    08:15      SW
26    61.9   077.9   15:02    49.1   06:25     03.0     00.0   00.00   00.5     13.8    12:21      N 
27    61.8   076.8   16:00    48.0   06:17     03.1     00.0   00.00   00.4     12.7    14:14     NNE
28    58.8   072.7   13:17    49.3   02:00     06.1     00.0   00.28   00.4     16.1    13:22     SSW
29    53.7   058.5   13:04    48.9   00:00     11.2     00.0   00.28   01.1     14.9    16:14      NW
30    53.9   068.7   15:18    42.3   00:00     11.0     00.0   00.00   02.3     20.7    11:17     WNW
31    53.6   073.8   16:07    34.5   06:20     11.3     00.0   00.00   00.6     14.9    16:15     WSW
--------------------------------------------------------------------------------------------------------
64.2 (64.5)   90.1  day 09     34.5  day 31   080.9    058.9   00.00   01.6     44.9   day 01      W 
Max >=  86: 2
Min  .008in) 7 (> .08in) 1 (> 0.8in)