NOAA-Style Climate Reports

Select a Year or Month report
2018: Jan Feb Mar Apr May Jun Jul Aug Sep Oct Nov Dec
2017: Jan Feb Mar Apr May Jun Jul Aug Sep Oct Nov Dec
2016: Jan Feb Mar Apr May Jun Jul Aug Sep Oct Nov Dec
2015: Jan Feb Mar Apr May Jun Jul Aug Sep Oct Nov Dec
2014: Jan Feb Mar Apr May Jun Jul Aug Sep Oct Nov Dec
2013: Jan Feb Mar Apr May Jun Jul Aug Sep Oct Nov Dec
2012: Jan Feb Mar Apr May Jun Jul Aug Sep Oct Nov Dec
2011: Jan Feb Mar Apr May Jun Jul Aug Sep Oct Nov Dec
2010: Jan Feb Mar Apr May Jun Jul Aug Sep Oct Nov Dec
2009: Jan Feb Mar Apr May Jun Jul Aug Sep Oct Nov Dec
2008: Jan Feb Mar Apr May Jun Jul Aug Sep Oct Nov Dec
2007: Jan Feb Mar Apr May Jun Jul Aug Sep Oct Nov Dec
2006: Jan Feb Mar Apr May Jun Jul Aug Sep Oct Nov Dec
2005: Jan Feb Mar Apr May Jun Jul Aug Sep Oct Nov Dec
2004: Jan Feb Mar Apr May Jun Jul Aug Sep Oct Nov Dec
2003: Jan Feb Mar Apr May Jun Jul Aug Sep Oct Nov Dec

Report for 2009 July

Daily NOAA report



                            MONTHLY CLIMATOLOGICAL SUMMARY for JUL. 2009

NAME: Athelstane Weather   CITY: Athelstane STATE: Wisconsin
ELEV: 812 LAT: 045:23:00 LONG: 0088:07:00

                            TEMPERATURE ( °F), RAIN (in.), WIND SPEED (mph)

                                               HEAT     COOL           AVG
      MEAN                                     DEG      DEG            WIND                       DOM
DAY   TEMP    HIGH   TIME     LOW    TIME      DAYS     DAYS    RAIN   SPEED    HIGH    TIME      DIR
--------------------------------------------------------------------------------------------------------
01    57.3   067.5   15:09    50.0   03:14     07.7     00.0   00.04   03.2     23.0    08:29      NW
02    62.5   072.7   16:29    56.7   05:24     02.4     00.0   00.00   02.4     20.7    03:24      NW
03    67.6   083.1   16:14    55.9   06:05     00.0     02.7   00.00   02.9     21.9    09:20      NW
04    66.2   083.1   17:25    48.2   05:28     00.0     01.3   00.00   01.5     16.1    16:09     WSW
05    67.3   083.5   14:20    49.3   05:30     00.0     02.3   00.00   04.2     35.6    16:34     WNW
06    64.8   080.6   16:29    49.6   05:18     00.1     00.0   00.00   04.5     29.9    13:20      NW
07    60.9   080.2   16:17    44.4   04:30     04.1     00.0   00.00   03.3     32.2    12:16      NW
08    61.7   079.5   17:03    42.1   05:28     03.3     00.0   00.00   01.0     14.9    14:29     WSW
09    65.8   084.0   15:19    44.1   05:28     00.0     00.9   00.00   02.8     27.6    16:43     SSW
10    75.3   088.3   16:32    62.4   05:33     00.0     10.4   00.00   05.2     32.2    15:12     WSW
11    67.4   078.6   17:06    50.4   00:00     00.0     02.4   00.00   04.5     40.3    13:21     WNW
12    62.4   080.2   17:18    43.7   05:10     02.5     00.0   00.00   04.1     29.9    18:14     WNW
13    64.3   082.0   15:08    44.8   02:14     00.6     00.0   00.00   03.3     25.3    12:08      NW
14    63.0   079.5   12:15    42.8   05:29     02.0     00.0   00.00   01.3     17.3    12:09     SSE
15    69.7   083.7   14:25    58.5   01:34     00.0     04.8   00.12   03.7     32.2    16:10      W 
16    63.0   073.4   15:08    51.6   05:09     02.0     00.0   00.00   05.3     36.8    13:29     WNW
17    58.8   068.9   16:36    50.9   23:29     06.1     00.0   00.04   01.5     21.9    17:19     WNW
18    59.8   066.6   15:29    50.9   00:00     05.2     00.0   00.00   02.0     23.0    10:02     WNW
19    60.9   078.3   14:28    47.3   06:02     04.1     00.0   00.12   00.8     14.9    10:25     WNW
20    64.0   081.7   15:00    46.4   05:43     01.0     00.0   00.00   01.3     18.4    17:20     SSW
21    65.7   075.4   16:05    48.6   04:19     00.0     00.7   00.00   03.9     14.9    16:21     WSW
22    64.7   078.8   14:15    57.0   00:00     00.2     00.0   00.04   00.3     14.9    14:05      S 
23    64.6   080.6   13:22    55.6   00:00     00.4     00.0   00.04   00.5     13.8    13:27      NW
24    64.5   077.9   18:00    51.3   05:07     00.5     00.0   00.00   00.5     18.4    15:04     WSW
25    63.2   073.8   14:14    53.6   06:09     01.7     00.0   00.24   02.3     25.3    12:29      W 
26    67.1   080.6   17:08    56.5   00:09     00.0     02.1   00.00   03.1     26.4    13:35     WNW
27    67.7   081.7   14:15    52.9   04:15     00.0     02.7   00.00   03.0     26.4    17:35     WSW
28    57.0   065.3   00:02    56.7   00:00     07.9     00.0   00.00   00.0     06.9    00:02     SSW
29    63.2   078.8   16:13    48.0   05:24     01.7     00.0   00.00   03.6     26.4    09:25      W 
30    60.2   068.7   14:03    53.1   00:00     04.7     00.0   00.16   00.6     12.7    14:24      SW
31    63.9   078.6   16:30    48.0   05:33     01.0     00.0   00.00   01.2     18.4    16:30      SW
--------------------------------------------------------------------------------------------------------
64.0 (64.3)   88.3  day 10     42.1  day 08   059.1    030.4   00.00   02.5     40.3   day 16      W 
Max >=  86: 1
Min  .008in) 4 (> .08in) 0 (> 0.8in)