NOAA-Style Climate Reports

Select a Year or Month report
2018: Jan Feb Mar Apr May Jun Jul Aug Sep Oct Nov Dec
2017: Jan Feb Mar Apr May Jun Jul Aug Sep Oct Nov Dec
2016: Jan Feb Mar Apr May Jun Jul Aug Sep Oct Nov Dec
2015: Jan Feb Mar Apr May Jun Jul Aug Sep Oct Nov Dec
2014: Jan Feb Mar Apr May Jun Jul Aug Sep Oct Nov Dec
2013: Jan Feb Mar Apr May Jun Jul Aug Sep Oct Nov Dec
2012: Jan Feb Mar Apr May Jun Jul Aug Sep Oct Nov Dec
2011: Jan Feb Mar Apr May Jun Jul Aug Sep Oct Nov Dec
2010: Jan Feb Mar Apr May Jun Jul Aug Sep Oct Nov Dec
2009: Jan Feb Mar Apr May Jun Jul Aug Sep Oct Nov Dec
2008: Jan Feb Mar Apr May Jun Jul Aug Sep Oct Nov Dec
2007: Jan Feb Mar Apr May Jun Jul Aug Sep Oct Nov Dec
2006: Jan Feb Mar Apr May Jun Jul Aug Sep Oct Nov Dec
2005: Jan Feb Mar Apr May Jun Jul Aug Sep Oct Nov Dec
2004: Jan Feb Mar Apr May Jun Jul Aug Sep Oct Nov Dec
2003: Jan Feb Mar Apr May Jun Jul Aug Sep Oct Nov Dec

Report for 2009 June

Daily NOAA report



                            MONTHLY CLIMATOLOGICAL SUMMARY for JUN. 2009

NAME: Athelstane Weather   CITY: Athelstane STATE: Wisconsin
ELEV: 812 LAT: 045:23:00 LONG: 0088:07:00

                            TEMPERATURE ( °F), RAIN (in.), WIND SPEED (mph)

                                               HEAT     COOL           AVG
      MEAN                                     DEG      DEG            WIND                       DOM
DAY   TEMP    HIGH   TIME     LOW    TIME      DAYS     DAYS    RAIN   SPEED    HIGH    TIME      DIR
--------------------------------------------------------------------------------------------------------
01    52.1   065.5   16:14    39.2   23:25     12.9     00.0   00.04   02.8     23.0    14:14      N 
02    53.8   072.0   15:21    35.8   06:01     11.2     00.0   00.00   01.4     24.1    16:05     SSE
03    51.8   069.8   14:26    34.3   05:21     13.1     00.0   00.00   01.5     19.6    13:22      W 
04    47.1   071.6   11:19    35.4   05:14     17.8     00.0   00.00   01.1     18.4    10:23      SW
05    62.0   078.6   12:18    45.3   02:23     02.9     00.0   00.00   04.9     40.3    16:22      W 
06    47.8   062.2   12:08    32.9   06:03     17.2     00.0   00.24   00.5     17.3    12:15      SW
07    48.0   054.9   18:21    44.2   03:09     16.9     00.0   00.28   00.5     13.8    17:06     ENE
08    48.3   049.6   00:05    47.1   06:12     16.7     00.0   00.31   01.0     16.1    10:05      NE
09    53.5   063.9   16:24    45.7   02:05     11.4     00.0   00.00   01.1     16.1    17:05     WNW
10    58.5   069.4   16:06    48.9   05:10     06.5     00.0   00.00   00.8     14.9    17:16      SW
11    61.1   074.5   15:18    48.0   05:28     03.9     00.0   00.00   00.4     12.7    13:29      E 
12    61.8   077.4   15:03    46.9   06:09     03.1     00.0   00.00   01.3     18.4    11:06      SW
13    63.0   080.8   15:03    47.1   05:20     01.9     00.0   00.16   02.9     32.2    18:13      W 
14    66.0   084.0   16:12    50.7   03:27     00.0     01.1   00.00   01.5     25.3    13:00      W 
15    63.1   079.9   15:11    46.6   05:15     01.8     00.0   00.00   01.5     16.1    15:12     ENE
16    64.6   080.6   15:07    47.7   04:16     00.3     00.0   00.00   00.8     14.9    15:07     ENE
17    67.8   084.7   15:29    54.1   00:00     00.0     02.8   00.00   00.7     14.9    15:05      E 
18    63.2   075.4   14:25    50.4   04:28     01.7     00.0   00.00   00.6     14.9    14:07      NE
19    66.8   076.6   18:17    58.5   04:29     00.0     01.9   00.00   00.2     14.9    18:01      NE
20    76.2   091.6   16:15    61.3   00:00     00.0     11.2   00.00   04.3     29.9    15:07     WNW
21    72.5   089.1   16:24    55.0   05:27     00.0     07.6   00.00   00.5     13.8    14:23      SE
22    71.7   088.7   14:11    59.5   02:05     00.0     06.8   00.00   00.9     17.3    14:16      S 
23    78.3   100.0   15:27    59.5   05:04     00.0     13.4   00.00   01.0     17.3    16:09     SSW
24    79.7   095.4   15:18    64.2   05:29     00.0     14.8   00.00   02.2     19.6    17:14      W 
25    75.5   092.3   17:22    58.8   04:25     00.0     10.6   00.00   02.8     23.0    15:30      W 
26    71.7   087.8   15:28    55.6   06:04     00.0     06.8   00.00   01.9     27.6    10:09     WNW
27    64.4   072.9   11:17    52.9   05:14     00.6     00.0   00.08   00.3     12.7    11:28     WNW
28    65.9   076.3   12:04    58.6   03:04     00.0     01.0   00.08   04.5     36.8    14:20      W 
29    62.4   070.5   14:16    58.1   00:00     02.5     00.0   00.00   06.7     36.8    13:21     WNW
30    58.4   066.2   13:07    51.1   23:07     06.5     00.0   00.04   03.8     25.3    13:07      NW
--------------------------------------------------------------------------------------------------------
62.6 (63.3)   100.0  day 23     32.9  day 06   148.9    077.8   00.00   01.8     40.3   day 28     WNW
Max >=  86: 7
Min  .008in) 6 (> .08in) 0 (> 0.8in)