NOAA-Style Climate Reports


Report for 2009 June
                  MONTHLY CLIMATOLOGICAL SUMMARY FOR 6/2009
                                        HEAT  COOL        
     MEAN                               DEG   DEG       WIND SPEED       DOM MEAN  MEAN
DAY  TEMP  HIGH   TIME     LOW   TIME   DAYS  DAYS RAIN AVG  HI  TIME    DIR BAROM HUM
---------------------------------------------------------------------------------------
1    52.1  65.7   4:27pm  39.2  11:43pm   13    0  0.04   3  25   4:27pm   N 29.86   67
2    53.8  72.1   3:37pm  35.8   5:58am   12    1  0.00   1  24   4:02pm WSW 30.06   60
3    52.0  69.8   2:48pm  34.3   5:11am   14    1  0.00   2  20  12:57pm WNW 30.14   55
4    58.1  76.6   3:56pm  35.4   5:23am   10    3  0.00   3  23   2:13pm   W 29.97   50
5    62.0  78.8  12:27pm  45.3   2:32am    7    4  0.00   5  40   4:37pm WNW 29.77   42
6    47.4  62.4  12:10pm  32.7   5:57am   17    0  0.24   1  17  12:21pm  SW 29.97   67
7    48.2  55.0   6:34pm  44.2   3:05am   16    0  0.28   1  13   9:25am   E 29.96   88
8    48.3  49.8  12:00am  47.1   4:13am   17    0  0.31   1  16  10:07am   E 29.81   93
9    53.6  63.9   4:47pm  45.7   2:00am   11    0  0.00   1  16   5:09pm WNW 29.89   78
10   58.4  69.4   4:08pm  48.9   4:41am    7    1  0.00   1  15   2:01pm  SE 29.90   72
11   61.1  74.8   3:37pm  48.0   5:40am    6    2  0.00   0  13  12:02pm ESE 29.87   60
12   61.9  77.5   3:11pm  46.9   6:04am    6    3  0.00   1  18  11:03am WSW 29.92   56
13   62.9  81.0   3:02pm  47.1   5:37am    7    4  0.16   3  33   6:22pm WNW 29.93   62
14   66.4  84.0   4:14pm  50.5   3:44am    4    6  0.00   2  25  12:51pm   W 29.95   63
15   63.3  79.9   3:18pm  46.6   5:06am    6    4  0.00   1  17   1:11pm   E 30.02   60
16   64.7  80.6   3:05pm  47.7   4:11am    5    5  0.00   1  17   2:12pm   E 29.96   63
17   67.8  84.7   3:58pm  54.5  11:59pm    3    6  0.00   1  15   3:09pm   E 29.87   56
18   63.3  75.6   2:40pm  50.4   4:40am    4    3  0.00   0  15   2:12pm  SW 29.78   74
19   66.9  76.8   6:07pm  58.5   4:31am    2    4  0.00   0  15   5:51pm   E 29.59   86
20   76.3  91.8   4:21pm  61.3  11:44pm    2   15  0.00   4  30   3:09pm WNW 29.66   56
21   71.4  89.1   4:44pm  55.0   5:09am    2    8  0.00   1  14   2:33pm   E 29.82   60
22   71.8  88.9   2:19pm  59.5   1:59am    1    8  0.00   1  17   2:17pm   E 29.80   70
23   78.2 100.0   3:43pm  59.5   4:39am    1   14  0.00   2  18   4:14pm WNW 29.83   67
24   79.8  95.4   3:28pm  64.2   5:05am    0   15  0.00   2  23   4:59pm   W 29.83   57
25   75.3  92.3   5:41pm  58.8   4:30am    1   11  0.00   3  24   2:42pm WNW 29.78   52
26   71.9 134.6  10:35am  55.6   5:50am    2    9  0.00   2  28  10:08am WNW 29.85   51
27   64.4  72.9  10:54am  52.9   5:08am    3    2  0.08   0  13  11:56am  SW 29.79   78
28   65.6  76.3  12:03pm  58.6   3:03am    2    3  0.08   4  37   2:37pm   W 29.56   67
29   62.4  70.5   2:30pm  58.1  11:57pm    3    1  0.00   7  37   1:37pm WNW 29.48   72
30   58.3  66.4   1:00pm  50.9  11:19pm    7    0  0.04   3  25   7:45am WNW 29.60   70
---------------------------------------------------------------------------------------
TOT  62.9 134.6  6/26/09  32.7   6/6/09  192  132  1.22   2  40   6/5/09 WNW 29.84   65

HEAT BASE: 65.0
COOL BASE: 65.0