NOAA-Style Climate Reports


Report for 2009 May

Daily NOAA report



                            MONTHLY CLIMATOLOGICAL SUMMARY for MAY. 2009

NAME: Athelstane Weather   CITY: Athelstane STATE: Wisconsin
ELEV: 812 LAT: 045:23:00 LONG: 0088:07:00

                            TEMPERATURE ( °F), RAIN (in.), WIND SPEED (mph)

                                               HEAT     COOL           AVG
      MEAN                                     DEG      DEG            WIND                       DOM
DAY   TEMP    HIGH   TIME     LOW    TIME      DAYS     DAYS    RAIN   SPEED    HIGH    TIME      DIR
--------------------------------------------------------------------------------------------------------
01    49.5   058.3   16:01    33.3   00:00     15.5     00.0   00.00   06.6     32.2    04:20     WNW
02    45.6   062.2   14:14    28.8   05:22     19.4     00.0   00.00   04.1     33.4    12:07      W 
03    54.3   070.0   15:29    37.6   06:18     10.6     00.0   00.00   04.7     35.6    13:00     WNW
04    54.1   074.7   16:02    30.4   05:29     10.9     00.0   00.00   02.7     24.1    18:07      S 
05    54.8   072.1   13:14    35.1   05:09     10.1     00.0   00.00   03.2     24.1    12:20      S 
06    55.1   074.5   15:09    43.7   05:05     09.8     00.0   00.67   02.1     19.6    14:20     SSW
07    61.7   077.5   15:28    46.8   00:00     03.3     00.0   00.12   02.9     32.2    13:29     WSW
08    58.2   076.6   17:03    42.8   06:00     06.7     00.0   00.00   03.1     26.4    13:14     WNW
09    43.9   052.3   14:18    39.2   07:16     21.0     00.0   00.16   02.6     25.3    13:14     NNW
10    46.9   060.6   14:03    34.2   06:21     18.0     00.0   00.00   01.9     19.6    14:14     NNE
11    47.9   064.6   18:02    26.8   05:20     17.1     00.0   00.00   01.9     17.3    12:20      SW
12    54.0   072.7   14:17    30.2   05:13     11.0     00.0   00.00   05.1     32.2    18:16      S 
13    53.1   056.1   04:19    49.3   09:12     11.9     00.0   00.35   02.8     23.0    11:07      S 
14    54.0   068.0   16:20    41.0   23:25     10.9     00.0   00.00   05.9     32.2    10:05      W 
15    53.7   072.1   14:04    38.7   06:19     11.2     00.0   00.00   03.8     21.9    16:20     SSE
16    46.6   055.9   00:10    30.2   00:00     18.4     00.0   00.12   08.9     47.1    15:29     WNW
17    47.4   067.1   17:14    25.5   05:20     17.6     00.0   00.00   03.9     38.0    10:40     WNW
18    52.6   069.8   17:04    27.7   05:22     12.4     00.0   00.00   05.1     34.5    16:13      S 
19    55.1   067.6   14:28    47.3   00:00     09.8     00.0   00.00   02.7     16.1    18:08     ENE
20    70.6   092.8   14:23    42.1   03:07     00.0     05.7   00.00   07.8     40.3    13:27     SSW
21    64.7   072.9   09:05    51.3   23:24     00.3     00.0   00.00   02.9     29.9    08:30      SW
22    58.0   071.1   16:02    42.8   05:26     06.9     00.0   00.00   02.3     19.6    12:22      E 
23    59.9   070.7   15:17    48.7   00:00     05.0     00.0   00.00   01.5     16.1    11:14     WNW
24    55.7   076.6   16:07    35.4   06:00     09.3     00.0   00.00   01.5     16.1    17:16     ESE
25    53.7   069.4   14:04    34.5   05:24     11.2     00.0   00.00   02.2     19.6    12:30      E 
26    48.5   050.4   04:25    44.2   07:09     16.5     00.0   00.24   00.1     10.3    05:14      NE
27    48.4   051.3   15:17    45.7   08:19     16.6     00.0   01.30   00.8     12.7    06:20      NE
28    59.6   078.8   17:12    48.6   03:17     05.4     00.0   00.20   01.8     25.3    12:14      N 
29    59.2   073.0   16:29    47.1   02:24     05.7     00.0   00.00   04.1     28.8    11:05      NW
30    56.2   071.1   14:25    38.3   04:20     08.7     00.0   00.00   05.2     36.8    15:26     WNW
31    48.3   064.9   13:17    30.9   05:15     16.7     00.0   00.00   01.7     17.3    10:21      W 
--------------------------------------------------------------------------------------------------------
53.9 (53.4)   92.8  day 20     25.5  day 17   347.6    005.7   00.00   03.4     47.2   day 20     WSW
Max >=  86: 1
Min  .008in) 8 (> .08in) 1 (> 0.8in)