NOAA-Style Climate Reports

Select a Year or Month report
2018: Jan Feb Mar Apr May Jun Jul Aug Sep Oct Nov Dec
2017: Jan Feb Mar Apr May Jun Jul Aug Sep Oct Nov Dec
2016: Jan Feb Mar Apr May Jun Jul Aug Sep Oct Nov Dec
2015: Jan Feb Mar Apr May Jun Jul Aug Sep Oct Nov Dec
2014: Jan Feb Mar Apr May Jun Jul Aug Sep Oct Nov Dec
2013: Jan Feb Mar Apr May Jun Jul Aug Sep Oct Nov Dec
2012: Jan Feb Mar Apr May Jun Jul Aug Sep Oct Nov Dec
2011: Jan Feb Mar Apr May Jun Jul Aug Sep Oct Nov Dec
2010: Jan Feb Mar Apr May Jun Jul Aug Sep Oct Nov Dec
2009: Jan Feb Mar Apr May Jun Jul Aug Sep Oct Nov Dec
2008: Jan Feb Mar Apr May Jun Jul Aug Sep Oct Nov Dec
2007: Jan Feb Mar Apr May Jun Jul Aug Sep Oct Nov Dec
2006: Jan Feb Mar Apr May Jun Jul Aug Sep Oct Nov Dec
2005: Jan Feb Mar Apr May Jun Jul Aug Sep Oct Nov Dec
2004: Jan Feb Mar Apr May Jun Jul Aug Sep Oct Nov Dec
2003: Jan Feb Mar Apr May Jun Jul Aug Sep Oct Nov Dec

Report for 2009 April

Daily NOAA report



                            MONTHLY CLIMATOLOGICAL SUMMARY for APR. 2009

NAME: Athelstane Weather   CITY: Athelstane STATE: Wisconsin
ELEV: 812 LAT: 045:23:00 LONG: 0088:07:00

                            TEMPERATURE ( °F), RAIN (in.), WIND SPEED (mph)

                                               HEAT     COOL           AVG
      MEAN                                     DEG      DEG            WIND                       DOM
DAY   TEMP    HIGH   TIME     LOW    TIME      DAYS     DAYS    RAIN   SPEED    HIGH    TIME      DIR
--------------------------------------------------------------------------------------------------------
01    35.3   038.5   00:14    33.6   07:05     29.6     00.0   00.16   04.3     26.4    16:00     SSW
02    37.5   050.5   15:19    24.6   07:05     27.4     00.0   00.00   02.7     23.0    13:00     WSW
03    37.0   050.0   14:14    27.5   06:24     27.9     00.0   00.00   03.9     32.2    14:22      NW
04    38.7   052.7   15:10    25.2   06:01     26.3     00.0   00.00   02.5     26.4    13:07     NNW
05    36.0   047.3   16:15    29.3   23:29     28.9     00.0   00.00   02.2     19.6    17:29     NNE
06    32.7   042.4   16:02    27.1   05:25     32.2     00.0   00.00   05.0     32.2    17:14     NNW
07    35.1   049.6   16:20    23.7   00:00     29.8     00.0   00.00   05.3     42.5    11:29      NW
08    38.3   057.6   15:10    21.4   04:09     26.6     00.0   00.00   04.1     32.2    15:24     WNW
09    37.4   054.1   16:24    25.9   00:00     27.5     00.0   00.00   01.9     23.0    14:00      NW
10    36.7   056.3   15:09    19.0   06:29     28.2     00.0   00.00   02.1     20.7    12:05      NE
11    35.9   056.8   16:10    19.0   05:17     29.0     00.0   00.00   02.5     16.1    18:15     ENE
12    36.1   057.9   15:25    16.9   06:19     28.8     00.0   00.00   01.9     16.1    16:05      SE
13    38.5   051.6   13:29    26.4   04:19     26.4     00.0   00.00   01.4     17.3    15:24     ENE
14    44.7   061.2   15:22    33.6   22:27     20.3     00.0   00.00   01.6     17.3    12:14     ENE
15    46.3   068.2   15:28    25.5   06:05     18.6     00.0   00.00   01.9     17.3    14:14      E 
16    47.2   072.3   16:23    23.0   06:19     17.8     00.0   00.00   02.4     18.4    18:14      SE
17    55.0   079.2   15:29    28.9   06:21     09.9     00.0   00.00   03.1     23.0    13:14      SW
18    56.7   077.0   13:12    41.7   00:00     08.3     00.0   00.00   03.1     23.0    11:29     NNW
19    38.0   041.7   00:04    35.6   00:00     26.9     00.0   00.08   00.9     13.8    07:23      NE
20    34.8   037.4   15:20    32.9   07:15     30.1     00.0   00.87   02.0     24.1    23:20     NNW
21    35.9   039.7   17:07    32.9   00:00     29.0     00.0   00.31   04.4     29.9    18:07     NNW
22    40.0   054.3   16:13    26.8   00:00     24.9     00.0   00.00   03.2     29.9    14:29      NW
23    38.9   055.0   17:15    21.9   04:14     26.1     00.0   00.00   02.8     21.9    17:00      S 
24    56.6   084.2   17:01    30.4   05:24     08.3     00.0   00.04   04.1     40.3    14:21      S 
25    43.8   052.3   00:04    38.5   00:00     21.2     00.0   00.87   01.4     17.3    01:05     NNE
26    38.3   039.2   00:00    37.6   09:29     26.7     00.0   00.39   01.3     16.1    14:20     ENE
27    52.2   068.9   14:03    39.2   00:05     12.7     00.0   00.08   04.5     35.6    13:24      W 
28    46.1   064.4   16:19    28.0   06:14     18.8     00.0   00.00   02.2     21.9    16:00     ENE
29    48.3   063.0   15:15    30.7   03:10     16.7     00.0   00.00   02.9     21.9    15:20      E 
30    57.0   069.6   16:10    48.6   06:18     07.9     00.0   00.04   03.0     38.0    23:06     SSW
--------------------------------------------------------------------------------------------------------
41.8 (42.8)   84.2  day 24     16.9  day 12   693.1    000.0   00.00   02.8     42.6   day 27     NNW
Min  .08in) 2 (> 0.8in)