NOAA-Style Climate Reports


Report for 2009 April
                  MONTHLY CLIMATOLOGICAL SUMMARY FOR 4/2009
                                        HEAT  COOL        
     MEAN                               DEG   DEG       WIND SPEED       DOM MEAN  MEAN
DAY  TEMP  HIGH   TIME     LOW   TIME   DAYS  DAYS RAIN AVG  HI  TIME    DIR BAROM HUM
---------------------------------------------------------------------------------------
1    35.4  38.5  12:00am  33.6   6:40am   30    0  0.16   4  27   3:45pm  SW 29.46   79
2    37.5  50.7   3:26pm  24.6   6:42am   28    0  0.00   2  23  12:47pm WNW 29.68   56
3    36.9  50.2   2:26pm  27.5   5:08am   27    0  0.00   3  32   2:41pm WNW 29.66   53
4    38.8  52.9   3:15pm  25.2   5:48am   26    0  0.00   3  27  10:16am WNW 29.94   53
5    36.3  47.3   4:27pm  29.3  11:38pm   28    0  0.00   2  19   5:46pm NNE 29.93   47
6    32.8  42.6   4:04pm  27.1   5:42am   32    0  0.00   6  32  11:59am   N 29.85   45
7    35.2  49.8   3:33pm  23.7  11:58pm   30    0  0.00   5  43  11:50am WNW 29.67   36
8    38.3  57.6   2:38pm  21.4   3:58am   27    0  0.00   4  33   3:35pm WNW 29.57   35
9    37.4  54.1   4:44pm  25.9  12:49am   28    0  0.00   2  23   1:59pm WNW 29.81   44
10   36.7 140.0  11:00pm  19.0   5:38am   28    0  0.00   2  21  12:09pm   N 30.06   48
11   36.1  56.8   4:16pm  19.0   4:47am   28    0  0.00   2  17  12:15pm   E 30.27   45
12   36.1  57.9   3:44pm  16.9   6:13am   29    0  0.00   2  17   4:12pm   E 30.31   41
13   38.5  51.6   1:19pm  26.4   4:21am   27    0  0.00   1  17   3:36pm ENE 30.04   38
14   44.8  61.3   3:46pm  33.6  10:44pm   20    0  0.00   2  17  12:21pm ENE 29.99   30
15   46.4  68.2   2:30pm  25.5   5:55am   19    0  0.00   2  18   2:26pm   E 30.20   32
16   47.1  72.3   4:41pm  23.0   6:10am   19    1  0.00   2  18   2:25pm   S 30.35   35
17   54.9  79.3   3:48pm  28.9   6:11am   14    4  0.00   3  23   1:22pm  SW 30.21   34
18   55.9  77.0   1:13pm  41.7  11:46pm   11    2  0.00   4  23  11:45am ENE 29.98   43
19   38.0  41.7  12:00am  35.6  11:25pm   26    0  0.08   1  13   2:50am ENE 29.95   90
20   34.8  37.4   3:16pm  32.9   5:35am   30    0  0.87   2  27  10:29pm  NW 29.58   94
21   35.9  39.9   5:09pm  32.9  11:59pm   29    0  0.31   4  30   6:12pm  NW 29.47   87
22   40.0  54.3   4:20pm  27.0  11:57pm   25    0  0.00   3  30   2:55pm WNW 29.77   62
23   39.0  55.2   5:30pm  21.9   4:19am   26    0  0.00   3  22   2:16pm   S 29.92   62
24   56.5  84.4   4:56pm  30.4   5:37am   13    5  0.04   4  40   2:33pm   S 29.64   65
25   44.7  52.9  12:00am  38.5  11:59pm   20    0  0.87   2  29   1:14am   N 29.94   79
26   38.3  39.2  11:20pm  37.6  12:32am   26    0  0.39   1  16   2:28pm ENE 30.05   89
27   52.1  69.1   2:06pm  39.2  12:00am   13    0  0.08   5  35   1:33pm  SW 29.88   70
28   46.2  64.4   4:33pm  28.0   5:56am   19    0  0.00   2  22   3:52pm   E 30.39   51
29   48.2  63.1   3:15pm  30.7   3:08am   17    0  0.00   3  22   3:31pm   E 30.32   50
30   56.9  69.8   4:14pm  48.6   5:50am    9    0  0.04   3  38  11:04pm   S 29.82   59
---------------------------------------------------------------------------------------
TOT  41.9 140.0  4/10/09  16.9  4/12/09  702   13  2.83   3  43   4/7/09 WNW 29.92   55

HEAT BASE: 65.0
COOL BASE: 65.0