NOAA-Style Climate Reports


Report for 2009 March
                  MONTHLY CLIMATOLOGICAL SUMMARY FOR 3/2009
                                        HEAT  COOL        
     MEAN                               DEG   DEG       WIND SPEED       DOM MEAN  MEAN
DAY  TEMP  HIGH   TIME     LOW   TIME   DAYS  DAYS RAIN AVG  HI  TIME    DIR BAROM HUM
---------------------------------------------------------------------------------------
1     6.8  20.7   2:03pm -11.2  11:52pm   58    0  0.00   2  24   9:47am  NW 30.48   40
2     1.7  25.5   2:42pm -16.6   6:08am   61    0  0.00   1  16  10:33am   E 30.53   38
3     6.7  29.1   3:27pm -14.4   6:21am   58    0  0.00   1  19   9:55am   S 30.37   37
4    22.3  41.0   2:37pm   0.5  12:48am   43    0  0.04   2  17  11:22am   S 30.13   47
5    30.5  38.1  12:34pm  17.4   5:56am   34    0  0.04   0  10   9:09am   E 29.69   80
6    40.1  53.1   3:07pm  30.4  11:40pm   25    0  0.00   2  27   1:35pm WNW 29.75   73
7    36.2  51.4   2:36pm  26.2  11:50pm   29    0  0.00   1  18   2:45pm WNW 29.88   67
8    29.1  34.9   1:12pm  23.4   6:21am   32    0  0.00   1  17  11:38am ENE 29.88   63
9    28.6  45.7   3:50pm  13.8   7:24am   36    0  0.00   2  19   2:16pm  SW 30.07   58
10   32.6  35.4  11:16pm  28.8  12:29am   32    0  0.35   1  41  11:25pm  SW 29.72   89
11   17.4  34.9  12:00am   8.1  11:51pm   76    0  0.00   4  33   1:03pm WNW 30.03   49
12    9.7  26.2   3:48pm  -4.2   7:18am   55    0  0.00   2  21   3:00am WNW 30.55   39
13   18.7  39.2   3:47pm  -1.7   5:46am   46    0  0.00   2  29   5:04pm  SW 30.26   42
14   32.3  50.9   4:04pm  15.8   6:24am   31    0  0.00   3  24   2:05pm  SW 30.00   57
15   37.0  56.5   4:04pm  21.0   6:49am   26    0  0.00   2  20   3:25pm SSE 30.00   59
16   41.4  61.0   2:59pm  25.9   7:03am   23    0  0.00   2  22   3:10pm SSE 30.05   61
17   43.3  65.3   4:05pm  27.9   6:49am   22    0  0.00   3  25   2:43pm WNW 29.86   63
18   41.6  55.4   3:46pm  29.5   2:35am   23    0  0.00   5  34  11:51am WNW 30.02   41
19   26.2  37.0   4:31pm  18.1  11:56pm   38    0  0.00   2  26  10:28am WNW 30.33   44
20   24.6  37.9   1:09pm   8.8   6:43am   40    0  0.00   3  20   1:11pm SSE 30.36   59
21   38.1  51.8   4:31pm  29.5  12:00am   26    0  0.12   1  15   2:02pm SSE 30.25   77
22   35.4  44.1   2:18pm  28.9  11:53pm   28    0  0.00   2  19   4:36pm   E 30.40   61
23   32.5  36.3  11:39am  28.0   6:54am   32    0  0.04   2  17   2:35pm   E 30.25   54
24   35.5  37.9   9:56pm  33.3   8:26am   30    0  0.47   1  18  10:36am ENE 29.89   77
25   39.0  43.9   2:27pm  18.3  11:06am   26    0  0.08   4  29   2:14pm   S 29.59   78
26   36.6  46.8   3:19pm  28.0   9:14pm   28    0  0.00   5  31   4:49pm  SW 29.76   58
27   30.3  36.0   1:00pm  23.9  11:17pm   35    0  0.00   3  23  11:57am WNW 29.96   51
28   29.1  39.9   3:19pm  20.8   6:42am   36    0  0.00   2  17   1:40pm   E 29.91   57
29   30.7  41.0   2:17pm  24.6   1:46am   32    0  0.00   5  36  11:42am   N 29.60   58
30   32.3  48.7   2:51pm  16.9   6:43am   33    0  0.00   2  21  10:21am   E 29.96   43
31   33.3  40.3  11:28am  28.4   6:27am   32    0  0.55   3  21  10:39am ENE 29.71   75
---------------------------------------------------------------------------------------
TOT  29.0  65.3  3/17/09 -16.6   3/2/09 1129    0  1.69   2  41  3/10/09 WNW 30.04   58

HEAT BASE: 65.0
COOL BASE: 65.0