NOAA-Style Climate Reports


Report for 2009 March

Daily NOAA report



                            MONTHLY CLIMATOLOGICAL SUMMARY for MAR. 2009

NAME: Athelstane Weather   CITY: Athelstane STATE: Wisconsin
ELEV: 812 LAT: 045:23:00 LONG: 0088:07:00

                            TEMPERATURE ( °F), RAIN (in.), WIND SPEED (mph)

                                               HEAT     COOL           AVG
      MEAN                                     DEG      DEG            WIND                       DOM
DAY   TEMP    HIGH   TIME     LOW    TIME      DAYS     DAYS    RAIN   SPEED    HIGH    TIME      DIR
--------------------------------------------------------------------------------------------------------
01    06.6   020.7   14:23   -11.4   00:00     58.3     00.0   00.00   01.9     24.1    12:14      N 
02    02.4   025.5   14:24   -16.6   06:10     62.6     00.0   00.00   00.8     16.1    10:20     NNW
03    06.7   029.1   15:15   -14.4   06:29     58.2     00.0   00.00   01.4     19.6    09:29     SSW
04    22.5   041.0   14:28    00.5   00:29     42.5     00.0   00.04   02.0     16.1    16:08      S 
05    30.3   038.1   13:15    17.4   06:15     34.7     00.0   00.04   00.0     10.3    11:00     WSW
06    40.0   053.1   15:18    30.4   23:24     24.9     00.0   00.00   02.9     26.4    13:23      W 
07    36.1   051.4   14:22    26.2   00:00     28.8     00.0   00.00   00.7     18.4    14:28      W 
08    28.4   034.9   14:05    23.4   07:19     36.6     00.0   00.00   01.7     16.1    11:21      NE
09    28.6   045.5   15:29    13.8   07:24     36.3     00.0   00.00   01.6     19.6    14:14      SW
10    32.6   035.4   23:20    28.8   00:24     32.4     00.0   00.35   00.7     29.9    23:21      E 
11    18.2   034.5   00:04    07.9   00:00     46.8     00.0   00.00   03.9     35.6    00:24      W 
12    09.6   026.2   15:28   -04.2   07:13     55.3     00.0   00.00   02.6     20.7    03:09     WSW
13    18.6   039.0   15:27   -01.7   06:25     46.3     00.0   00.00   03.0     28.8    17:07      SW
14    32.7   050.9   16:03    15.8   07:20     32.3     00.0   00.00   02.7     24.1    14:08      SW
15    37.3   056.5   16:03    21.0   07:10     27.7     00.0   00.00   02.2     19.6    16:23     SSW
16    42.0   061.0   15:03    25.9   07:15     22.9     00.0   00.00   02.3     21.9    16:35      S 
17    43.1   065.1   16:16    27.9   07:16     21.8     00.0   00.00   02.6     25.3    18:01     WSW
18    41.5   055.2   15:27    29.5   02:24     23.4     00.0   00.00   05.0     34.5    11:28     WNW
19    26.0   036.9   16:19    18.1   00:00     38.9     00.0   00.00   01.8     21.9    09:20      N 
20    24.5   037.9   13:09    08.8   06:29     40.4     00.0   00.00   01.9     19.6    13:07      S 
21    38.1   051.8   16:22    29.5   01:00     26.9     00.0   00.12   00.9     14.9    14:07     SSE
22    35.1   044.1   14:13    28.9   23:29     29.8     00.0   00.00   01.8     19.6    16:23     ENE
23    32.5   036.3   21:21    28.0   07:02     32.4     00.0   00.04   02.0     16.1    14:22     ENE
24    35.5   037.8   22:13    33.3   08:24     29.4     00.0   00.47   01.4     18.4    10:23     ENE
25    39.0   043.9   14:14    35.4   00:00     25.9     00.0   00.08   03.7     26.4    15:29     SSW
26    36.5   046.8   15:09    28.0   21:17     28.4     00.0   00.00   04.4     31.1    16:28     WSW
27    30.2   036.0   13:02    23.9   23:21     34.7     00.0   00.00   03.0     23.0    12:02     WNW
28    29.7   039.9   15:10    20.8   07:00     35.2     00.0   00.00   01.3     16.1    13:29     ENE
29    30.4   040.8   14:13    24.6   04:15     34.6     00.0   00.00   05.1     33.4    14:23     NNW
30    32.5   048.6   14:25    16.9   06:27     32.4     00.0   00.00   01.6     20.7    10:14      NE
31    33.2   040.3   11:16    28.4   06:16     31.7     00.0   00.51   02.8     20.7    14:07     ENE
--------------------------------------------------------------------------------------------------------
29.1 (29.8)   65.1  day 17    -16.6  day 02   1112.6    000.0   00.00   02.3     35.7   day 11     WSW
Max