NOAA-Style Climate Reports


Report for 2009 February
                  MONTHLY CLIMATOLOGICAL SUMMARY FOR 2/2009
                                        HEAT  COOL        
     MEAN                               DEG   DEG       WIND SPEED       DOM MEAN  MEAN
DAY  TEMP  HIGH   TIME     LOW   TIME   DAYS  DAYS RAIN AVG  HI  TIME    DIR BAROM HUM
---------------------------------------------------------------------------------------
1    31.0  36.5   1:26pm  15.4  11:58pm   32    0  0.00   8  40  11:58am WNW 29.59   47
2    16.6  25.9  10:42am   9.3   3:01am   48    0  0.00   2  22  11:49am WNW 29.83   65
3     9.9  15.8   1:05pm  -0.0  10:32pm   55    0  0.00   2  27   3:30pm   N 30.15   61
4     1.8  18.3   2:57pm  -9.9  11:27pm   63    0  0.00   1  21  12:42pm WNW 30.38   43
5    10.2  29.3   2:57pm  -9.6  12:00am   55    0  0.00   2  19   9:49am SSE 30.11   42
6    17.1  35.2   2:54pm  -3.5   7:03am   48    0  0.00   1  18   8:15pm   S 29.94   55
7    34.3  47.3  12:10pm  24.8  12:31am   30    0  0.04   3  30  11:32am WNW 29.66   72
8    28.9  43.0   2:52pm  16.3   6:23am   35    0  0.00   2  23  12:00pm WSW 30.16   59
9    27.6  35.8  11:54pm  15.3   4:04am   37    0  0.20   0  17  10:31am   E 29.98   84
10   41.4  46.6  10:56am  35.6  12:00am   24    0  0.00   5  36  11:38am  SW 29.45   76
11   36.4  41.9  12:42pm  28.2   7:16am   29    0  0.00   1  22  10:26pm WNW 29.52   76
12   34.0  35.8  12:00am  29.7  11:50pm   31    0  0.00   5  29   9:36am WNW 29.76   72
13   28.8  32.7  12:44pm  25.5   4:48am   36    0  0.00   1  17   1:43am WNW 30.07   68
14   25.0  30.6  12:38pm  18.5  11:48pm   40    0  0.00   1  17   7:09pm WNW 30.06   69
15   17.0  28.2   1:13pm   3.2  11:56pm   47    0  0.00   2  21  10:28am WNW 30.25   54
16   15.6  32.4   1:24pm  -4.4   6:50am   49    0  0.00   2  21   6:31pm   S 30.21   49
17   30.1  36.3   2:15pm  25.0   6:16am   35    0  0.00   2  17  10:56am   S 29.75   63
18   20.8  30.9  12:00am   7.0   8:36pm   44    0  0.00   3  32   3:27pm   N 29.51   70
19   11.4  22.8   2:57pm   3.6   5:52am   54    0  0.00   6  35   1:26pm WNW 29.88   44
20   13.4  31.5   2:51pm   1.6   6:31am   52    0  0.00   1  17   8:56am WNW 29.97   43
21   16.5  24.1  12:28pm   6.6   3:57am   48    0  0.00   1  15   7:03pm NNE 29.89   67
22   17.4  28.4   2:28pm   1.4  11:58pm   46    0  0.00   4  27  12:17pm WNW 30.18   55
23   11.8  30.0   2:53pm  -1.7   3:52am   53    0  0.00   1  17   9:43am WNW 30.43   45
24   19.2  36.7   2:59pm  -0.4   4:45am   46    0  0.00   3  25  12:56pm   S 30.13   50
25   29.3  42.1   1:41pm  14.2   2:26am   36    0  0.24   3  29   5:12pm   W 29.88   71
26   25.0  32.5  10:38am  17.6   6:48am   40    0  0.00   3  16  11:43pm NNE 29.95   72
27    9.0  19.6  12:00am  -4.5  11:39pm   56    0  0.00   4  34  11:14am   N 30.13   56
28    7.3  29.3   3:27pm -11.2   5:01am   58    0  0.00   2  18  10:18am WNW 30.35   40
---------------------------------------------------------------------------------------
TOT  20.9  47.3   2/7/09 -11.2  2/28/09 1226    0  0.47   3  40   2/1/09 WNW 29.97   60

HEAT BASE: 65.0
COOL BASE: 65.0