NOAA-Style Climate Reports


Report for 2009 February

Daily NOAA report



                            MONTHLY CLIMATOLOGICAL SUMMARY for FEB. 2009

NAME: Athelstane Weather   CITY: Athelstane STATE: Wisconsin
ELEV: 812 LAT: 045:23:00 LONG: 0088:07:00

                            TEMPERATURE ( °F), RAIN (in.), WIND SPEED (mph)

                                               HEAT     COOL           AVG
      MEAN                                     DEG      DEG            WIND                       DOM
DAY   TEMP    HIGH   TIME     LOW    TIME      DAYS     DAYS    RAIN   SPEED    HIGH    TIME      DIR
--------------------------------------------------------------------------------------------------------
01    31.1   036.5   13:14    15.3   00:00     33.8     00.0   00.00   08.0     40.3    16:14      W 
02    16.6   025.7   10:24    09.3   03:09     48.4     00.0   00.00   01.4     21.9    11:29     WNW
03    09.8   015.8   13:09   -00.0   00:00     55.1     00.0   00.00   03.2     26.4    15:20      N 
04    01.7   018.1   14:30   -09.9   23:19     63.2     00.0   00.00   01.2     20.7    12:24     WNW
05    10.3   028.9   14:29   -09.6   00:04     54.6     00.0   00.00   01.6     19.6    09:30     SSW
06    17.3   035.2   14:29   -03.5   07:23     47.7     00.0   00.00   01.6     18.4    20:14      S 
07    34.3   047.3   12:09    24.8   00:28     30.7     00.0   00.04   03.0     29.9    11:23      W 
08    28.5   043.0   14:28    16.3   06:27     36.5     00.0   00.00   01.8     23.0    12:08     WSW
09    27.6   035.8   23:30    15.3   04:14     37.3     00.0   00.20   00.8     17.3    10:22      SE
10    41.4   046.6   11:05    35.6   00:04     23.5     00.0   00.00   05.5     35.6    15:22     SSW
11    36.4   041.9   12:28    28.2   07:18     28.5     00.0   00.00   00.9     21.9    22:15      W 
12    33.9   035.8   01:05    29.7   00:00     31.0     00.0   00.00   05.2     28.8    09:20     WNW
13    28.8   032.7   13:14    25.5   05:00     36.2     00.0   00.00   00.7     13.8    12:29     WNW
14    25.0   030.6   12:20    18.5   00:00     40.0     00.0   00.00   01.3     16.1    23:15     WNW
15    17.0   028.2   13:09    03.2   00:00     48.0     00.0   00.00   01.7     17.3    14:24     WNW
16    15.7   032.4   13:16   -04.4   07:11     49.2     00.0   00.00   02.6     20.7    18:21     SSW
17    30.2   036.3   15:04    25.0   07:10     34.8     00.0   00.00   01.4     16.1    14:15      S 
18    20.8   030.9   00:19    07.0   22:06     44.2     00.0   00.00   03.7     32.2    15:16     NNW
19    11.4   022.8   15:00    03.6   06:19     53.5     00.0   00.00   05.5     32.2    00:20      NW
20    13.3   031.5   14:27    01.6   07:02     51.6     00.0   00.00   01.3     16.1    09:01     WSW
21    16.6   024.1   12:20    06.6   04:14     48.4     00.0   00.00   00.5     14.9    19:05      NE
22    17.3   028.0   15:00    01.4   00:00     47.6     00.0   00.00   03.8     26.4    14:15      NW
23    11.9   029.8   14:29   -01.5   03:29     53.1     00.0   00.00   01.2     14.9    15:14      W 
24    19.3   036.7   15:00   -00.4   04:29     45.7     00.0   00.00   02.1     21.9    13:05      S 
25    29.4   041.9   13:23    14.2   02:19     35.5     00.0   00.24   02.2     28.8    17:08      W 
26    24.9   032.5   10:20    17.6   07:00     40.0     00.0   00.00   02.5     14.9    22:14     NNE
27    08.8   019.2   00:04   -04.5   00:00     56.1     00.0   00.00   03.2     26.4    09:30      N 
28    07.3   029.3   15:14   -11.2   05:13     57.7     00.0   00.00   01.4     18.4    10:14      W 
--------------------------------------------------------------------------------------------------------
20.9 (20.6)   47.3  day 07    -11.2  day 28   1231.8    000.0   00.00   02.5     40.3   day 19      W 
Max