NOAA-Style Climate Reports


Report for 2009 January
                  MONTHLY CLIMATOLOGICAL SUMMARY FOR 1/2009
                                        HEAT  COOL        
     MEAN                               DEG   DEG       WIND SPEED       DOM MEAN  MEAN
DAY  TEMP  HIGH   TIME     LOW   TIME   DAYS  DAYS RAIN AVG  HI  TIME    DIR BAROM HUM
---------------------------------------------------------------------------------------
1    12.5  21.2   8:18pm  -2.4  12:00am   52    0  0.00   2  19   4:03pm SSE 29.78   63
2    12.4  21.4   1:04pm  -0.9   9:03pm   53    0  0.00   3  28   8:07am WNW 29.73   55
3    18.5  26.8  10:46pm   7.2  12:00am   47    0  0.00   1  14   2:14pm   E 30.02   65
4    21.7  30.6  10:48am   1.2  11:59pm   41    0  0.00   3  30   3:38pm WNW 29.90   74
5     0.2  16.3   2:10pm -14.4   7:49am   65    0  0.00   0  17  12:00am SSE 29.94   52
6     7.4  27.0   2:11pm -13.5   6:08am   58    0  0.00   0  11  12:29pm  SW 29.65   59
7    22.6  28.0  12:44pm  16.9  10:10pm   42    0  0.00   0  11   2:10pm WNW 29.30   83
8    13.8  25.5  12:43pm  -2.2  11:16pm   51    0  0.00   2  24  10:45am WNW 29.68   66
9     4.6  19.4   1:59pm  -2.9  11:26pm   60    0  0.00   0  13  11:45am   E 30.06   50
10    4.5  22.6  12:16pm  -5.6  11:58pm   59    0  0.00   0  12  11:34am WNW 30.11   52
11    7.2  22.3   3:01pm  -6.0  12:15am   55    0  0.00   0  15   2:07pm WSW 29.96   50
12    9.3  20.3   2:23pm  -5.1   6:31am   56    0  0.00   1  20  10:00pm   N 29.97   61
13   -1.0  12.7  12:00am -18.0  10:36pm   66    0  0.00   2  24   1:39am WNW 30.04   75
14   -3.8   9.1   1:04pm -16.8  12:00am   69    0  0.00   1  28  11:55am WNW 30.14   75
15   -6.5   4.6  12:10pm -14.4   7:52am   72    0  0.00   2  23  12:39pm WNW 30.36   75
16   -5.2  10.9  12:45pm -19.8   7:48am   70    0  0.00   2  26   1:04pm   W 30.35   75
17    2.1   9.1   3:25pm  -5.3  12:00am   63    0  0.00   0  14  12:36am   S 29.72   75
18   12.1  24.4  12:14pm  -0.6  12:58am   48    0  0.00   1  13  11:30am WNW 29.70   69
19   13.6  26.1   2:20pm   3.4   6:58am   51    0  0.00   1  18  11:48am WNW 29.81   64
20   13.0  23.4  12:43pm   1.6   7:09am   52    0  0.00   1  20  10:34am WNW 29.96   56
21   16.2  25.5   2:17pm   3.9  10:01pm   47    0  0.00   1  18  12:11pm WNW 29.75   55
22   20.5  25.5  12:53pm  12.7  12:00am   44    0  0.00   0  11  12:10pm  SW 29.77   74
23   18.6  30.2  11:18am   0.5  11:59pm   45    0  0.00   4  34  11:36am WNW 29.85   57
24    1.2  15.6   2:54pm -11.0   7:36am   64    0  0.00   2  24  12:10pm WNW 30.22   16
25   -6.0  11.1   2:40pm -17.9  11:58pm   68    0  0.00   1  20   1:06pm WNW 30.17   13
26   -8.1  12.7   1:04pm -24.0   5:21am   73    0  0.00   1  17  11:24am WNW 30.27    0
27   -2.1  17.2   1:11pm -21.8   6:31am   67    0  0.00   1  13   2:05pm   S 30.24   18
28    6.8  22.8   2:48pm -12.6   7:28am   58    0  0.00   1  18  12:50pm   W 29.81   37
29   13.8  21.9   1:25pm   4.1   7:08am   51    0  0.00   1  19  12:54pm WNW 29.71   48
30    4.8  17.1   2:58pm  -7.1   7:52am   60    0  0.00   1  23  10:37am WNW 29.90   50
31   15.8  31.3  11:59pm   2.3  12:00am   49    0  0.00   1  17  12:40pm SSE 29.52   62
---------------------------------------------------------------------------------------
TOT   7.7  31.3  1/31/09 -24.0  1/26/09 1756    0  0.00   1  34  1/23/09 WNW 29.92   56

HEAT BASE: 65.0
COOL BASE: 65.0