NOAA-Style Climate Reports


Report for 2008 December
                  MONTHLY CLIMATOLOGICAL SUMMARY FOR 12/2008
                                        HEAT  COOL        
     MEAN                               DEG   DEG       WIND SPEED       DOM MEAN  MEAN
DAY  TEMP  HIGH   TIME     LOW   TIME   DAYS  DAYS RAIN AVG  HI  TIME    DIR BAROM HUM
---------------------------------------------------------------------------------------
1    24.3  26.8   1:50pm  20.5   8:45pm   41    0  0.00   4  39  10:44am  NW 29.55   68
2    21.7  27.0  11:14pm  11.8   5:58am   43    0  0.00   1  21  12:15pm   S 29.70   69
3    23.4  28.8   8:44am  15.1   6:01pm   42    0  0.00   1  22   9:19am WNW 29.80   74
4    10.9  21.2  11:55am   1.0   6:39am   54    0  0.00   2  25  12:12pm WNW 30.13   54
5     7.0  15.6  11:49am  -5.1   5:19am   58    0  0.00   2  27  12:05pm  SW 30.01   48
6    15.2  25.7  11:39am   1.2  11:35pm   49    0  0.00   2  34  12:32pm WNW 29.71   61
7     7.5  17.1  12:21pm  -6.2   7:36am   56    0  0.00   0  15   2:08am   S 30.08   47
8    14.1  18.7   2:29pm   7.9   3:45am   51    0  0.00   0   6   9:33am   N 29.95   62
9    19.4  27.3  12:31pm   6.8  11:57pm   46    0  0.00   1  21   2:53pm NNE 29.96   73
10   12.2  18.9  11:48am   2.8   1:47am   53    0  0.00   1  21  11:32pm SSE 30.10   62
11   18.6  23.9  11:59am   7.2  11:59pm   46    0  0.00   2  23  10:12am WNW 29.85   54
12    7.1  14.9   1:59pm  -4.7   6:37am   58    0  0.00   2  19   8:37am WNW 29.99   46
13   22.9  32.9  11:18pm   9.9  12:00am   41    0  0.00   0  13   3:29am   S 29.72   69
14   35.3  39.9   7:07pm  29.8  11:56pm   28    0  0.51   2  28   7:06pm  SW 29.50   95
15    5.0  29.7  12:00am  -8.9  11:56pm   60    0  0.00   7  39   1:09am WNW 30.03   60
16   -3.9   3.0  11:55pm -14.4   5:49am   69    0  0.00   0  10  11:58am WSW 30.33   59
17    5.0  15.6  11:52am  -9.8  11:57pm   60    0  0.00   1  26  11:29am WNW 30.06   54
18   -0.7  18.1   1:38pm -15.7   7:32am   66    0  0.00   0  14  10:51am  SE 30.21   49
19   15.8  23.2  12:38pm   2.8  11:54pm   49    0  0.00   1  12  11:34am NNE 30.09   67
20   10.2  20.1   1:47pm  -2.7   8:18am   55    0  0.00   0   9  12:50pm   E 29.98   77
21   12.0  15.1   8:47am   5.0  10:02pm   50    0  0.00   3  30   2:25pm WNW 29.71   45
22    3.4  10.8  12:48am  -7.2   8:41pm   62    0  0.00   2  24   2:50am WNW 30.18    0
23    7.7  17.2   2:40pm  -2.9  12:00am   57    0  0.00   0  11   2:08pm   S 29.94   35
24   18.1  24.6   1:02pm   6.6  11:43pm   47    0  0.00   2  22   7:19pm WNW 29.72   80
25    5.6  18.5   2:03pm  -3.3   7:00am   59    0  0.00   0  14  11:40am SSE 30.20   59
26   26.3  33.1  11:32pm   8.8  12:00am   39    0  0.00   0  13   7:38am SSW 29.82   87
27   35.0  38.8   3:24pm  32.5  12:06am   30    0  0.55   0  11   9:16pm WNW 29.49   97
28   26.5  34.0  12:00am  17.4  11:57pm   37    0  0.00   0  12   1:06am WNW 29.66   87
29   20.6  31.1  12:05pm  12.0  11:59pm   44    0  0.00   4  44  12:53pm WNW 29.79   69
30   13.2  18.0  11:38am   8.1   2:04am   52    0  0.00   0  17  11:52pm WNW 29.97   61
31    6.1  20.3  12:06pm  -6.9   9:56pm   59    0  0.00   1  24  12:13am WNW 30.20   56
---------------------------------------------------------------------------------------
TOT  14.3  39.9 12/14/08 -15.7 12/18/08 1559    0  1.06   1  44 12/29/08 WNW 29.92   62

HEAT BASE: 65.0
COOL BASE: 65.0