NOAA-Style Climate Reports


Report for 2008 November
                  MONTHLY CLIMATOLOGICAL SUMMARY FOR 11/2008
                                        HEAT  COOL        
     MEAN                               DEG   DEG       WIND SPEED       DOM MEAN  MEAN
DAY  TEMP  HIGH   TIME     LOW   TIME   DAYS  DAYS RAIN AVG  HI  TIME    DIR BAROM HUM
---------------------------------------------------------------------------------------
1    36.5  53.2   3:23pm  27.1   6:52am   29    0  0.00   0  11   2:22pm ESE 30.38   69
2    40.6  48.4   2:33pm  26.4   2:05am   23    0  0.00   1  16  11:35am   E 30.13   82
3    47.6  50.7   2:21pm  44.1   6:39am   17    0  0.00   0   9   2:04pm   S 30.03   97
4    55.1  71.8   2:26pm  40.5   3:10am   11    1  0.00   1  19   1:34pm SSE 29.92   79
5    55.3  66.7   2:44pm  42.1   5:11am   10    0  0.00   2  24   1:21pm SSE 29.81   67
6    53.3  62.8  11:30am  45.9   6:25am   12    0  0.59   1  21  11:09am   E 29.74   85
7    44.6  52.5  12:00am  35.1  11:51pm   20    0  0.08   1  20   8:34am SSE 29.57   78
8    34.8  39.7  12:30pm  31.8  11:59pm   30    0  0.12   1  22  11:50pm WNW 29.48   91
9    28.8  33.1   1:20pm  23.9   6:52am   34    0  0.00   1  30   2:16pm   W 29.76   60
10   29.7  35.6  11:06am  23.2   3:41am   35    0  0.00   2  23  10:25am WNW 30.07   65
11   29.9  35.4   1:02pm  25.5   7:02am   35    0  0.00   0  14  12:00am  SW 30.22   68
12   38.0  41.0   6:15pm  31.6  12:00am   27    0  0.28   0  13  11:54am   E 29.92   96
13   41.6  43.0   6:36pm  39.9   2:04am   23    0  0.12   3  22   8:37am SSE 29.48   97
14   39.4  43.5  11:47am  34.7  10:26pm   26    0  0.00   2  20  11:08am WNW 29.62   76
15   33.9  39.6  12:49pm  30.0   6:15am   30    0  0.00   3  28   3:42pm WNW 29.84   62
16   29.4  34.0  11:30am  23.9   9:34pm   34    0  0.00   3  23   1:18pm WNW 29.85   52
17   24.6  32.7  12:14pm  17.4  11:53pm   40    0  0.00   2  28   1:44pm  NW 30.17   55
18   23.0  30.7  12:53pm  13.6   6:24am   42    0  0.00   0  17   1:48pm SSE 30.34   58
19   29.8  33.4   1:44pm  25.9  12:06am   35    0  0.00   4  35   4:29pm WNW 29.91   52
20   22.1  28.9  12:00am  13.8  11:43pm   43    0  0.00   1  23  12:35am  NW 30.23   54
21   15.9  24.4  12:34pm   2.8  11:51pm   49    0  0.00   0  12   1:19pm  NW 30.36   54
22   11.9  28.6   2:19pm  -1.5   5:42am   53    0  0.00   1  16   1:10pm SSE 30.34   51
23   23.0  37.0   1:26pm   7.7   5:13am   42    0  0.00   1  16  10:57am  SW 30.04   58
24   31.1  36.0  10:24am  27.7   5:07am   34    0  0.00   2  21  10:36am WNW 29.83   65
25   30.7  37.9  12:41pm  21.2  11:58pm   34    0  0.00   3  27   9:16am WNW 29.96   61
26   23.4  37.4  12:21pm  14.4   6:50am   42    0  0.00   0  15   1:48pm  NW 29.95   70
27   28.7  35.6  12:38pm  14.7  12:05am   36    0  0.00   3  36  11:42pm   W 29.76   73
28   31.0  36.9  10:50am  17.6  11:43pm   34    0  0.00   5  29   9:44am WNW 29.76   56
29   24.1  39.0  12:56pm   8.6   6:32am   41    0  0.00   1  16  12:10pm SSE 29.74   67
30   28.2  32.9   1:50pm  23.9   2:25am   35    0  0.00   1  17  10:55pm   N 29.55   85
---------------------------------------------------------------------------------------
TOT  32.9  71.8  11/4/08  -1.5 11/22/08  957    1  1.18   1  36 11/27/08 WNW 29.93   69

HEAT BASE: 65.0
COOL BASE: 65.0