NOAA-Style Climate Reports


Report for 2008 October
                  MONTHLY CLIMATOLOGICAL SUMMARY FOR 10/2008
                                        HEAT  COOL        
     MEAN                               DEG   DEG       WIND SPEED       DOM MEAN  MEAN
DAY  TEMP  HIGH   TIME     LOW   TIME   DAYS  DAYS RAIN AVG  HI  TIME    DIR BAROM HUM
---------------------------------------------------------------------------------------
1    46.4  58.5   3:25pm  37.4  10:40pm   19    0  0.00   1  30   4:38pm WNW 29.95   68
2    45.9  54.7   3:56pm  32.7  11:48pm   19    0  0.04   2  23   4:00pm WNW 29.81   75
3    39.6  57.9   4:09pm  28.0   6:09am   24    0  0.00   1  25  12:22pm WNW 30.01   69
4    39.9  60.3   3:09pm  25.7   6:12am   25    0  0.00   0  18  12:36pm WNW 30.19   69
5    46.1  62.8   1:11pm  27.5   5:27am   18    0  0.00   1  19   2:04pm  SE 30.22   68
6    48.9  52.9   4:07pm  40.5  11:54pm   16    0  0.16   0  14   3:32pm   E 30.28   92
7    49.3  60.4   1:56pm  39.6   3:46am   16    0  0.39   0  19  11:49am   E 30.09   91
8    52.9  65.1   3:59pm  46.6   9:05pm   12    0  0.28   2  23   3:42pm WNW 29.71   81
9    51.0  67.1   2:43pm  35.2  11:59pm   14    0  0.00   4  42  12:56pm WNW 29.86   51
10   47.2  64.4   3:26pm  33.6  12:39am   18    0  0.00   0  13   2:58pm   E 30.17   67
11   54.2  76.1   3:16pm  37.0  12:47am   12    2  0.00   0  14   2:26pm WSW 30.22   76
12   61.0  73.0   2:34pm  48.0   5:59am    6    2  0.00   0   9  11:22am  SE 30.22   82
13   64.4  76.6  12:41pm  51.4   7:05am    4    4  0.00   2  28  11:05pm  SE 30.07   75
14   50.1  58.3   2:40pm  39.4   7:41am   15    0  0.00   3  37   2:23am WNW 30.10   53
15   47.2  58.5   2:59pm  34.9  11:47pm   18    0  0.12   1  29   3:28pm WNW 29.98   77
16   42.6  60.8   3:38pm  32.4   7:05am   22    0  0.00   1  18  10:21am WNW 30.19   69
17   41.8  51.3   1:30pm  30.7  12:42am   23    0  0.00   0  11   3:00pm ESE 30.25   76
18   41.1  57.2   3:18pm  27.5   7:08am   23    0  0.00   1  21  12:59pm  SE 30.25   75
19   49.8  60.3   2:33pm  37.8   6:28am   15    0  0.00   2  23  12:56pm SSE 30.05   69
20   48.8  57.6  12:58pm  34.5  11:56pm   16    0  0.00   2  30  11:29am WNW 30.16   62
21   36.8  51.8   3:31pm  25.9  11:54pm   28    0  0.00   0  15   1:48pm WNW 30.38   74
22   36.3  50.5   2:19pm  23.0   3:52am   29    0  0.00   1  17   2:49pm   E 30.44   67
23   36.9  54.0   3:27pm  24.8   7:17am   28    0  0.00   0  15  11:25am   E 30.35   71
24   43.4  48.0   4:23pm  32.0  12:00am   21    0  0.31   0  10   8:39pm   W 29.93   93
25   44.0  49.6   1:23pm  37.9  11:48pm   21    0  0.00   1  23   3:10pm SSE 29.55   82
26   41.0  48.0   1:42pm  34.0   7:34am   23    0  0.00   3  32   1:54pm WNW 29.51   78
27   36.1  41.7   1:17pm  31.6   7:14am   29    0  0.00   4  33  10:43am WNW 30.08   61
28   34.9  41.9   4:24pm  24.6  11:58pm   30    0  0.00   1  24   2:32pm WNW 30.20   54
29   33.1  49.1   3:24pm  23.9   3:20am   32    0  0.00   1  25  10:23am WNW 30.10   57
30   43.9  63.5   3:22pm  25.5   6:02am   21    0  0.00   3  25  12:01pm SSE 30.10   53
31   48.0  65.1   3:22pm  32.9  11:58pm   17    0  0.00   1  18  11:55am WNW 30.21   56
---------------------------------------------------------------------------------------
TOT  45.2  76.6 10/13/08  23.0 10/22/08  615    7  1.30   1  42  10/9/08 WNW 30.08   71

HEAT BASE: 65.0
COOL BASE: 65.0