NOAA-Style Climate Reports


Report for 2008 August
                  MONTHLY CLIMATOLOGICAL SUMMARY FOR 8/2008
                                        HEAT  COOL        
     MEAN                               DEG   DEG       WIND SPEED       DOM MEAN  MEAN
DAY  TEMP  HIGH   TIME     LOW   TIME   DAYS  DAYS RAIN AVG  HI  TIME    DIR BAROM HUM
---------------------------------------------------------------------------------------
1    70.2  88.2   3:13pm  56.3   6:19am    2    7  0.00   2  30   4:16pm WNW 29.78   66
2    68.0  86.4   4:17pm  52.5   6:06am    4    7  0.00   1  14   7:24am WNW 29.92   64
3    68.4  86.0   2:41pm  54.0   5:45am    3    6  0.00   1  17   1:38pm WSW 29.95   71
4    71.7  85.1   2:09pm  59.4   1:56am    1    8  0.04   0  13  10:16am WSW 29.85   78
5    75.0  89.6   3:09pm  59.5  11:54pm    0   10  0.00   2  30   3:11pm WNW 29.89   61
6    69.1  86.7   4:04pm  53.1   4:45am    3    7  0.00   2  25   3:30pm WNW 29.94   56
7    66.8  81.0   2:36pm  54.9  11:58pm    3    5  0.00   2  28  11:32am WNW 29.96   57
8    66.7  84.2   2:13pm  51.8   5:48am    4    6  0.00   2  23   3:01pm   W 29.96   58
9    64.7  77.0   2:26pm  48.4  11:58pm    4    3  0.00   1  21  11:24am   N 29.90   57
10   61.1  79.0   4:25pm  45.5   1:34am    7    3  0.00   1  22  10:59am   N 30.02   60
11   63.2  83.8   4:49pm  45.3   5:48am    7    5  0.00   1  16   1:45pm WNW 30.02   61
12   65.1  81.3   1:08pm  47.5   5:59am    5    5  0.00   1  19   4:26pm WSW 29.87   63
13   67.3  80.4   4:23pm  60.6  11:58pm    1    4  0.00   0  13  12:50pm WSW 29.81   69
14   65.8  83.1   3:55pm  52.3   5:17am    4    5  0.00   1  15   2:25pm   E 29.96   60
15   64.1  85.8   3:34pm  45.7   5:49am    6    6  0.00   1  18   3:40pm   W 30.14   56
16   67.6  86.0   3:13pm  48.4   5:42am   11   12  0.00   2  24  11:39am   W 30.02   64
17   75.0  90.7   4:08pm  61.3   2:03am    1   10  0.00   3  27  11:46am WNW 29.88   60
18   72.2  90.1   1:53pm  54.5  11:57pm    1    8  0.00   3  32  11:54am   W 29.87   57
19   60.9  77.2   3:53pm  46.2   4:51am    7    3  0.00   1  14   3:37pm   E 30.13   65
20   63.6  85.5   4:39pm  44.1   5:44am    7    6  0.00   1  16   2:23pm WSW 30.13   69
21   66.7  84.4   1:31pm  50.7   5:48am    4    6  0.00   1  17  12:22pm  SW 30.05   68
22   73.7  87.8   3:17pm  62.2   1:52am    0    8  0.00   3  22   4:18pm  SE 29.92   74
23
24   63.5  74.5   5:13pm  47.5  11:57pm    3    2  0.00   1  22   2:26pm   W 30.07   53
25
26   51.8  59.7   8:15pm  46.6  11:59pm    2    0  0.00   0   0   8:15pm   N 30.00   59
27   60.5  82.9   2:32pm  40.3   5:02am    9    4  0.00   1  19  12:44pm  SW 29.93   63
28   63.0  76.1   4:40pm  54.9   2:25am    4    2  0.04   0  19   6:03pm  SE 29.76   86
29   64.2  82.4   3:54pm  49.1   6:38am    6    5  0.00   1  20  12:04pm   W 29.89   63
30   67.5  88.5   4:19pm  49.3   6:39am    5    7  0.00   1  17   2:50pm WSW 30.02   58
31   70.7  93.4   3:31pm  50.5   6:32am    4   10  0.00   1  23  12:50pm SSE 30.09   63
---------------------------------------------------------------------------------------
TOT  66.9  93.4  8/31/08  38.3  8/25/08  118  171  0.16   1  32  8/18/08   W 29.95   64

HEAT BASE: 65.0
COOL BASE: 65.0