NOAA-Style Climate Reports


Report for 2008 July
                  MONTHLY CLIMATOLOGICAL SUMMARY FOR 7/2008
                                        HEAT  COOL        
     MEAN                               DEG   DEG       WIND SPEED       DOM MEAN  MEAN
DAY  TEMP  HIGH   TIME     LOW   TIME   DAYS  DAYS RAIN AVG  HI  TIME    DIR BAROM HUM
---------------------------------------------------------------------------------------
1    69.3  87.3   3:26pm  48.4   4:25am    5    9  0.00   3  27  11:26am  SE 29.83   59
2    68.3  81.5   3:22pm  55.8  11:17pm    1    4  0.24   3  30   1:55pm   N 29.69   68
3    61.6  78.6   4:17pm  48.0   5:44am    6    3  0.00   1  16   6:42pm   E 30.03   61
4    64.5  81.5   4:49pm  46.4   5:39am    6    5  0.00   1  20   4:37pm SSE 30.03   60
5    68.7  84.9   4:32pm  51.4   4:23am    4    7  0.00   3  24   3:16pm SSE 29.96   57
6     0.0  71.1   7:47pm  71.1   7:47pm    0    0  0.00   0   7   7:47pm ---  0.00    0
7    70.2  71.1   7:47pm  68.9  11:52pm    0    1  0.39   0  10  11:46pm SSE 29.68   94
8     0.0  67.5   8:27pm  67.5   8:27pm    0    0  0.00   0   0   8:27pm ---  0.00    0
9
10   65.6  67.5   8:27pm  62.8  11:51pm    0    0  0.00   0   7   9:21pm   W 29.88   78
11   66.5  81.3   3:59pm  58.8   4:53am    2    3  0.16   1  18   6:01pm WSW 29.88   83
12   73.0  81.9   3:03pm  63.0  11:59pm    0    6  0.12   5  30   4:34pm WSW 29.72   47
13   64.7  70.3   1:51pm  56.7  11:47pm    1    7  0.00   5  33  10:52am   W 29.63   51
14   66.0  83.7   5:59pm  50.5   5:12am    5    6  0.00   3  27  10:46am   W 29.82   55
15   64.7  77.5   7:58pm  57.4  12:00am    1    1  0.12   0   7   1:47am SSW 29.91   77
16   70.0  75.4   6:01pm  68.2   9:57pm    0    1  0.00   0   5   9:35pm WSW 29.88   65
17
18
19   68.4  75.4   6:01pm  64.4  11:55pm    0    1  0.00   0   5   9:35pm WSW 29.87   69
20    0.0  70.0   8:25pm  70.0   8:25pm    0    0  0.00   0   0   8:25pm ---  0.00    0
21
22   75.4  83.5   5:07pm  60.6   7:13am    0    5  0.00   2  16  10:46am NNE 30.03   44
23
24   65.2  70.0   8:25pm  63.5  10:28pm    0    0  0.00   0   0   8:25pm NNE 29.93   82
25   69.8  81.9   1:51pm  62.4   3:18am    1    5  0.00   2  34   4:37pm   W 29.88   78
26   70.1  84.7   4:12pm  56.8   4:18am    1    7  0.00   4  34  12:32pm WNW 29.83   57
27   72.1  87.3   2:57pm  59.5  11:58pm    1    7  0.00   3  28  11:59am WNW 29.79   52
28   67.5  84.9   2:55pm  51.4   5:54am    4    6  0.00   0  17  11:27am   W 29.88   64
29   66.7  84.4   2:36pm  53.1   4:41am    3    5  0.16   1  17   6:41pm SSE 29.79   80
30   71.6  85.5   3:29pm  60.4   6:18am    1    7  0.00   3  29   3:28pm WNW 29.67   67
31   70.4  87.4   4:27pm  56.1   5:29am    2    8  0.00   1  17  11:39am WNW 29.72   69
---------------------------------------------------------------------------------------
TOT  68.6  87.8   7/8/08  46.4   7/4/08   43  103  2.17   2  34  7/25/08   W 29.83   64

HEAT BASE: 65.0
COOL BASE: 65.0