NOAA-Style Climate Reports


Report for 2008 June
                  MONTHLY CLIMATOLOGICAL SUMMARY FOR 6/2008
                                        HEAT  COOL        
     MEAN                               DEG   DEG       WIND SPEED       DOM MEAN  MEAN
DAY  TEMP  HIGH   TIME     LOW   TIME   DAYS  DAYS RAIN AVG  HI  TIME    DIR BAROM HUM
---------------------------------------------------------------------------------------
1    59.6  81.1   4:21pm  41.5   5:29am    8    3  0.04   2  22   1:18pm   W 29.85   68
2    61.2  81.3  12:26pm  46.4   3:47am    7    3  0.00   1  19  12:02pm WNW 29.87   66
3    58.2  71.2   5:20pm  50.4   6:00am    8    1  0.00   1  20   4:10pm   E 29.82   54
4    56.9  60.4   6:06pm  52.7   5:19am    8    0  0.04   0  11  11:07am   E 29.68   67
5    60.4  65.1   3:18pm  57.2   4:12am    5    0  0.08   0  12   9:30pm   E 29.71   96
6    70.3  87.1   3:58pm  57.2   2:34am    2    8  0.08   5  34   3:17pm SSE 29.60   68
7    70.3  84.4   1:45pm  58.6   5:02am    1    6  0.04   4  30   5:21pm SSE 29.71   68
8    67.3  77.4   3:40pm  64.2  11:45pm    0    2  0.67   1  17   9:52pm SSE 29.72   91
9    69.6  79.9   1:45pm  59.7  11:56pm    0    5  0.08   4  26   5:19pm   W 29.65   65
10   64.4  77.4  12:55pm  54.7   5:15am    3    3  0.00   2  34   2:40pm   W 29.76   63
11   53.5  61.9   1:56pm  48.2   7:42am   11    0  0.31   1  18   8:21pm   E 30.03   80
12   61.1  71.2   2:08pm  52.2  12:00am    4    1  0.35   1  18   1:53pm WSW 29.88   95
13   69.7  81.9   4:12pm  58.1  11:54pm    1    6  0.04   4  31   1:07pm  SE 29.76   64
14   65.3  80.6   2:17pm  50.5   5:27am    4    5  0.00   4  30   1:04pm  SE 29.76   58
15   63.5  80.4   3:21pm  48.7   3:24am    6    4  0.16   4  30   4:36pm WNW 29.72   62
16   57.6  66.9   6:13pm  48.6  10:36pm    7    0  0.00   3  22  11:22am WNW 29.84   58
17   62.1  75.0   2:14pm  48.0   5:56am    6    3  0.00   5  35  12:29pm WNW 29.88   51
18   59.4  70.5   4:43pm  49.3   5:13am    6    1  0.00   1  17   8:18am WNW 29.88   63
19   62.9  80.4   3:02pm  47.3  12:57am    6    4  0.00   2  25  12:48pm WNW 29.86   61
20   66.6  87.1   2:51pm  49.6   3:43am    5    6  0.00   1  20   4:09pm WSW 29.87   60
21   66.1  83.7   3:37pm  52.3   4:57am    4    5  0.00   3  27   2:13pm WNW 29.86   56
22   61.5  74.1   1:29pm  53.8   5:36am    5    1  0.00   2  19   1:43pm   W 29.84   70
23   65.0  84.0   4:32pm  51.3   2:54am    5    5  0.00   2  23   2:40pm WNW 30.00   66
24   66.5  85.6   4:32pm  48.6   4:59am    5    7  0.00   2  22   2:18pm  SE 30.06   61
25   72.9  88.5   4:00pm  56.7   3:16am    2   10  0.00   2  21   4:18pm SSE 29.88   64
26   74.5  88.0   2:15pm  61.7   5:40am    0   10  0.00   2  22  12:42pm WNW 29.78   64
27   68.6  83.5  12:16pm  60.6   3:50am    1    4  0.75   1  27   3:51pm   E 29.72   79
28   66.0  78.3   1:56pm  57.2  11:16pm    2    3  0.35   3  30   2:55pm   W 29.53   74
29   61.1  73.9   5:33pm  54.0   4:34am    5    1  0.08   2  26   1:23pm NNE 29.69   77
30   66.6  84.2   5:37pm  52.0   6:01am    4    6  0.00   1  27  12:43pm WNW 29.93   50
---------------------------------------------------------------------------------------
TOT  64.3  88.5  6/25/08  41.5   6/1/08  132  110  3.07   2  35  6/17/08   W 29.81   67

HEAT BASE: 65.0
COOL BASE: 65.0